935
CDUS43 KSGF 271039 CCA
CLIUNO

CLIMATE REPORT
NATIONAL WEATHER SERVICE SPRINGFIELD MO
126 AM CDT WED APR 27 2016


...................................

...THE WEST PLAINS MO CLIMATE SUMMARY FOR APRIL 26 2016...

CLIMATE NORMAL PERIOD 1981 TO 2010
CLIMATE RECORD PERIOD 1947 TO 2016


WEATHER ITEM   OBSERVED TIME   RECORD YEAR NORMAL DEPARTURE LAST
                VALUE   (LST)  VALUE       VALUE  FROM      YEAR
                                                  NORMAL
..................................................................
TEMPERATURE (F)
 YESTERDAY
  MAXIMUM         79    227 PM  89    1987  72      7       61
  MINIMUM         60   1137 PM  30    1976  48     12       48
  AVERAGE         70                        60     10       55

PRECIPITATION (IN)
  YESTERDAY        0.07          1.15 1982   0.17  -0.10     0.00
  MONTH TO DATE    1.06                      3.84  -2.78     1.33
  SINCE MAR 1      4.99                      8.13  -3.14     5.36
  SINCE JAN 1      7.63                     13.69  -6.06    10.04

DEGREE DAYS
 HEATING
  YESTERDAY        0                         6     -6       10
  MONTH TO DATE  176                       232    -56      174
  SINCE MAR 1    570                       778   -208      733
  SINCE JUL 1   3403                      4242   -839     4530

 COOLING
  YESTERDAY        5                         1      4        0
  MONTH TO DATE    8                        21    -13       16
  SINCE MAR 1     14                        25    -11       16
  SINCE JAN 1     14                        25    -11       16
..................................................................


WIND (MPH)
  HIGHEST WIND SPEED    18   HIGHEST WIND DIRECTION    NE (50)
  HIGHEST GUST SPEED    27   HIGHEST GUST DIRECTION    NE (60)
  AVERAGE WIND SPEED     8.7


SKY COVER
  AVERAGE SKY COVER 0.3


WEATHER CONDITIONS
 THE FOLLOWING WEATHER WAS RECORDED YESTERDAY.
  FOG
  FOG W/VISIBILITY <= 1/4 MILE


RELATIVE HUMIDITY (PERCENT)
 HIGHEST    93           600 AM
 LOWEST     73          1200 AM
 AVERAGE    83

..........................................................


THE WEST PLAINS MO CLIMATE NORMALS FOR TODAY
                         NORMAL    RECORD    YEAR
 MAXIMUM TEMPERATURE (F)   73        87      1989
 MINIMUM TEMPERATURE (F)   49        33      1953
                                             1992


SUNRISE AND SUNSET
APRIL 27 2016.........SUNRISE   618 AM CDT   SUNSET   753 PM CDT
APRIL 28 2016.........SUNRISE   616 AM CDT   SUNSET   754 PM CDT


-  INDICATES NEGATIVE NUMBERS.
R  INDICATES RECORD WAS SET OR TIED.
MM INDICATES DATA IS MISSING.
T  INDICATES TRACE AMOUNT.




$$
