000
CDUS43 KSGF 200626
CLIUNO


CLIMATE REPORT
NATIONAL WEATHER SERVICE SPRINGFIELD MO
1226 AM CST SAT JAN 20 2018


...................................

...THE WEST PLAINS MO CLIMATE SUMMARY FOR JANUARY 19 2018...

CLIMATE NORMAL PERIOD 1981 TO 2010
CLIMATE RECORD PERIOD 1947 TO 2018


WEATHER ITEM   OBSERVED TIME   RECORD YEAR NORMAL DEPARTURE LAST
                VALUE   (LST)  VALUE       VALUE  FROM      YEAR
                                                  NORMAL
..................................................................
TEMPERATURE (F)
 YESTERDAY
  MAXIMUM         50    358 PM  73    1952  45      5       50
  MINIMUM         26    616 AM  -7    1984  23      3       41
                                      1994
  AVERAGE         38                        34      4       46

PRECIPITATION (IN)
  YESTERDAY        0.00          0.53 1988   0.09  -0.09     0.01
  MONTH TO DATE    0.83                      1.30  -0.47     1.48
  SINCE DEC 1      2.86                      4.94  -2.08     2.50
  SINCE JAN 1      0.83                      1.30  -0.47     1.48

DEGREE DAYS
 HEATING
  YESTERDAY       27                        31     -4       19
  MONTH TO DATE  769                       589    180      539
  SINCE DEC 1   1627                      1482    145     1409
  SINCE JUL 1   2290                      2334    -44     1929

 COOLING
  YESTERDAY        0                         0      0        0
  MONTH TO DATE    0                         0      0        0
  SINCE DEC 1      0                         0      0        0
  SINCE JAN 1      0                         0      0        0
..................................................................


WIND (MPH)
  HIGHEST WIND SPEED    15   HIGHEST WIND DIRECTION     S (200)
  HIGHEST GUST SPEED    21   HIGHEST GUST DIRECTION    SW (230)
  AVERAGE WIND SPEED     8.0


SKY COVER
  AVERAGE SKY COVER 0.0


WEATHER CONDITIONS
 THE FOLLOWING WEATHER WAS RECORDED YESTERDAY.
  NO SIGNIFICANT WEATHER WAS OBSERVED.


RELATIVE HUMIDITY (PERCENT)
 HIGHEST    64           900 PM
 LOWEST     33           300 PM
 AVERAGE    49

..........................................................


THE WEST PLAINS MO CLIMATE NORMALS FOR TODAY
                         NORMAL    RECORD    YEAR
 MAXIMUM TEMPERATURE (F)   45        72      1972
 MINIMUM TEMPERATURE (F)   24       -18      1985


SUNRISE AND SUNSET
JANUARY 20 2018.......SUNRISE   718 AM CST   SUNSET   520 PM CST
JANUARY 21 2018.......SUNRISE   717 AM CST   SUNSET   521 PM CST


-  INDICATES NEGATIVE NUMBERS.
R  INDICATES RECORD WAS SET OR TIED.
MM INDICATES DATA IS MISSING.
T  INDICATES TRACE AMOUNT.




$$
