000
CDUS43 KSGF 200626
CLIUNO


CLIMATE REPORT
NATIONAL WEATHER SERVICE SPRINGFIELD MO
126 AM CDT WED AUG 20 2014


...................................

...THE WEST PLAINS MO CLIMATE SUMMARY FOR AUGUST 19 2014...

CLIMATE NORMAL PERIOD 1981 TO 2010
CLIMATE RECORD PERIOD 1947 TO 2014


WEATHER ITEM   OBSERVED TIME   RECORD YEAR NORMAL DEPARTURE LAST
                VALUE   (LST)  VALUE       VALUE  FROM      YEAR
                                                  NORMAL
..................................................................
TEMPERATURE (F)
 YESTERDAY
  MAXIMUM         93    457 PM 103    1962  89      4       83
  MINIMUM         69    514 AM  53    2012  65      4       60
  AVERAGE         81                        77      4       72

PRECIPITATION (IN)
  YESTERDAY        0.00          0.51 1988   0.12  -0.12     0.00
                                      1988
                                      2006
  MONTH TO DATE    2.75                      1.95   0.80    10.62
  SINCE JUN 1      9.61                      9.52   0.09    20.41
  SINCE JAN 1     21.59                     28.79  -7.20    42.23

DEGREE DAYS
 HEATING
  YESTERDAY        0                         0      0        0
  MONTH TO DATE    0                         0      0        4
  SINCE JUN 1      4                         5     -1       13
  SINCE JUL 1      2                         0      2        4

 COOLING
  YESTERDAY       16                        12      4        7
  MONTH TO DATE  208                       245    -37      142
  SINCE JUN 1    707                       916   -209      564
  SINCE JAN 1    857                      1038   -181      676
..................................................................


WIND (MPH)
  HIGHEST WIND SPEED    15   HIGHEST WIND DIRECTION     W (270)
  HIGHEST GUST SPEED    19   HIGHEST GUST DIRECTION     W (270)
  AVERAGE WIND SPEED     5.5


SKY COVER
  AVERAGE SKY COVER 0.0


WEATHER CONDITIONS
 THE FOLLOWING WEATHER WAS RECORDED YESTERDAY.
  NO SIGNIFICANT WEATHER WAS OBSERVED.


RELATIVE HUMIDITY (PERCENT)
 HIGHEST    97           500 AM
 LOWEST     39           500 PM
 AVERAGE    68

..........................................................


THE WEST PLAINS MO CLIMATE NORMALS FOR TODAY
                         NORMAL    RECORD    YEAR
 MAXIMUM TEMPERATURE (F)   89       102      1962
 MINIMUM TEMPERATURE (F)   65        49      1967


SUNRISE AND SUNSET
AUGUST 20 2014........SUNRISE   629 AM CDT   SUNSET   753 PM CDT
AUGUST 21 2014........SUNRISE   630 AM CDT   SUNSET   751 PM CDT


-  INDICATES NEGATIVE NUMBERS.
R  INDICATES RECORD WAS SET OR TIED.
MM INDICATES DATA IS MISSING.
T  INDICATES TRACE AMOUNT.




$$
