000
CDUS43 KSGF 141335 CCA
CLIUNO

CLIMATE REPORT...CORRECTED RECORD LOW FOR TODAY
NATIONAL WEATHER SERVICE SPRINGFIELD MO
830 AM CDT SUN SEP 14 2014


...................................

...THE WEST PLAINS MO CLIMATE SUMMARY FOR SEPTEMBER 13 2014...

CLIMATE NORMAL PERIOD 1981 TO 2010
CLIMATE RECORD PERIOD 1947 TO 2014


WEATHER ITEM   OBSERVED TIME   RECORD YEAR NORMAL DEPARTURE LAST
                VALUE   (LST)  VALUE       VALUE  FROM      YEAR
                                                  NORMAL
..................................................................
TEMPERATURE (F)
 YESTERDAY
  MAXIMUM         67    405 PM  96    1980  82    -15       79
  MINIMUM         47   1159 PM  42    1955  58    -11       54
                                      1960
                                      1964
  AVERAGE         57                        70    -13       67

PRECIPITATION (IN)
  YESTERDAY        0.00          1.16 1978   0.14  -0.14     0.00
  MONTH TO DATE    1.16                      1.92  -0.76     0.08
  SINCE SEP 1      1.16                      1.92  -0.76     0.08
  SINCE JAN 1     22.78                     31.99  -9.21    42.31

DEGREE DAYS
 HEATING
  YESTERDAY        8                         1      7        0
  MONTH TO DATE   18                         1     17        0
  SINCE SEP 1     18                         1     17        0
  SINCE JUL 1     20                         2     18        4

 COOLING
  YESTERDAY        0                         6     -6        2
  MONTH TO DATE  101                       100      1      138
  SINCE SEP 1    101                       100      1      138
  SINCE JAN 1   1156                      1272   -116      980
..................................................................


WIND (MPH)
  HIGHEST WIND SPEED    17   HIGHEST WIND DIRECTION    NE (30)
  HIGHEST GUST SPEED    22   HIGHEST GUST DIRECTION     N (20)
  AVERAGE WIND SPEED     7.2


SKY COVER
  AVERAGE SKY COVER 0.4


WEATHER CONDITIONS
 THE FOLLOWING WEATHER WAS RECORDED YESTERDAY.
  NO SIGNIFICANT WEATHER WAS OBSERVED.


RELATIVE HUMIDITY (PERCENT)
 HIGHEST    93          1100 PM
 LOWEST     37           300 PM
 AVERAGE    65

..........................................................


THE WEST PLAINS MO CLIMATE NORMALS FOR TODAY
                         NORMAL    RECORD    YEAR
 MAXIMUM TEMPERATURE (F)   81        99      1954
 MINIMUM TEMPERATURE (F)   58        45      1999


SUNRISE AND SUNSET
SEPTEMBER 14 2014.....SUNRISE   649 AM CDT   SUNSET   717 PM CDT
SEPTEMBER 15 2014.....SUNRISE   650 AM CDT   SUNSET   715 PM CDT


-  INDICATES NEGATIVE NUMBERS.
R  INDICATES RECORD WAS SET OR TIED.
MM INDICATES DATA IS MISSING.
T  INDICATES TRACE AMOUNT.




$$
