000
CDUS43 KSGF 230639
CLIUNO


CLIMATE REPORT
NATIONAL WEATHER SERVICE SPRINGFIELD MO
136 AM CDT SAT JUL 23 2016


...................................

...THE WEST PLAINS MO CLIMATE SUMMARY FOR JULY 22 2016...

CLIMATE NORMAL PERIOD 1981 TO 2010
CLIMATE RECORD PERIOD 1947 TO 2016


WEATHER ITEM   OBSERVED TIME   RECORD YEAR NORMAL DEPARTURE LAST
                VALUE   (LST)  VALUE       VALUE  FROM      YEAR
                                                  NORMAL
..................................................................
TEMPERATURE (F)
 YESTERDAY
  MAXIMUM         96    323 PM  99    2005  90      6       80
  MINIMUM         76    535 AM  49    1970  67      9       69
  AVERAGE         86                        78      8       75

PRECIPITATION (IN)
  YESTERDAY        0.00          0.95 1956   0.12  -0.12     0.25
  MONTH TO DATE    2.93                      2.64   0.29     7.16
  SINCE JUN 1      7.34                      6.66   0.68    12.88
  SINCE JAN 1     22.08                     25.93  -3.85    30.49

DEGREE DAYS
 HEATING
  YESTERDAY        0                         0      0        0
  MONTH TO DATE    0                         0      0        0
  SINCE JUN 1      0                         5     -5        5
  SINCE JUL 1      0                         0      0        0

 COOLING
  YESTERDAY       21                        13      8       10
  MONTH TO DATE  312                       282     30      298
  SINCE JUN 1    662                       548    114      613
  SINCE JAN 1    755                       670     85      735
..................................................................


WIND (MPH)
  HIGHEST WIND SPEED    16   HIGHEST WIND DIRECTION     N (20)
  HIGHEST GUST SPEED    22   HIGHEST GUST DIRECTION     N (20)
  AVERAGE WIND SPEED     4.5


SKY COVER
  AVERAGE SKY COVER 0.0


WEATHER CONDITIONS
 THE FOLLOWING WEATHER WAS RECORDED YESTERDAY.
  FOG
  HAZE


RELATIVE HUMIDITY (PERCENT)
 HIGHEST    88           300 AM
 LOWEST     46           400 PM
 AVERAGE    67

..........................................................


THE WEST PLAINS MO CLIMATE NORMALS FOR TODAY
                         NORMAL    RECORD    YEAR
 MAXIMUM TEMPERATURE (F)   90       100      2001
 MINIMUM TEMPERATURE (F)   67        54      2007


SUNRISE AND SUNSET
JULY 23 2016..........SUNRISE   606 AM CDT   SUNSET   821 PM CDT
JULY 24 2016..........SUNRISE   607 AM CDT   SUNSET   821 PM CDT


-  INDICATES NEGATIVE NUMBERS.
R  INDICATES RECORD WAS SET OR TIED.
MM INDICATES DATA IS MISSING.
T  INDICATES TRACE AMOUNT.




$$
