000
CDUS43 KSGF 302127
CLIUNO


CLIMATE REPORT
NATIONAL WEATHER SERVICE SPRINGFIELD MO
427 PM CDT WED JUL 30 2014


...................................

...THE WEST PLAINS MO CLIMATE SUMMARY FOR JULY 30 2014...
VALID AS OF 0400 PM LOCAL TIME.

CLIMATE NORMAL PERIOD 1981 TO 2010
CLIMATE RECORD PERIOD 1947 TO 2014


WEATHER ITEM   OBSERVED TIME   RECORD YEAR NORMAL DEPARTURE LAST
                VALUE   (LST)  VALUE       VALUE  FROM      YEAR
                                                  NORMAL
..................................................................
TEMPERATURE (F)
 TODAY
  MAXIMUM         74   1019 AM 107    2012  91    -17       81
  MINIMUM         58    518 AM  53    1971  66     -8       67
                                      1991
  AVERAGE         66                        78    -12       74

PRECIPITATION (IN)
  TODAY            T             1.98 2013   0.10  -0.10     1.98
  MONTH TO DATE    1.62                      3.46  -1.84     6.03
  SINCE JUN 1      6.85                      7.48  -0.63     9.70
  SINCE JAN 1     18.83                     26.75  -7.92    31.52

DEGREE DAYS
 HEATING
  TODAY            0                         0      0        0
  MONTH TO DATE    2                         0      2        0
  SINCE JUN 1      4                         5     -1        9
  SINCE JUL 1      2                         0      2        0

 COOLING
  TODAY            1                        13    -12        9
  MONTH TO DATE  230                       386   -156      260
  SINCE JUN 1    495                       652   -157      408
  SINCE JAN 1    645                       774   -129      520
..................................................................


WIND (MPH)
  HIGHEST WIND SPEED     9   HIGHEST WIND DIRECTION    SW (210)
  HIGHEST GUST SPEED    12   HIGHEST GUST DIRECTION    SW (220)


SKY COVER
  AVERAGE SKY COVER 0.6


WEATHER CONDITIONS
 THE FOLLOWING WEATHER WAS RECORDED TODAY.
  LIGHT RAIN


RELATIVE HUMIDITY (PERCENT)
 HIGHEST    90           200 AM
 LOWEST     68          1000 AM
 AVERAGE    79

..........................................................


THE WEST PLAINS MO CLIMATE NORMALS FOR TOMORROW
                         NORMAL    RECORD    YEAR
 MAXIMUM TEMPERATURE (F)   91       102      1953
 MINIMUM TEMPERATURE (F)   66        47      1971


SUNRISE AND SUNSET
JULY 30 2014..........SUNRISE   612 AM CDT   SUNSET   816 PM CDT
JULY 31 2014..........SUNRISE   612 AM CDT   SUNSET   815 PM CDT


-  INDICATES NEGATIVE NUMBERS.
R  INDICATES RECORD WAS SET OR TIED.
MM INDICATES DATA IS MISSING.
T  INDICATES TRACE AMOUNT.




$$
