000
CDUS43 KSGF 270634
CLIUNO


CLIMATE REPORT
NATIONAL WEATHER SERVICE SPRINGFIELD MO
133 AM CDT THU AUG 27 2015


...................................

...THE WEST PLAINS MO CLIMATE SUMMARY FOR AUGUST 26 2015...

CLIMATE NORMAL PERIOD 1981 TO 2010
CLIMATE RECORD PERIOD 1947 TO 2015


WEATHER ITEM   OBSERVED TIME   RECORD YEAR NORMAL DEPARTURE LAST
                VALUE   (LST)  VALUE       VALUE  FROM      YEAR
                                                  NORMAL
..................................................................
TEMPERATURE (F)
 YESTERDAY
  MAXIMUM         81        MM 103    1983  88     -7       94
  MINIMUM         56        MM  50    1958  64     -8       67
  AVERAGE         69                        76     -7       81

PRECIPITATION (IN)
  YESTERDAY        0.00          1.47 2006   0.11  -0.11     0.00
  MONTH TO DATE    4.35                      2.70   1.65     2.75
  SINCE JUN 1     17.93                     10.27   7.66     9.61
  SINCE JAN 1     35.54                     29.54   6.00    21.59

DEGREE DAYS
 HEATING
  YESTERDAY        0                         0      0        0
  MONTH TO DATE    0                         0      0        0
  SINCE JUN 1      5                         5      0        4
  SINCE JUL 1      0                         0      0        2

 COOLING
  YESTERDAY        4                        11     -7       16
  MONTH TO DATE  242                       326    -84      336
  SINCE JUN 1   1001                       997      4      835
  SINCE JAN 1   1123                      1119      4      985
..................................................................


WIND (MPH)
  HIGHEST WIND SPEED    15   HIGHEST WIND DIRECTION     N (340)
  HIGHEST GUST SPEED    19   HIGHEST GUST DIRECTION     N (340)
  AVERAGE WIND SPEED     2.8


SKY COVER
  AVERAGE SKY COVER 0.0


WEATHER CONDITIONS
 THE FOLLOWING WEATHER WAS RECORDED YESTERDAY.
  NO SIGNIFICANT WEATHER WAS OBSERVED.


RELATIVE HUMIDITY (PERCENT)
 HIGHEST    93           200 AM
 LOWEST     42           400 PM
 AVERAGE    68

..........................................................


THE WEST PLAINS MO CLIMATE NORMALS FOR TODAY
                         NORMAL    RECORD    YEAR
 MAXIMUM TEMPERATURE (F)   88       103      1954
 MINIMUM TEMPERATURE (F)   64        52      2010
                                             1967


SUNRISE AND SUNSET
AUGUST 27 2015........SUNRISE   634 AM CDT   SUNSET   743 PM CDT
AUGUST 28 2015........SUNRISE   635 AM CDT   SUNSET   742 PM CDT


-  INDICATES NEGATIVE NUMBERS.
R  INDICATES RECORD WAS SET OR TIED.
MM INDICATES DATA IS MISSING.
T  INDICATES TRACE AMOUNT.




$$
