000
CDUS43 KSGF 230626
CLIUNO


CLIMATE REPORT
NATIONAL WEATHER SERVICE SPRINGFIELD MO
1226 AM CST FRI JAN 23 2015


...................................

...THE WEST PLAINS MO CLIMATE SUMMARY FOR JANUARY 22 2015...

CLIMATE NORMAL PERIOD 1981 TO 2010
CLIMATE RECORD PERIOD 1947 TO 2015


WEATHER ITEM   OBSERVED TIME   RECORD YEAR NORMAL DEPARTURE LAST
                VALUE   (LST)  VALUE       VALUE  FROM      YEAR
                                                  NORMAL
..................................................................
TEMPERATURE (F)
 YESTERDAY
  MAXIMUM         42    231 PM  72    1967  45     -3       40
  MINIMUM         32   1159 PM   2    1994  24      8       16
  AVERAGE         37                        34      3       28

PRECIPITATION (IN)
  YESTERDAY        0.00          1.73 1982   0.10  -0.10     0.00
  MONTH TO DATE    1.96                      1.60   0.36     1.57
  SINCE DEC 1      4.93                      5.24  -0.31     3.88
  SINCE JAN 1      1.96                      1.60   0.36     1.57

DEGREE DAYS
 HEATING
  YESTERDAY       28                        31     -3       37
  MONTH TO DATE  725                       682     43      755
  SINCE DEC 1   1555                      1575    -20     1600
  SINCE JUL 1   2567                      2427    140     2512

 COOLING
  YESTERDAY        0                         0      0        0
  MONTH TO DATE    0                         0      0        0
  SINCE DEC 1      0                         0      0        0
  SINCE JAN 1      0                         0      0        0
..................................................................


WIND (MPH)
  HIGHEST WIND SPEED    10   HIGHEST WIND DIRECTION    NE (50)
  HIGHEST GUST SPEED    13   HIGHEST GUST DIRECTION    NE (50)
  AVERAGE WIND SPEED     4.2


SKY COVER
  AVERAGE SKY COVER 0.3


WEATHER CONDITIONS
 THE FOLLOWING WEATHER WAS RECORDED YESTERDAY.
  NO SIGNIFICANT WEATHER WAS OBSERVED.


RELATIVE HUMIDITY (PERCENT)
 HIGHEST    75           700 PM
 LOWEST     48           100 AM
 AVERAGE    62

..........................................................


THE WEST PLAINS MO CLIMATE NORMALS FOR TODAY
                         NORMAL    RECORD    YEAR
 MAXIMUM TEMPERATURE (F)   45        75      1967
 MINIMUM TEMPERATURE (F)   24        -8      1963


SUNRISE AND SUNSET
JANUARY 23 2015.......SUNRISE   716 AM CST   SUNSET   523 PM CST
JANUARY 24 2015.......SUNRISE   716 AM CST   SUNSET   524 PM CST


-  INDICATES NEGATIVE NUMBERS.
R  INDICATES RECORD WAS SET OR TIED.
MM INDICATES DATA IS MISSING.
T  INDICATES TRACE AMOUNT.




$$
