000
CDUS43 KSGF 010627
CLIUNO


CLIMATE REPORT
NATIONAL WEATHER SERVICE SPRINGFIELD MO
126 AM CDT WED JUL 1 2015


...................................

...THE WEST PLAINS MO CLIMATE SUMMARY FOR JUNE 30 2015...

CLIMATE NORMAL PERIOD 1981 TO 2010
CLIMATE RECORD PERIOD 1947 TO 2015


WEATHER ITEM   OBSERVED TIME   RECORD YEAR NORMAL DEPARTURE LAST
                VALUE   (LST)  VALUE       VALUE  FROM      YEAR
                                                  NORMAL
..................................................................
TEMPERATURE (F)
 YESTERDAY
  MAXIMUM         84    425 PM 103    1952  88     -4       88
  MINIMUM         66    528 AM  50    1950  66      0       73
  AVERAGE         75                        77     -2       81

PRECIPITATION (IN)
  YESTERDAY        0.00          1.35 2007   0.13  -0.13     0.00
  MONTH TO DATE    5.72                      4.02   1.70     5.23
  SINCE JUN 1      5.72                      4.02   1.70     5.23
  SINCE JAN 1     23.33                     23.29   0.04    17.21

DEGREE DAYS
 HEATING
  YESTERDAY        0                         0      0        0
  MONTH TO DATE    5                         4      1        2
  SINCE JUN 1      5                         5      0        2
  SINCE JUL 1   4642                      4347    295     4859

 COOLING
  YESTERDAY       10                        12     -2       16
  MONTH TO DATE  315                       266     49      265
  SINCE JUN 1    315                       266     49      265
  SINCE JAN 1    437                       388     49      415
..................................................................


WIND (MPH)
  HIGHEST WIND SPEED    12   HIGHEST WIND DIRECTION     W (260)
  HIGHEST GUST SPEED    17   HIGHEST GUST DIRECTION     W (260)
  AVERAGE WIND SPEED     5.3


SKY COVER
  AVERAGE SKY COVER 0.0


WEATHER CONDITIONS
 THE FOLLOWING WEATHER WAS RECORDED YESTERDAY.
  NO SIGNIFICANT WEATHER WAS OBSERVED.


RELATIVE HUMIDITY (PERCENT)
 HIGHEST    93           300 AM
 LOWEST     55           300 PM
 AVERAGE    74

..........................................................


THE WEST PLAINS MO CLIMATE NORMALS FOR TODAY
                         NORMAL    RECORD    YEAR
 MAXIMUM TEMPERATURE (F)   88       100      2012
 MINIMUM TEMPERATURE (F)   66        53      1976


SUNRISE AND SUNSET
JULY  1 2015..........SUNRISE   552 AM CDT   SUNSET   831 PM CDT
JULY  2 2015..........SUNRISE   552 AM CDT   SUNSET   831 PM CDT


-  INDICATES NEGATIVE NUMBERS.
R  INDICATES RECORD WAS SET OR TIED.
MM INDICATES DATA IS MISSING.
T  INDICATES TRACE AMOUNT.




$$
