079
CDUS43 KSGF 260634
CLIUNO


CLIMATE REPORT
NATIONAL WEATHER SERVICE SPRINGFIELD MO
131 AM CDT SUN MAR 26 2017


...................................

...THE WEST PLAINS MO CLIMATE SUMMARY FOR MARCH 25 2017...

CLIMATE NORMAL PERIOD 1981 TO 2010
CLIMATE RECORD PERIOD 1947 TO 2017


WEATHER ITEM   OBSERVED TIME   RECORD YEAR NORMAL DEPARTURE LAST
                VALUE   (LST)  VALUE       VALUE  FROM      YEAR
                                                  NORMAL
..................................................................
TEMPERATURE (F)
 YESTERDAY
  MAXIMUM         63    210 PM  79    2012  63      0       54
                                      2007
  MINIMUM         49   1159 PM  13    1955  39     10       36
  AVERAGE         56                        51      5       45

PRECIPITATION (IN)
  YESTERDAY        0.63          1.40 2010   0.15   0.48     0.00
  MONTH TO DATE    4.58                      3.31   1.27     2.85
  SINCE MAR 1      4.58                      3.31   1.27     2.85
  SINCE JAN 1      9.21                      8.87   0.34     5.49

DEGREE DAYS
 HEATING
  YESTERDAY        9                        14     -5       20
  MONTH TO DATE  391                       466    -75      321
  SINCE MAR 1    391                       466    -75      321
  SINCE JUL 1   3040                      3930   -890     3154

 COOLING
  YESTERDAY        0                         0      0        0
  MONTH TO DATE    4                         0      4        4
  SINCE MAR 1      4                         0      4        4
  SINCE JAN 1      5                         0      5        4
..................................................................


WIND (MPH)
  HIGHEST WIND SPEED    20   HIGHEST WIND DIRECTION     W (260)
  HIGHEST GUST SPEED    28   HIGHEST GUST DIRECTION    SW (220)
  AVERAGE WIND SPEED     9.3


SKY COVER
  AVERAGE SKY COVER 1.0


WEATHER CONDITIONS
 THE FOLLOWING WEATHER WAS RECORDED YESTERDAY.
  THUNDERSTORM
  HEAVY RAIN
  RAIN
  LIGHT RAIN
  FOG
  HAZE


RELATIVE HUMIDITY (PERCENT)
 HIGHEST    93          1200 AM
 LOWEST     78           200 PM
 AVERAGE    86

..........................................................


THE WEST PLAINS MO CLIMATE NORMALS FOR TODAY
                         NORMAL    RECORD    YEAR
 MAXIMUM TEMPERATURE (F)   63        82      1956
 MINIMUM TEMPERATURE (F)   39         7      1955


SUNRISE AND SUNSET
MARCH 26 2017.........SUNRISE   702 AM CDT   SUNSET   725 PM CDT
MARCH 27 2017.........SUNRISE   700 AM CDT   SUNSET   726 PM CDT


-  INDICATES NEGATIVE NUMBERS.
R  INDICATES RECORD WAS SET OR TIED.
MM INDICATES DATA IS MISSING.
T  INDICATES TRACE AMOUNT.




$$
