000
CDUS43 KSGF 112127
CLIUNO


CLIMATE REPORT
NATIONAL WEATHER SERVICE SPRINGFIELD MO
426 PM CDT WED OCT 11 2017


...................................

...THE WEST PLAINS MO CLIMATE SUMMARY FOR OCTOBER 11 2017...
VALID AS OF 0400 PM LOCAL TIME.

CLIMATE NORMAL PERIOD 1981 TO 2010
CLIMATE RECORD PERIOD 1947 TO 2017


WEATHER ITEM   OBSERVED TIME   RECORD YEAR NORMAL DEPARTURE LAST
                VALUE   (LST)  VALUE       VALUE  FROM      YEAR
                                                  NORMAL
..................................................................
TEMPERATURE (F)
 TODAY
  MAXIMUM         64    259 PM  93    1963  71     -7       79
  MINIMUM         47    536 AM  29    1964  46      1       45
  AVERAGE         56                        59     -3       62

PRECIPITATION (IN)
  TODAY            0.00          2.07 1969   0.12  -0.12     0.00
  MONTH TO DATE    0.57                      1.31  -0.74     0.53
  SINCE SEP 1      1.08                      5.40  -4.32     1.88
  SINCE JAN 1     43.27                     35.47   7.80    34.00

DEGREE DAYS
 HEATING
  TODAY            9                         7      2        3
  MONTH TO DATE    9                        65    -56       36
  SINCE SEP 1     14                       106    -92       46
  SINCE JUL 1     15                       107    -92       46

 COOLING
  TODAY            0                         1     -1        0
  MONTH TO DATE   57                        15     42       13
  SINCE SEP 1    266                       171     95      239
  SINCE JAN 1   1367                      1343     24     1528
..................................................................


WIND (MPH)
  HIGHEST WIND SPEED    16   HIGHEST WIND DIRECTION    NW (320)
  HIGHEST GUST SPEED    20   HIGHEST GUST DIRECTION    NW (320)


SKY COVER
  AVERAGE SKY COVER 1.0


WEATHER CONDITIONS
 THE FOLLOWING WEATHER WAS RECORDED TODAY.
  NO SIGNIFICANT WEATHER WAS OBSERVED.


RELATIVE HUMIDITY (PERCENT)
 HIGHEST    86          1200 AM
 LOWEST     56           300 PM
 AVERAGE    71

..........................................................


THE WEST PLAINS MO CLIMATE NORMALS FOR TOMORROW
                         NORMAL    RECORD    YEAR
 MAXIMUM TEMPERATURE (F)   71        87      1975
 MINIMUM TEMPERATURE (F)   46        28      1987


SUNRISE AND SUNSET
OCTOBER 11 2017.......SUNRISE   712 AM CDT   SUNSET   636 PM CDT
OCTOBER 12 2017.......SUNRISE   713 AM CDT   SUNSET   635 PM CDT


-  INDICATES NEGATIVE NUMBERS.
R  INDICATES RECORD WAS SET OR TIED.
MM INDICATES DATA IS MISSING.
T  INDICATES TRACE AMOUNT.




$$
