000
CDUS43 KSGF 210645
CLIUNO


CLIMATE REPORT
NATIONAL WEATHER SERVICE SPRINGFIELD MO
1245 AM CST SUN JAN 21 2018


...................................

...THE WEST PLAINS MO CLIMATE SUMMARY FOR JANUARY 20 2018...

CLIMATE NORMAL PERIOD 1981 TO 2010
CLIMATE RECORD PERIOD 1947 TO 2018


WEATHER ITEM   OBSERVED TIME   RECORD YEAR NORMAL DEPARTURE LAST
                VALUE   (LST)  VALUE       VALUE  FROM      YEAR
                                                  NORMAL
..................................................................
TEMPERATURE (F)
 YESTERDAY
  MAXIMUM         60    247 PM  72    1972  45     15       63
  MINIMUM         35    553 AM -18    1985  24     11       48
  AVERAGE         48                        34     14       56

PRECIPITATION (IN)
  YESTERDAY        0.00          1.96 1990   0.10  -0.10     0.00
  MONTH TO DATE    0.83                      1.40  -0.57     1.48
  SINCE DEC 1      2.86                      5.04  -2.18     2.50
  SINCE JAN 1      0.83                      1.40  -0.57     1.48

DEGREE DAYS
 HEATING
  YESTERDAY       17                        31    -14        9
  MONTH TO DATE  786                       620    166      548
  SINCE DEC 1   1644                      1513    131     1418
  SINCE JUL 1   2307                      2365    -58     1938

 COOLING
  YESTERDAY        0                         0      0        0
  MONTH TO DATE    0                         0      0        0
  SINCE DEC 1      0                         0      0        0
  SINCE JAN 1      0                         0      0        0
..................................................................


WIND (MPH)
  HIGHEST WIND SPEED    21   HIGHEST WIND DIRECTION     S (190)
  HIGHEST GUST SPEED    30   HIGHEST GUST DIRECTION     S (190)
  AVERAGE WIND SPEED     9.9


SKY COVER
  AVERAGE SKY COVER 0.4


WEATHER CONDITIONS
 THE FOLLOWING WEATHER WAS RECORDED YESTERDAY.
  NO SIGNIFICANT WEATHER WAS OBSERVED.


RELATIVE HUMIDITY (PERCENT)
 HIGHEST    89          1000 PM
 LOWEST     57           300 PM
 AVERAGE    73

..........................................................


THE WEST PLAINS MO CLIMATE NORMALS FOR TODAY
                         NORMAL    RECORD    YEAR
 MAXIMUM TEMPERATURE (F)   45        76      1986
 MINIMUM TEMPERATURE (F)   24       -11      1985


SUNRISE AND SUNSET
JANUARY 21 2018.......SUNRISE   717 AM CST   SUNSET   521 PM CST
JANUARY 22 2018.......SUNRISE   717 AM CST   SUNSET   522 PM CST


-  INDICATES NEGATIVE NUMBERS.
R  INDICATES RECORD WAS SET OR TIED.
MM INDICATES DATA IS MISSING.
T  INDICATES TRACE AMOUNT.




$$
