000
CDUS43 KSGF 192127
CLIUNO


CLIMATE REPORT
NATIONAL WEATHER SERVICE SPRINGFIELD MO
427 PM CDT MON SEP 19 2016


...................................

...THE WEST PLAINS MO CLIMATE SUMMARY FOR SEPTEMBER 19 2016...
VALID AS OF 0400 PM LOCAL TIME.

CLIMATE NORMAL PERIOD 1981 TO 2010
CLIMATE RECORD PERIOD 1947 TO 2016


WEATHER ITEM   OBSERVED TIME   RECORD YEAR NORMAL DEPARTURE LAST
                VALUE   (LST)  VALUE       VALUE  FROM      YEAR
                                                  NORMAL
..................................................................
TEMPERATURE (F)
 TODAY
  MAXIMUM         86    259 PM  97    1954  79      7       77
  MINIMUM         58    558 AM  40    1981  56      2       55
  AVERAGE         72                        67      5       66

PRECIPITATION (IN)
  TODAY            0.00          1.38 1975   0.11  -0.11      T
  MONTH TO DATE    1.29                      2.64  -1.35     0.97
  SINCE SEP 1      1.29                      2.64  -1.35     0.97
  SINCE JAN 1     33.41                     32.71   0.70    36.68

DEGREE DAYS
 HEATING
  TODAY            0                         1     -1        0
  MONTH TO DATE    0                         7     -7       12
  SINCE SEP 1      0                         7     -7       12
  SINCE JUL 1      0                         8     -8       12

 COOLING
  TODAY            7                         4      3        1
  MONTH TO DATE  167                       127     40      159
  SINCE SEP 1    167                       127     40      159
  SINCE JAN 1   1456                      1299    157     1316
..................................................................


WIND (MPH)
  HIGHEST WIND SPEED     7   HIGHEST WIND DIRECTION    SW (230)
  HIGHEST GUST SPEED    10   HIGHEST GUST DIRECTION     S (200)


SKY COVER
  AVERAGE SKY COVER 0.2


WEATHER CONDITIONS
 THE FOLLOWING WEATHER WAS RECORDED TODAY.
  FOG


RELATIVE HUMIDITY (PERCENT)
 HIGHEST    93           600 AM
 LOWEST     48           300 PM
 AVERAGE    71

..........................................................


THE WEST PLAINS MO CLIMATE NORMALS FOR TOMORROW
                         NORMAL    RECORD    YEAR
 MAXIMUM TEMPERATURE (F)   79        97      1954
 MINIMUM TEMPERATURE (F)   55        35      1991


SUNRISE AND SUNSET
SEPTEMBER 19 2016.....SUNRISE   653 AM CDT   SUNSET   708 PM CDT
SEPTEMBER 20 2016.....SUNRISE   654 AM CDT   SUNSET   707 PM CDT


-  INDICATES NEGATIVE NUMBERS.
R  INDICATES RECORD WAS SET OR TIED.
MM INDICATES DATA IS MISSING.
T  INDICATES TRACE AMOUNT.




$$
