000
CDUS43 KSGF 232225
CLIUNO


CLIMATE REPORT
NATIONAL WEATHER SERVICE SPRINGFIELD MO
525 PM CDT SAT APR 23 2016


...................................

...THE WEST PLAINS MO CLIMATE SUMMARY FOR APRIL 23 2016...
VALID TODAY AS OF 0500 PM LOCAL TIME.

CLIMATE NORMAL PERIOD 1981 TO 2010
CLIMATE RECORD PERIOD 1947 TO 2016


WEATHER ITEM   OBSERVED TIME   RECORD YEAR NORMAL DEPARTURE LAST
                VALUE   (LST)  VALUE       VALUE  FROM      YEAR
                                                  NORMAL
..................................................................
TEMPERATURE (F)
 TODAY
  MAXIMUM         78    359 PM  90    1965  72      6       64
  MINIMUM         50    536 AM  28    1993  47      3       39
  AVERAGE         64                        60      4       52

PRECIPITATION (IN)
  TODAY            0.00          3.47 1970   0.16  -0.16     0.00
  MONTH TO DATE    0.99                      3.33  -2.34     1.26
  SINCE MAR 1      4.92                      7.62  -2.70     5.29
  SINCE JAN 1      7.56                     13.18  -5.62     9.97

DEGREE DAYS
 COOLING
  TODAY            0                         1     -1        0
  MONTH TO DATE    0                        18    -18       15
  SINCE MAR 1      4                        22    -18       15
  SINCE JAN 1      4                        22    -18       15
..................................................................


WIND (MPH)
  HIGHEST WIND SPEED    12   HIGHEST WIND DIRECTION     S (180)
  HIGHEST GUST SPEED    16   HIGHEST GUST DIRECTION     S (180)


SKY COVER
  AVERAGE SKY COVER 0.0


WEATHER CONDITIONS
 THE FOLLOWING WEATHER WAS RECORDED TODAY.
  FOG
  HAZE


RELATIVE HUMIDITY (PERCENT)
 HIGHEST    89           400 AM
 LOWEST     33           300 PM
 AVERAGE    61

..........................................................


THE WEST PLAINS MO CLIMATE NORMALS FOR TOMORROW
                         NORMAL    RECORD    YEAR
 MAXIMUM TEMPERATURE (F)   72        87      1965
 MINIMUM TEMPERATURE (F)   48        30      2005


SUNRISE AND SUNSET
APRIL 23 2016.........SUNRISE   622 AM CDT   SUNSET   750 PM CDT
APRIL 24 2016.........SUNRISE   621 AM CDT   SUNSET   751 PM CDT


-  INDICATES NEGATIVE NUMBERS.
R  INDICATES RECORD WAS SET OR TIED.
MM INDICATES DATA IS MISSING.
T  INDICATES TRACE AMOUNT.




$$
