000
CDUS43 KSGF 061446
CLIUNO


CLIMATE REPORT
NATIONAL WEATHER SERVICE SPRINGFIELD MO
945 AM CDT MON JUL 6 2015


...................................

...THE WEST PLAINS MO CLIMATE SUMMARY FOR JULY 5 2015...

CLIMATE NORMAL PERIOD 1981 TO 2010
CLIMATE RECORD PERIOD 1947 TO 2015


WEATHER ITEM   OBSERVED TIME   RECORD YEAR NORMAL DEPARTURE LAST
                VALUE   (LST)  VALUE       VALUE  FROM      YEAR
                                                  NORMAL
..................................................................
TEMPERATURE (F)
 YESTERDAY
  MAXIMUM         84    422 PM 102    2012  88     -4       79
  MINIMUM         69    515 AM  50    1968  67      2       56
  AVERAGE         77                        78     -1       68

PRECIPITATION (IN)
  YESTERDAY        0.00          2.05 1949   0.13  -0.13     0.00
  MONTH TO DATE    2.06                      0.55   1.51     0.28
  SINCE JUN 1      7.78                      4.57   3.21     5.51
  SINCE JAN 1     25.39                     23.84   1.55    17.49

DEGREE DAYS
 HEATING
  YESTERDAY        0                         0      0        0
  MONTH TO DATE    0                         0      0        0
  SINCE JUN 1      5                         5      0        2
  SINCE JUL 1      0                         0      0        0

 COOLING
  YESTERDAY       12                        13     -1        3
  MONTH TO DATE   50                        61    -11       28
  SINCE JUN 1    365                       327     38      293
  SINCE JAN 1    487                       449     38      443
..................................................................


WIND (MPH)
  HIGHEST WIND SPEED    10   HIGHEST WIND DIRECTION     S (190)
  HIGHEST GUST SPEED    15   HIGHEST GUST DIRECTION     S (190)
  AVERAGE WIND SPEED     4.5


SKY COVER
  AVERAGE SKY COVER 0.8


WEATHER CONDITIONS
 THE FOLLOWING WEATHER WAS RECORDED YESTERDAY.
  FOG
  FOG W/VISIBILITY <= 1/4 MILE
  HAZE


RELATIVE HUMIDITY (PERCENT)
 HIGHEST    97           200 AM
 LOWEST     65           100 PM
 AVERAGE    81

..........................................................


THE WEST PLAINS MO CLIMATE NORMALS FOR TODAY
                         NORMAL    RECORD    YEAR
 MAXIMUM TEMPERATURE (F)   89       104      2012
 MINIMUM TEMPERATURE (F)   67        46      1972


SUNRISE AND SUNSET
JULY  6 2015..........SUNRISE   554 AM CDT   SUNSET   830 PM CDT
JULY  7 2015..........SUNRISE   555 AM CDT   SUNSET   830 PM CDT


-  INDICATES NEGATIVE NUMBERS.
R  INDICATES RECORD WAS SET OR TIED.
MM INDICATES DATA IS MISSING.
T  INDICATES TRACE AMOUNT.




$$
