000
CDUS43 KSGF 020633
CLIUNO


CLIMATE REPORT
NATIONAL WEATHER SERVICE SPRINGFIELD MO
130 AM CDT WED SEP 2 2015


...................................

...THE WEST PLAINS MO CLIMATE SUMMARY FOR SEPTEMBER 1 2015...

CLIMATE NORMAL PERIOD 1981 TO 2010
CLIMATE RECORD PERIOD 1947 TO 2015


WEATHER ITEM   OBSERVED TIME   RECORD YEAR NORMAL DEPARTURE LAST
                VALUE   (LST)  VALUE       VALUE  FROM      YEAR
                                                  NORMAL
..................................................................
TEMPERATURE (F)
 YESTERDAY
  MAXIMUM         87    209 PM 101    2000  86      1       86
  MINIMUM         67    617 AM  42    1949  63      4       66
  AVERAGE         77                        74      3       76

PRECIPITATION (IN)
  YESTERDAY        0.00          2.40 1997   0.14  -0.14     0.13
  MONTH TO DATE    0.00                      0.14  -0.14     0.13
  SINCE SEP 1      0.00                      0.14  -0.14     0.13
  SINCE JAN 1     35.71                     30.21   5.50    21.75

DEGREE DAYS
 HEATING
  YESTERDAY        0                         0      0        0
  MONTH TO DATE    0                         0      0        0
  SINCE SEP 1      0                         0      0        0
  SINCE JUL 1      0                         1     -1        2

 COOLING
  YESTERDAY       12                        10      2       11
  MONTH TO DATE   12                        10      2       11
  SINCE SEP 1     12                        10      2       11
  SINCE JAN 1   1169                      1182    -13     1066
..................................................................


WIND (MPH)
  HIGHEST WIND SPEED    14   HIGHEST WIND DIRECTION     S (170)
  HIGHEST GUST SPEED    18   HIGHEST GUST DIRECTION     S (170)
  AVERAGE WIND SPEED     3.7


SKY COVER
  AVERAGE SKY COVER 0.1


WEATHER CONDITIONS
 THE FOLLOWING WEATHER WAS RECORDED YESTERDAY.
  FOG


RELATIVE HUMIDITY (PERCENT)
 HIGHEST    93           600 AM
 LOWEST     48           200 PM
 AVERAGE    71

..........................................................


THE WEST PLAINS MO CLIMATE NORMALS FOR TODAY
                         NORMAL    RECORD    YEAR
 MAXIMUM TEMPERATURE (F)   86       101      2000
 MINIMUM TEMPERATURE (F)   62        42      1949


SUNRISE AND SUNSET
SEPTEMBER  2 2015.....SUNRISE   639 AM CDT   SUNSET   735 PM CDT
SEPTEMBER  3 2015.....SUNRISE   640 AM CDT   SUNSET   733 PM CDT


-  INDICATES NEGATIVE NUMBERS.
R  INDICATES RECORD WAS SET OR TIED.
MM INDICATES DATA IS MISSING.
T  INDICATES TRACE AMOUNT.




$$
