355
CDUS43 KSGF 180640
CLIUNO


CLIMATE REPORT
NATIONAL WEATHER SERVICE SPRINGFIELD MO
1240 AM CST MON DEC 18 2017


...................................

...THE WEST PLAINS MO CLIMATE SUMMARY FOR DECEMBER 17 2017...

CLIMATE NORMAL PERIOD 1981 TO 2010
CLIMATE RECORD PERIOD 1947 TO 2017


WEATHER ITEM   OBSERVED TIME   RECORD YEAR NORMAL DEPARTURE LAST
                VALUE   (LST)  VALUE       VALUE  FROM      YEAR
                                                  NORMAL
..................................................................
TEMPERATURE (F)
 YESTERDAY
  MAXIMUM         46    753 PM  70    1962  46      0       59
  MINIMUM         40    654 AM  -5    1989  25     15       17
  AVERAGE         43                        36      7       38

PRECIPITATION (IN)
  YESTERDAY        0.23          1.96 2001   0.13   0.10     0.01
  MONTH TO DATE    0.60                      2.39  -1.79     0.32
  SINCE DEC 1      0.60                      2.39  -1.79     0.32
  SINCE JAN 1     45.45                     44.97   0.48    36.56

DEGREE DAYS
 HEATING
  YESTERDAY       22                        30     -8       27
  MONTH TO DATE  402                       467    -65      511
  SINCE DEC 1    402                       467    -65      511
  SINCE JUL 1   1065                      1319   -254     1031

 COOLING
  YESTERDAY        0                         0      0        0
  MONTH TO DATE    0                         0      0        0
  SINCE DEC 1      0                         0      0        0
  SINCE JAN 1   1389                      1354     35     1604
..................................................................


WIND (MPH)
  HIGHEST WIND SPEED    14   HIGHEST WIND DIRECTION     S (200)
  HIGHEST GUST SPEED    20   HIGHEST GUST DIRECTION     S (180)
  AVERAGE WIND SPEED     5.3


SKY COVER
  AVERAGE SKY COVER 1.0


WEATHER CONDITIONS
 THE FOLLOWING WEATHER WAS RECORDED YESTERDAY.
  LIGHT RAIN
  FOG
  FOG W/VISIBILITY <= 1/4 MILE


RELATIVE HUMIDITY (PERCENT)
 HIGHEST   100           600 AM
 LOWEST     53          1200 AM
 AVERAGE    77

..........................................................


THE WEST PLAINS MO CLIMATE NORMALS FOR TODAY
                         NORMAL    RECORD    YEAR
 MAXIMUM TEMPERATURE (F)   46        72      1957
 MINIMUM TEMPERATURE (F)   25         1      1964


SUNRISE AND SUNSET
DECEMBER 18 2017......SUNRISE   715 AM CST   SUNSET   454 PM CST
DECEMBER 19 2017......SUNRISE   716 AM CST   SUNSET   454 PM CST


-  INDICATES NEGATIVE NUMBERS.
R  INDICATES RECORD WAS SET OR TIED.
MM INDICATES DATA IS MISSING.
T  INDICATES TRACE AMOUNT.




$$
