027
CDUS43 KSGF 220634
CLIUNO


CLIMATE REPORT
NATIONAL WEATHER SERVICE SPRINGFIELD MO
134 AM CDT SUN OCT 22 2017


...................................

...THE WEST PLAINS MO CLIMATE SUMMARY FOR OCTOBER 21 2017...

CLIMATE NORMAL PERIOD 1981 TO 2010
CLIMATE RECORD PERIOD 1947 TO 2017


WEATHER ITEM   OBSERVED TIME   RECORD YEAR NORMAL DEPARTURE LAST
                VALUE   (LST)  VALUE       VALUE  FROM      YEAR
                                                  NORMAL
..................................................................
TEMPERATURE (F)
 YESTERDAY
  MAXIMUM         76    331 PM  87    1978  68      8       65
  MINIMUM         60    436 AM  22    1952  44     16       40
  AVERAGE         68                        56     12       53

PRECIPITATION (IN)
  YESTERDAY        0.03          0.58 1949   0.14  -0.11     0.00
  MONTH TO DATE    0.89                      2.62  -1.73     2.06
  SINCE SEP 1      1.40                      6.71  -5.31     3.41
  SINCE JAN 1     43.59                     36.78   6.81    35.53

DEGREE DAYS
 HEATING
  YESTERDAY        0                        10    -10       12
  MONTH TO DATE   58                       150    -92       80
  SINCE SEP 1     63                       191   -128       90
  SINCE JUL 1     64                       192   -128       90

 COOLING
  YESTERDAY        3                         0      3        0
  MONTH TO DATE   73                        20     53       56
  SINCE SEP 1    282                       176    106      282
  SINCE JAN 1   1383                      1348     35     1571
..................................................................


WIND (MPH)
  HIGHEST WIND SPEED    20   HIGHEST WIND DIRECTION     S (190)
  HIGHEST GUST SPEED    29   HIGHEST GUST DIRECTION     S (180)
  AVERAGE WIND SPEED    10.4


SKY COVER
  AVERAGE SKY COVER 0.8


WEATHER CONDITIONS
 THE FOLLOWING WEATHER WAS RECORDED YESTERDAY.
  THUNDERSTORM
  LIGHT RAIN


RELATIVE HUMIDITY (PERCENT)
 HIGHEST    90           800 AM
 LOWEST     64          1000 PM
 AVERAGE    77

..........................................................


THE WEST PLAINS MO CLIMATE NORMALS FOR TODAY
                         NORMAL    RECORD    YEAR
 MAXIMUM TEMPERATURE (F)   68        86      1953
 MINIMUM TEMPERATURE (F)   43        21      1952


SUNRISE AND SUNSET
OCTOBER 22 2017.......SUNRISE   722 AM CDT   SUNSET   622 PM CDT
OCTOBER 23 2017.......SUNRISE   723 AM CDT   SUNSET   620 PM CDT


-  INDICATES NEGATIVE NUMBERS.
R  INDICATES RECORD WAS SET OR TIED.
MM INDICATES DATA IS MISSING.
T  INDICATES TRACE AMOUNT.




$$
