000
CDUS43 KSGF 280628
CLIUNO


CLIMATE REPORT
NATIONAL WEATHER SERVICE SPRINGFIELD MO
127 AM CDT WED JUN 28 2017


...................................

...THE WEST PLAINS MO CLIMATE SUMMARY FOR JUNE 27 2017...

CLIMATE NORMAL PERIOD 1981 TO 2010
CLIMATE RECORD PERIOD 1947 TO 2017


WEATHER ITEM   OBSERVED TIME   RECORD YEAR NORMAL DEPARTURE LAST
                VALUE   (LST)  VALUE       VALUE  FROM      YEAR
                                                  NORMAL
..................................................................
TEMPERATURE (F)
 YESTERDAY
  MAXIMUM         79    511 PM 101    1952  87     -8       88
  MINIMUM         60    551 AM  49    2003  66     -6       67
                                      1958
  AVERAGE         70                        76     -6       78

PRECIPITATION (IN)
  YESTERDAY        0.01          1.51 1960   0.13  -0.12      T
  MONTH TO DATE    1.35                      3.62  -2.27     4.23
  SINCE JUN 1      1.35                      3.62  -2.27     4.23
  SINCE JAN 1     36.76                     22.89  13.87    18.97

DEGREE DAYS
 HEATING
  YESTERDAY        0                         0      0        0
  MONTH TO DATE    0                         4     -4        0
  SINCE JUN 1      0                         4     -4        0
  SINCE JUL 1   3324                      4346  -1022     3525

 COOLING
  YESTERDAY        5                        11     -6       13
  MONTH TO DATE  221                       231    -10      319
  SINCE JUN 1    221                       231    -10      319
  SINCE JAN 1    343                       353    -10      412
..................................................................


WIND (MPH)
  HIGHEST WIND SPEED    12   HIGHEST WIND DIRECTION     S (160)
  HIGHEST GUST SPEED    15   HIGHEST GUST DIRECTION     S (160)
  AVERAGE WIND SPEED     5.1


SKY COVER
  AVERAGE SKY COVER 0.3


WEATHER CONDITIONS
 THE FOLLOWING WEATHER WAS RECORDED YESTERDAY.
  THUNDERSTORM
  LIGHT RAIN
  FOG


RELATIVE HUMIDITY (PERCENT)
 HIGHEST    97           200 AM
 LOWEST     54           200 PM
 AVERAGE    76

..........................................................


THE WEST PLAINS MO CLIMATE NORMALS FOR TODAY
                         NORMAL    RECORD    YEAR
 MAXIMUM TEMPERATURE (F)   87       106      2012
 MINIMUM TEMPERATURE (F)   66        49      2003


SUNRISE AND SUNSET
JUNE 28 2017..........SUNRISE   551 AM CDT   SUNSET   831 PM CDT
JUNE 29 2017..........SUNRISE   551 AM CDT   SUNSET   831 PM CDT


-  INDICATES NEGATIVE NUMBERS.
R  INDICATES RECORD WAS SET OR TIED.
MM INDICATES DATA IS MISSING.
T  INDICATES TRACE AMOUNT.




$$
