000
CDUS43 KSGF 230646
CLIUNO


CLIMATE REPORT
NATIONAL WEATHER SERVICE SPRINGFIELD MO
145 AM CDT FRI SEP 23 2016


...................................

...THE WEST PLAINS MO CLIMATE SUMMARY FOR SEPTEMBER 22 2016...

CLIMATE NORMAL PERIOD 1981 TO 2010
CLIMATE RECORD PERIOD 1947 TO 2016


WEATHER ITEM   OBSERVED TIME   RECORD YEAR NORMAL DEPARTURE LAST
                VALUE   (LST)  VALUE       VALUE  FROM      YEAR
                                                  NORMAL
..................................................................
TEMPERATURE (F)
 YESTERDAY
  MAXIMUM         87    307 PM  92    1948  78      9       83
  MINIMUM         60    605 AM  36    1983  54      6       52
  AVERAGE         74                        66      8       68

PRECIPITATION (IN)
  YESTERDAY        0.00          2.71 1984   0.13  -0.13     0.00
  MONTH TO DATE    1.29                      3.01  -1.72     0.97
  SINCE SEP 1      1.29                      3.01  -1.72     0.97
  SINCE JAN 1     33.41                     33.08   0.33    36.68

DEGREE DAYS
 HEATING
  YESTERDAY        0                         2     -2        0
  MONTH TO DATE    0                        13    -13       17
  SINCE SEP 1      0                        13    -13       17
  SINCE JUL 1      0                        14    -14       17

 COOLING
  YESTERDAY        9                         3      6        3
  MONTH TO DATE  195                       137     58      162
  SINCE SEP 1    195                       137     58      162
  SINCE JAN 1   1484                      1309    175     1319
..................................................................


WIND (MPH)
  HIGHEST WIND SPEED     8   HIGHEST WIND DIRECTION     W (250)
  HIGHEST GUST SPEED    11   HIGHEST GUST DIRECTION     W (270)
  AVERAGE WIND SPEED     1.6


SKY COVER
  AVERAGE SKY COVER 0.0


WEATHER CONDITIONS
 THE FOLLOWING WEATHER WAS RECORDED YESTERDAY.
  FOG
  HAZE


RELATIVE HUMIDITY (PERCENT)
 HIGHEST    93           300 AM
 LOWEST     40           300 PM
 AVERAGE    67

..........................................................


THE WEST PLAINS MO CLIMATE NORMALS FOR TODAY
                         NORMAL    RECORD    YEAR
 MAXIMUM TEMPERATURE (F)   78        94      2005
 MINIMUM TEMPERATURE (F)   54        34      1995


SUNRISE AND SUNSET
SEPTEMBER 23 2016.....SUNRISE   657 AM CDT   SUNSET   702 PM CDT
SEPTEMBER 24 2016.....SUNRISE   658 AM CDT   SUNSET   701 PM CDT


-  INDICATES NEGATIVE NUMBERS.
R  INDICATES RECORD WAS SET OR TIED.
MM INDICATES DATA IS MISSING.
T  INDICATES TRACE AMOUNT.




$$
