000
CDUS43 KSGF 270626
CLIUNO


CLIMATE REPORT
NATIONAL WEATHER SERVICE SPRINGFIELD MO
126 AM CDT SAT SEP 27 2014


...................................

...THE WEST PLAINS MO CLIMATE SUMMARY FOR SEPTEMBER 26 2014...

CLIMATE NORMAL PERIOD 1981 TO 2010
CLIMATE RECORD PERIOD 1947 TO 2014


WEATHER ITEM   OBSERVED TIME   RECORD YEAR NORMAL DEPARTURE LAST
                VALUE   (LST)  VALUE       VALUE  FROM      YEAR
                                                  NORMAL
..................................................................
TEMPERATURE (F)
 YESTERDAY
  MAXIMUM         82    141 PM  90    1954  77      5       81
  MINIMUM         54    556 AM  37    1985  52      2       55
                                      2001
  AVERAGE         68                        64      4       68

PRECIPITATION (IN)
  YESTERDAY        0.00          3.51 1996   0.14  -0.14     0.00
  MONTH TO DATE    2.20                      3.51  -1.31     1.41
  SINCE SEP 1      2.20                      3.51  -1.31     1.41
  SINCE JAN 1     23.82                     33.58  -9.76    43.64

DEGREE DAYS
 HEATING
  YESTERDAY        0                         3     -3        0
  MONTH TO DATE   44                        24     20       16
  SINCE SEP 1     44                        24     20       16
  SINCE JUL 1     46                        25     21       20

 COOLING
  YESTERDAY        3                         2      1        3
  MONTH TO DATE  122                       148    -26      183
  SINCE SEP 1    122                       148    -26      183
  SINCE JAN 1   1177                      1320   -143     1025
..................................................................


WIND (MPH)
  HIGHEST WIND SPEED    10   HIGHEST WIND DIRECTION     E (110)
  HIGHEST GUST SPEED    15   HIGHEST GUST DIRECTION    SE (130)
  AVERAGE WIND SPEED     2.5


SKY COVER
  AVERAGE SKY COVER 0.0


WEATHER CONDITIONS
 THE FOLLOWING WEATHER WAS RECORDED YESTERDAY.
  FOG


RELATIVE HUMIDITY (PERCENT)
 HIGHEST    93           200 AM
 LOWEST     39           100 PM
 AVERAGE    66

..........................................................


THE WEST PLAINS MO CLIMATE NORMALS FOR TODAY
                         NORMAL    RECORD    YEAR
 MAXIMUM TEMPERATURE (F)   76        95      1954
 MINIMUM TEMPERATURE (F)   52        32      1985


SUNRISE AND SUNSET
SEPTEMBER 27 2014.....SUNRISE   700 AM CDT   SUNSET   657 PM CDT
SEPTEMBER 28 2014.....SUNRISE   700 AM CDT   SUNSET   655 PM CDT


-  INDICATES NEGATIVE NUMBERS.
R  INDICATES RECORD WAS SET OR TIED.
MM INDICATES DATA IS MISSING.
T  INDICATES TRACE AMOUNT.




$$
