843
CDUS43 KSGF 220633
CLIUNO


CLIMATE REPORT
NATIONAL WEATHER SERVICE SPRINGFIELD MO
1233 AM CST WED FEB 22 2017


...................................

...THE WEST PLAINS MO CLIMATE SUMMARY FOR FEBRUARY 21 2017...

CLIMATE NORMAL PERIOD 1981 TO 2010
CLIMATE RECORD PERIOD 1947 TO 2017


WEATHER ITEM   OBSERVED TIME   RECORD YEAR NORMAL DEPARTURE LAST
                VALUE   (LST)  VALUE       VALUE  FROM      YEAR
                                                  NORMAL
..................................................................
TEMPERATURE (F)
 YESTERDAY
  MAXIMUM         61    151 PM  74    1996  51     10       73
  MINIMUM         53    956 PM   2    1963  28     25       45
  AVERAGE         57                        39     18       59

PRECIPITATION (IN)
  YESTERDAY        0.66          1.67 1974   0.11   0.55     0.09
  MONTH TO DATE    2.58                      2.12   0.46     0.81
  SINCE DEC 1      5.64                      8.48  -2.84    10.78
  SINCE JAN 1      4.62                      4.84  -0.22     1.74

DEGREE DAYS
 HEATING
  YESTERDAY        8                        26    -18        6
  MONTH TO DATE  375                       590   -215      499
  SINCE DEC 1   2034                      2442   -408     2033
  SINCE JUL 1   2554                      3294   -740     2668

 COOLING
  YESTERDAY        0                         0      0        0
  MONTH TO DATE    0                         0      0        0
  SINCE DEC 1      0                         0      0        0
  SINCE JAN 1      0                         0      0        0
..................................................................


WIND (MPH)
  HIGHEST WIND SPEED    15   HIGHEST WIND DIRECTION    NE (30)
  HIGHEST GUST SPEED    20   HIGHEST GUST DIRECTION     N (360)
  AVERAGE WIND SPEED     7.0


SKY COVER
  AVERAGE SKY COVER 0.9


WEATHER CONDITIONS
 THE FOLLOWING WEATHER WAS RECORDED YESTERDAY.
  HEAVY RAIN
  RAIN
  LIGHT RAIN
  FOG


RELATIVE HUMIDITY (PERCENT)
 HIGHEST   100           300 AM
 LOWEST     84           200 PM
 AVERAGE    92

..........................................................


THE WEST PLAINS MO CLIMATE NORMALS FOR TODAY
                         NORMAL    RECORD    YEAR
 MAXIMUM TEMPERATURE (F)   51        74      1988
 MINIMUM TEMPERATURE (F)   28         0      1963


SUNRISE AND SUNSET
FEBRUARY 22 2017......SUNRISE   647 AM CST   SUNSET   555 PM CST
FEBRUARY 23 2017......SUNRISE   646 AM CST   SUNSET   556 PM CST


-  INDICATES NEGATIVE NUMBERS.
R  INDICATES RECORD WAS SET OR TIED.
MM INDICATES DATA IS MISSING.
T  INDICATES TRACE AMOUNT.




$$
