000
CDUS43 KSGF 212226
CLIUNO


CLIMATE REPORT
NATIONAL WEATHER SERVICE SPRINGFIELD MO
526 PM CDT MON APR 21 2014


...................................

...THE WEST PLAINS MO CLIMATE SUMMARY FOR APRIL 21 2014...
VALID TODAY AS OF 0500 PM LOCAL TIME.

CLIMATE NORMAL PERIOD 1981 TO 2010
CLIMATE RECORD PERIOD 1947 TO 2014


WEATHER ITEM   OBSERVED TIME   RECORD YEAR NORMAL DEPARTURE LAST
                VALUE   (LST)  VALUE       VALUE  FROM      YEAR
                                                  NORMAL
..................................................................
TEMPERATURE (F)
 TODAY
  MAXIMUM         70    159 PM  91    1963  71     -1       65
  MINIMUM         59    622 AM  29    1953  47     12       42
  AVERAGE         65                        59      6       54

PRECIPITATION (IN)
  TODAY            0.04          3.98 1974   0.16  -0.12     0.00
  MONTH TO DATE    3.39                      3.01   0.38     2.92
  SINCE MAR 1      6.61                      7.30  -0.69     6.67
  SINCE JAN 1      8.46                     12.86  -4.40    13.99

DEGREE DAYS
 COOLING
  TODAY            0                         1     -1        0
  MONTH TO DATE    7                        16     -9       15
  SINCE MAR 1      7                        20    -13       15
  SINCE JAN 1      7                        20    -13       15
..................................................................


WIND (MPH)
  HIGHEST WIND SPEED    16   HIGHEST WIND DIRECTION     W (260)
  HIGHEST GUST SPEED    21   HIGHEST GUST DIRECTION     W (260)


SKY COVER
  AVERAGE SKY COVER 0.8


WEATHER CONDITIONS
 THE FOLLOWING WEATHER WAS RECORDED TODAY.
  LIGHT RAIN
  FOG


RELATIVE HUMIDITY (PERCENT)
 HIGHEST    90           700 AM
 LOWEST     56          1200 AM
 AVERAGE    73

..........................................................


THE WEST PLAINS MO CLIMATE NORMALS FOR TOMORROW
                         NORMAL    RECORD    YEAR
 MAXIMUM TEMPERATURE (F)   72        91      1955
 MINIMUM TEMPERATURE (F)   47        29      1993


SUNRISE AND SUNSET
APRIL 21 2014.........SUNRISE   626 AM CDT   SUNSET   748 PM CDT
APRIL 22 2014.........SUNRISE   624 AM CDT   SUNSET   748 PM CDT


-  INDICATES NEGATIVE NUMBERS.
R  INDICATES RECORD WAS SET OR TIED.
MM INDICATES DATA IS MISSING.
T  INDICATES TRACE AMOUNT.




$$
