460
CDUS43 KSGF 272134
CLIUNO


CLIMATE REPORT
NATIONAL WEATHER SERVICE SPRINGFIELD MO
433 PM CDT WED APR 27 2016


...................................

...THE WEST PLAINS MO CLIMATE SUMMARY FOR APRIL 27 2016...
VALID AS OF 0400 PM LOCAL TIME.

CLIMATE NORMAL PERIOD 1981 TO 2010
CLIMATE RECORD PERIOD 1947 TO 2016


WEATHER ITEM   OBSERVED TIME   RECORD YEAR NORMAL DEPARTURE LAST
                VALUE   (LST)  VALUE       VALUE  FROM      YEAR
                                                  NORMAL
..................................................................
TEMPERATURE (F)
 TODAY
  MAXIMUM         76    259 PM  87    1989  73      3       66
  MINIMUM         57    559 AM  33    1953  49      8       43
                                      1992
  AVERAGE         67                        61      6       55

PRECIPITATION (IN)
  TODAY            0.21          1.39 1969   0.16   0.05     0.00
  MONTH TO DATE    1.27                      4.00  -2.73     1.33
  SINCE MAR 1      5.20                      8.29  -3.09     5.36
  SINCE JAN 1      7.84                     13.85  -6.01    10.04

DEGREE DAYS
 HEATING
  TODAY            0                         5     -5       10
  MONTH TO DATE  176                       237    -61      184
  SINCE MAR 1    570                       783   -213      743
  SINCE JUL 1   3403                      4247   -844     4540

 COOLING
  TODAY            2                         1      1        0
  MONTH TO DATE   10                        22    -12       16
  SINCE MAR 1     14                        26    -12       16
  SINCE JAN 1     14                        26    -12       16
..................................................................


WIND (MPH)
  HIGHEST WIND SPEED    29   HIGHEST WIND DIRECTION     W (270)
  HIGHEST GUST SPEED    46   HIGHEST GUST DIRECTION     W (270)


SKY COVER
  AVERAGE SKY COVER 0.4


WEATHER CONDITIONS
 THE FOLLOWING WEATHER WAS RECORDED TODAY.
  LIGHT RAIN
  FOG


RELATIVE HUMIDITY (PERCENT)
 HIGHEST    84          1000 AM
 LOWEST     54           200 PM
 AVERAGE    69

..........................................................


THE WEST PLAINS MO CLIMATE NORMALS FOR TOMORROW
                         NORMAL    RECORD    YEAR
 MAXIMUM TEMPERATURE (F)   73        88      1970
 MINIMUM TEMPERATURE (F)   49        27      1992


SUNRISE AND SUNSET
APRIL 27 2016.........SUNRISE   618 AM CDT   SUNSET   753 PM CDT
APRIL 28 2016.........SUNRISE   616 AM CDT   SUNSET   754 PM CDT


-  INDICATES NEGATIVE NUMBERS.
R  INDICATES RECORD WAS SET OR TIED.
MM INDICATES DATA IS MISSING.
T  INDICATES TRACE AMOUNT.




$$
