000
CDUS43 KSGF 140627
CLIUNO


CLIMATE REPORT
NATIONAL WEATHER SERVICE SPRINGFIELD MO
1227 AM CST WED FEB 14 2018


...................................

...THE WEST PLAINS MO CLIMATE SUMMARY FOR FEBRUARY 13 2018...

CLIMATE NORMAL PERIOD 1981 TO 2010
CLIMATE RECORD PERIOD 1947 TO 2018


WEATHER ITEM   OBSERVED TIME   RECORD YEAR NORMAL DEPARTURE LAST
                VALUE   (LST)  VALUE       VALUE  FROM      YEAR
                                                  NORMAL
..................................................................
TEMPERATURE (F)
 YESTERDAY
  MAXIMUM         48    505 PM  87    1962  49     -1       52
  MINIMUM         27    309 AM   2    1988  26      1       27
  AVERAGE         38                        37      1       40

PRECIPITATION (IN)
  YESTERDAY        0.00          2.63 1989   0.10  -0.10     0.02
  MONTH TO DATE    0.07                      1.30  -1.23     0.02
  SINCE DEC 1      4.12                      7.66  -3.54     3.08
  SINCE JAN 1      2.09                      4.02  -1.93     2.06

DEGREE DAYS
 HEATING
  YESTERDAY       27                        28     -1       25
  MONTH TO DATE  437                       377     60      269
  SINCE DEC 1   2327                      2229     98     1928
  SINCE JUL 1   2990                      3081    -91     2448

 COOLING
  YESTERDAY        0                         0      0        0
  MONTH TO DATE    0                         0      0        0
  SINCE DEC 1      0                         0      0        0
  SINCE JAN 1      0                         0      0        0
..................................................................


WIND (MPH)
  HIGHEST WIND SPEED    12   HIGHEST WIND DIRECTION     S (160)
  HIGHEST GUST SPEED    16   HIGHEST GUST DIRECTION     E (80)
  AVERAGE WIND SPEED     5.4


SKY COVER
  AVERAGE SKY COVER 0.6


WEATHER CONDITIONS
 THE FOLLOWING WEATHER WAS RECORDED YESTERDAY.
  NO SIGNIFICANT WEATHER WAS OBSERVED.


RELATIVE HUMIDITY (PERCENT)
 HIGHEST    71          1100 PM
 LOWEST     49           100 PM
 AVERAGE    60

..........................................................


THE WEST PLAINS MO CLIMATE NORMALS FOR TODAY
                         NORMAL    RECORD    YEAR
 MAXIMUM TEMPERATURE (F)   49        72      1954
 MINIMUM TEMPERATURE (F)   26        12      1960


SUNRISE AND SUNSET
FEBRUARY 14 2018......SUNRISE   657 AM CST   SUNSET   547 PM CST
FEBRUARY 15 2018......SUNRISE   656 AM CST   SUNSET   548 PM CST


-  INDICATES NEGATIVE NUMBERS.
R  INDICATES RECORD WAS SET OR TIED.
MM INDICATES DATA IS MISSING.
T  INDICATES TRACE AMOUNT.




$$
