593
CDUS43 KSGF 170632
CLIUNO


CLIMATE REPORT
NATIONAL WEATHER SERVICE SPRINGFIELD MO
1231 AM CST TUE JAN 17 2017


...................................

...THE WEST PLAINS MO CLIMATE SUMMARY FOR JANUARY 16 2017...

CLIMATE NORMAL PERIOD 1981 TO 2010
CLIMATE RECORD PERIOD 1947 TO 2017


WEATHER ITEM   OBSERVED TIME   RECORD YEAR NORMAL DEPARTURE LAST
                VALUE   (LST)  VALUE       VALUE  FROM      YEAR
                                                  NORMAL
..................................................................
TEMPERATURE (F)
 YESTERDAY
  MAXIMUM         60    813 PM  72    1952  44     16       42
  MINIMUM         40   1225 AM -10    1977  23     17       22
  AVERAGE         50                        34     16       32

PRECIPITATION (IN)
  YESTERDAY        0.10          1.13 1978   0.07   0.03     0.00
  MONTH TO DATE    1.46                      1.02   0.44     0.80
  SINCE DEC 1      2.48                      4.66  -2.18     9.84
  SINCE JAN 1      1.46                      1.02   0.44     0.80

DEGREE DAYS
 HEATING
  YESTERDAY       15                        31    -16       33
  MONTH TO DATE  471                       496    -25      468
  SINCE DEC 1   1341                      1389    -48     1078
  SINCE JUL 1   1861                      2241   -380     1713

 COOLING
  YESTERDAY        0                         0      0        0
  MONTH TO DATE    0                         0      0        0
  SINCE DEC 1      0                         0      0        0
  SINCE JAN 1      0                         0      0        0
..................................................................


WIND (MPH)
  HIGHEST WIND SPEED    18   HIGHEST WIND DIRECTION     W (270)
  HIGHEST GUST SPEED    26   HIGHEST GUST DIRECTION     S (160)
  AVERAGE WIND SPEED     9.6


SKY COVER
  AVERAGE SKY COVER 0.9


WEATHER CONDITIONS
 THE FOLLOWING WEATHER WAS RECORDED YESTERDAY.
  THUNDERSTORM
  RAIN
  LIGHT RAIN
  FOG
  FOG W/VISIBILITY <= 1/4 MILE


RELATIVE HUMIDITY (PERCENT)
 HIGHEST   100          1200 AM
 LOWEST     83          1100 PM
 AVERAGE    92

..........................................................


THE WEST PLAINS MO CLIMATE NORMALS FOR TODAY
                         NORMAL    RECORD    YEAR
 MAXIMUM TEMPERATURE (F)   44        74      1952
 MINIMUM TEMPERATURE (F)   23       -12      1977


SUNRISE AND SUNSET
JANUARY 17 2017.......SUNRISE   719 AM CST   SUNSET   517 PM CST
JANUARY 18 2017.......SUNRISE   718 AM CST   SUNSET   518 PM CST


-  INDICATES NEGATIVE NUMBERS.
R  INDICATES RECORD WAS SET OR TIED.
MM INDICATES DATA IS MISSING.
T  INDICATES TRACE AMOUNT.




$$
