000
CDUS43 KSGF 162232
CLIUNO


CLIMATE REPORT
NATIONAL WEATHER SERVICE SPRINGFIELD MO
532 PM CDT SAT SEP 16 2017


...................................

...THE WEST PLAINS MO CLIMATE SUMMARY FOR SEPTEMBER 16 2017...
VALID TODAY AS OF 0500 PM LOCAL TIME.

CLIMATE NORMAL PERIOD 1981 TO 2010
CLIMATE RECORD PERIOD 1947 TO 2017


WEATHER ITEM   OBSERVED TIME   RECORD YEAR NORMAL DEPARTURE LAST
                VALUE   (LST)  VALUE       VALUE  FROM      YEAR
                                                  NORMAL
..................................................................
TEMPERATURE (F)
 TODAY
  MAXIMUM         89    236 PM  99    1980  81      8       86
  MINIMUM         61    608 AM  39    1961  57      4       67
  AVERAGE         75                        69      6       77

PRECIPITATION (IN)
  TODAY            0.00          1.68 1968   0.12  -0.12    MM
                                      1995
  MONTH TO DATE    0.06                      2.30  -2.24     1.29
  SINCE SEP 1      0.06                      2.30  -2.24     1.29
  SINCE JAN 1     42.25                     32.37   9.88    33.41

DEGREE DAYS
 HEATING
  TODAY            0                         1     -1        0
  MONTH TO DATE    5                         4      1        0
  SINCE SEP 1      5                         4      1        0
  SINCE JUL 1      6                         5      1        0

 COOLING
  TODAY           10                         5      5       12
  MONTH TO DATE   78                       115    -37      147
  SINCE SEP 1     78                       115    -37      147
  SINCE JAN 1   1179                      1287   -108     1436
..................................................................


WIND (MPH)
  HIGHEST WIND SPEED    17   HIGHEST WIND DIRECTION     S (190)
  HIGHEST GUST SPEED    24   HIGHEST GUST DIRECTION     S (200)


SKY COVER
  AVERAGE SKY COVER 0.3


WEATHER CONDITIONS
 THE FOLLOWING WEATHER WAS RECORDED TODAY.
  FOG
  FOG W/VISIBILITY <= 1/4 MILE
  HAZE


RELATIVE HUMIDITY (PERCENT)
 HIGHEST   100           700 AM
 LOWEST     39           100 PM
 AVERAGE    70

..........................................................


THE WEST PLAINS MO CLIMATE NORMALS FOR TOMORROW
                         NORMAL    RECORD    YEAR
 MAXIMUM TEMPERATURE (F)   80        97      1953
 MINIMUM TEMPERATURE (F)   56        39      1993


SUNRISE AND SUNSET
SEPTEMBER 16 2017.....SUNRISE   651 AM CDT   SUNSET   713 PM CDT
SEPTEMBER 17 2017.....SUNRISE   652 AM CDT   SUNSET   712 PM CDT


-  INDICATES NEGATIVE NUMBERS.
R  INDICATES RECORD WAS SET OR TIED.
MM INDICATES DATA IS MISSING.
T  INDICATES TRACE AMOUNT.




$$
