672
CDUS43 KSGF 232134
CLIUNO


CLIMATE REPORT
NATIONAL WEATHER SERVICE SPRINGFIELD MO
427 PM CDT THU MAR 23 2017


...................................

...THE WEST PLAINS MO CLIMATE SUMMARY FOR MARCH 23 2017...
VALID AS OF 0400 PM LOCAL TIME.

CLIMATE NORMAL PERIOD 1981 TO 2010
CLIMATE RECORD PERIOD 1947 TO 2017


WEATHER ITEM   OBSERVED TIME   RECORD YEAR NORMAL DEPARTURE LAST
                VALUE   (LST)  VALUE       VALUE  FROM      YEAR
                                                  NORMAL
..................................................................
TEMPERATURE (F)
 TODAY
  MAXIMUM         73    259 PM  80    1967  62     11       71
  MINIMUM         44    626 AM  16    1974  38      6       56
  AVERAGE         59                        50      9       64

PRECIPITATION (IN)
  TODAY            0.00          2.81 1969   0.14  -0.14     0.00
  MONTH TO DATE    3.18                      3.01   0.17     2.38
  SINCE MAR 1      3.18                      3.01   0.17     2.38
  SINCE JAN 1      7.81                      8.57  -0.76     5.02

DEGREE DAYS
 HEATING
  TODAY            6                        15     -9        1
  MONTH TO DATE  381                       437    -56      287
  SINCE MAR 1    381                       437    -56      287
  SINCE JUL 1   3030                      3901   -871     3120

 COOLING
  TODAY            0                         0      0        0
  MONTH TO DATE    4                         0      4        4
  SINCE MAR 1      4                         0      4        4
  SINCE JAN 1      5                         0      5        4
..................................................................


WIND (MPH)
  HIGHEST WIND SPEED    18   HIGHEST WIND DIRECTION     S (170)
  HIGHEST GUST SPEED    26   HIGHEST GUST DIRECTION     S (180)


SKY COVER
  AVERAGE SKY COVER 0.6


WEATHER CONDITIONS
 THE FOLLOWING WEATHER WAS RECORDED TODAY.
  NO SIGNIFICANT WEATHER WAS OBSERVED.


RELATIVE HUMIDITY (PERCENT)
 HIGHEST    49           700 AM
 LOWEST     38           400 AM
 AVERAGE    44

..........................................................


THE WEST PLAINS MO CLIMATE NORMALS FOR TOMORROW
                         NORMAL    RECORD    YEAR
 MAXIMUM TEMPERATURE (F)   63        82      1967
 MINIMUM TEMPERATURE (F)   38        14      1974


SUNRISE AND SUNSET
MARCH 23 2017.........SUNRISE   706 AM CDT   SUNSET   722 PM CDT
MARCH 24 2017.........SUNRISE   705 AM CDT   SUNSET   723 PM CDT


-  INDICATES NEGATIVE NUMBERS.
R  INDICATES RECORD WAS SET OR TIED.
MM INDICATES DATA IS MISSING.
T  INDICATES TRACE AMOUNT.




$$
