000
CDUS43 KSGF 242126
CLIUNO


CLIMATE REPORT
NATIONAL WEATHER SERVICE SPRINGFIELD MO
426 PM CDT SUN APR 24 2016


...................................

...THE WEST PLAINS MO CLIMATE SUMMARY FOR APRIL 24 2016...
VALID AS OF 0400 PM LOCAL TIME.

CLIMATE NORMAL PERIOD 1981 TO 2010
CLIMATE RECORD PERIOD 1947 TO 2016


WEATHER ITEM   OBSERVED TIME   RECORD YEAR NORMAL DEPARTURE LAST
                VALUE   (LST)  VALUE       VALUE  FROM      YEAR
                                                  NORMAL
..................................................................
TEMPERATURE (F)
 TODAY
  MAXIMUM         78    259 PM  87    1965  72      6       54
  MINIMUM         48    529 AM  30    2005  48      0       44
  AVERAGE         63                        60      3       49

PRECIPITATION (IN)
  TODAY            0.00          4.40 2004   0.17  -0.17     0.07
  MONTH TO DATE    0.99                      3.50  -2.51     1.33
  SINCE MAR 1      4.92                      7.79  -2.87     5.36
  SINCE JAN 1      7.56                     13.35  -5.79    10.04

DEGREE DAYS
 HEATING
  TODAY            2                         6     -4       16
  MONTH TO DATE  176                       220    -44      164
  SINCE MAR 1    570                       766   -196      723
  SINCE JUL 1   3403                      4230   -827     4520

 COOLING
  TODAY            0                         1     -1        0
  MONTH TO DATE    0                        19    -19       15
  SINCE MAR 1      4                        23    -19       15
  SINCE JAN 1      4                        23    -19       15
..................................................................


WIND (MPH)
  HIGHEST WIND SPEED    20   HIGHEST WIND DIRECTION     S (160)
  HIGHEST GUST SPEED    25   HIGHEST GUST DIRECTION     S (180)


SKY COVER
  AVERAGE SKY COVER 0.0


WEATHER CONDITIONS
 THE FOLLOWING WEATHER WAS RECORDED TODAY.
  FOG


RELATIVE HUMIDITY (PERCENT)
 HIGHEST    93           500 AM
 LOWEST     35           300 PM
 AVERAGE    64

..........................................................


THE WEST PLAINS MO CLIMATE NORMALS FOR TOMORROW
                         NORMAL    RECORD    YEAR
 MAXIMUM TEMPERATURE (F)   72        88      2012
 MINIMUM TEMPERATURE (F)   48        31      2013
                                             1968


SUNRISE AND SUNSET
APRIL 24 2016.........SUNRISE   621 AM CDT   SUNSET   751 PM CDT
APRIL 25 2016.........SUNRISE   620 AM CDT   SUNSET   752 PM CDT


-  INDICATES NEGATIVE NUMBERS.
R  INDICATES RECORD WAS SET OR TIED.
MM INDICATES DATA IS MISSING.
T  INDICATES TRACE AMOUNT.




$$
