000
CDUS43 KSGF 290630
CLIUNO


CLIMATE REPORT
NATIONAL WEATHER SERVICE SPRINGFIELD MO
130 AM CDT TUE JUL 29 2014


...................................

...THE WEST PLAINS MO CLIMATE SUMMARY FOR JULY 28 2014...

CLIMATE NORMAL PERIOD 1981 TO 2010
CLIMATE RECORD PERIOD 1947 TO 2014


WEATHER ITEM   OBSERVED TIME   RECORD YEAR NORMAL DEPARTURE LAST
                VALUE   (LST)  VALUE       VALUE  FROM      YEAR
                                                  NORMAL
..................................................................
TEMPERATURE (F)
 YESTERDAY
  MAXIMUM         84    223 PM 103    1986  91     -7       73
  MINIMUM         62   1159 PM  53    2004  66     -4       57
  AVERAGE         73                        78     -5       65

PRECIPITATION (IN)
  YESTERDAY        0.00          1.66 2009   0.09  -0.09     0.00
  MONTH TO DATE    1.62                      3.26  -1.64     4.05
  SINCE JUN 1      6.85                      7.28  -0.43     7.72
  SINCE JAN 1     18.83                     26.55  -7.72    29.54

DEGREE DAYS
 HEATING
  YESTERDAY        0                         0      0        0
  MONTH TO DATE    2                         0      2        0
  SINCE JUN 1      4                         5     -1        9
  SINCE JUL 1      2                         0      2        0

 COOLING
  YESTERDAY        8                        13     -5        0
  MONTH TO DATE  225                       360   -135      244
  SINCE JUN 1    490                       626   -136      392
  SINCE JAN 1    640                       748   -108      504
..................................................................


WIND (MPH)
  HIGHEST WIND SPEED    15   HIGHEST WIND DIRECTION    NW (320)
  HIGHEST GUST SPEED    19   HIGHEST GUST DIRECTION    NW (320)
  AVERAGE WIND SPEED     7.2


SKY COVER
  AVERAGE SKY COVER 0.1


WEATHER CONDITIONS
 THE FOLLOWING WEATHER WAS RECORDED YESTERDAY.
  NO SIGNIFICANT WEATHER WAS OBSERVED.


RELATIVE HUMIDITY (PERCENT)
 HIGHEST    78           400 AM
 LOWEST     40           500 PM
 AVERAGE    59

..........................................................


THE WEST PLAINS MO CLIMATE NORMALS FOR TODAY
                         NORMAL    RECORD    YEAR
 MAXIMUM TEMPERATURE (F)   91       104      1999
 MINIMUM TEMPERATURE (F)   66        54      2004


SUNRISE AND SUNSET
JULY 29 2014..........SUNRISE   611 AM CDT   SUNSET   817 PM CDT
JULY 30 2014..........SUNRISE   612 AM CDT   SUNSET   816 PM CDT


-  INDICATES NEGATIVE NUMBERS.
R  INDICATES RECORD WAS SET OR TIED.
MM INDICATES DATA IS MISSING.
T  INDICATES TRACE AMOUNT.




$$
