443
CDUS43 KSGF 140645
CLIUNO


CLIMATE REPORT
NATIONAL WEATHER SERVICE SPRINGFIELD MO
1244 AM CST TUE NOV 14 2017


...................................

...THE WEST PLAINS MO CLIMATE SUMMARY FOR NOVEMBER 13 2017...

CLIMATE NORMAL PERIOD 1981 TO 2010
CLIMATE RECORD PERIOD 1947 TO 2017


WEATHER ITEM   OBSERVED TIME   RECORD YEAR NORMAL DEPARTURE LAST
                VALUE   (LST)  VALUE       VALUE  FROM      YEAR
                                                  NORMAL
..................................................................
TEMPERATURE (F)
 YESTERDAY
  MAXIMUM         59    254 PM  81    1955  58      1       61
  MINIMUM         34    651 AM   7    1986  38     -4       25
  AVERAGE         47                        48     -1       43

PRECIPITATION (IN)
  YESTERDAY        0.00          1.04 1993   0.16  -0.16     0.00
  MONTH TO DATE    0.29                      1.88  -1.59     0.02
  SINCE SEP 1      2.50                      9.81  -7.31     3.43
  SINCE JAN 1     44.69                     39.88   4.81    35.55

DEGREE DAYS
 HEATING
  YESTERDAY       18                        17      1       22
  MONTH TO DATE  178                       193    -15      122
  SINCE SEP 1    405                       495    -90      234
  SINCE JUL 1    406                       496    -90      234

 COOLING
  YESTERDAY        0                         0      0        0
  MONTH TO DATE    6                         0      6       11
  SINCE SEP 1    288                       180    108      310
  SINCE JAN 1   1389                      1352     37     1599
..................................................................


WIND (MPH)
  HIGHEST WIND SPEED    10   HIGHEST WIND DIRECTION    SE (120)
  HIGHEST GUST SPEED    14   HIGHEST GUST DIRECTION     S (170)
  AVERAGE WIND SPEED     5.4


SKY COVER
  AVERAGE SKY COVER 0.2


WEATHER CONDITIONS
 THE FOLLOWING WEATHER WAS RECORDED YESTERDAY.
  FOG


RELATIVE HUMIDITY (PERCENT)
 HIGHEST    92           500 AM
 LOWEST     47           300 PM
 AVERAGE    70

..........................................................


THE WEST PLAINS MO CLIMATE NORMALS FOR TODAY
                         NORMAL    RECORD    YEAR
 MAXIMUM TEMPERATURE (F)   58        79      1999
 MINIMUM TEMPERATURE (F)   37        12      1986


SUNRISE AND SUNSET
NOVEMBER 14 2017......SUNRISE   645 AM CST   SUNSET   459 PM CST
NOVEMBER 15 2017......SUNRISE   646 AM CST   SUNSET   458 PM CST


-  INDICATES NEGATIVE NUMBERS.
R  INDICATES RECORD WAS SET OR TIED.
MM INDICATES DATA IS MISSING.
T  INDICATES TRACE AMOUNT.




$$
