000
CDUS43 KSGF 210627
CLIUNO


CLIMATE REPORT
NATIONAL WEATHER SERVICE SPRINGFIELD MO
126 AM CDT THU MAY 21 2015


...................................

...THE WEST PLAINS MO CLIMATE SUMMARY FOR MAY 20 2015...

CLIMATE NORMAL PERIOD 1981 TO 2010
CLIMATE RECORD PERIOD 1947 TO 2015


WEATHER ITEM   OBSERVED TIME   RECORD YEAR NORMAL DEPARTURE LAST
                VALUE   (LST)  VALUE       VALUE  FROM      YEAR
                                                  NORMAL
..................................................................
TEMPERATURE (F)
 YESTERDAY
  MAXIMUM         65    359 PM  89    1964  78    -13       82
  MINIMUM         49   1159 PM  39    1954  55     -6       58
  AVERAGE         57                        66     -9       70

PRECIPITATION (IN)
  YESTERDAY        0.17          2.57 1979   0.14   0.03     0.00
  MONTH TO DATE    4.72                      3.51   1.21     2.68
  SINCE MAR 1     10.08                     12.28  -2.20    10.00
  SINCE JAN 1     14.76                     17.84  -3.08    11.85

DEGREE DAYS
 HEATING
  YESTERDAY        8                         2      6        0
  MONTH TO DATE   47                        66    -19      105
  SINCE MAR 1    815                       864    -49     1059
  SINCE JUL 1   4612                      4328    284     4857

 COOLING
  YESTERDAY        0                         4     -4        5
  MONTH TO DATE   57                        45     12       62
  SINCE MAR 1     73                        73      0       71
  SINCE JAN 1     73                        73      0       71
..................................................................


WIND (MPH)
  HIGHEST WIND SPEED    15   HIGHEST WIND DIRECTION     N (10)
  HIGHEST GUST SPEED    20   HIGHEST GUST DIRECTION    SE (120)
  AVERAGE WIND SPEED     7.4


SKY COVER
  AVERAGE SKY COVER 1.0


WEATHER CONDITIONS
 THE FOLLOWING WEATHER WAS RECORDED YESTERDAY.
  RAIN
  LIGHT RAIN
  FOG


RELATIVE HUMIDITY (PERCENT)
 HIGHEST    93           600 AM
 LOWEST     67           100 AM
 AVERAGE    80

..........................................................


THE WEST PLAINS MO CLIMATE NORMALS FOR TODAY
                         NORMAL    RECORD    YEAR
 MAXIMUM TEMPERATURE (F)   78        92      1987
 MINIMUM TEMPERATURE (F)   56        36      1954


SUNRISE AND SUNSET
MAY 21 2015...........SUNRISE   556 AM CDT   SUNSET   813 PM CDT
MAY 22 2015...........SUNRISE   555 AM CDT   SUNSET   814 PM CDT


-  INDICATES NEGATIVE NUMBERS.
R  INDICATES RECORD WAS SET OR TIED.
MM INDICATES DATA IS MISSING.
T  INDICATES TRACE AMOUNT.




$$
