000
CDUS43 KSGF 260628
CLIUNO


CLIMATE REPORT
NATIONAL WEATHER SERVICE SPRINGFIELD MO
128 AM CDT FRI SEP 26 2014


...................................

...THE WEST PLAINS MO CLIMATE SUMMARY FOR SEPTEMBER 25 2014...

CLIMATE NORMAL PERIOD 1981 TO 2010
CLIMATE RECORD PERIOD 1947 TO 2014


WEATHER ITEM   OBSERVED TIME   RECORD YEAR NORMAL DEPARTURE LAST
                VALUE   (LST)  VALUE       VALUE  FROM      YEAR
                                                  NORMAL
..................................................................
TEMPERATURE (F)
 YESTERDAY
  MAXIMUM         80    136 PM  90    1954  77      3       79
  MINIMUM         52    616 AM  34    1950  53     -1       55
  AVERAGE         66                        65      1       67

PRECIPITATION (IN)
  YESTERDAY        0.00          3.86 1993   0.13  -0.13     0.00
  MONTH TO DATE    2.20                      3.37  -1.17     1.41
  SINCE SEP 1      2.20                      3.37  -1.17     1.41
  SINCE JAN 1     23.82                     33.44  -9.62    43.64

DEGREE DAYS
 HEATING
  YESTERDAY        0                         3     -3        0
  MONTH TO DATE   44                        21     23       16
  SINCE SEP 1     44                        21     23       16
  SINCE JUL 1     46                        22     24       20

 COOLING
  YESTERDAY        1                         3     -2        2
  MONTH TO DATE  119                       146    -27      180
  SINCE SEP 1    119                       146    -27      180
  SINCE JAN 1   1174                      1318   -144     1022
..................................................................


WIND (MPH)
  HIGHEST WIND SPEED     9   HIGHEST WIND DIRECTION     S (180)
  HIGHEST GUST SPEED    15   HIGHEST GUST DIRECTION    SE (150)
  AVERAGE WIND SPEED     1.8


SKY COVER
  AVERAGE SKY COVER 0.0


WEATHER CONDITIONS
 THE FOLLOWING WEATHER WAS RECORDED YESTERDAY.
  NO SIGNIFICANT WEATHER WAS OBSERVED.


RELATIVE HUMIDITY (PERCENT)
 HIGHEST    96           500 AM
 LOWEST     42           200 PM
 AVERAGE    69

..........................................................


THE WEST PLAINS MO CLIMATE NORMALS FOR TODAY
                         NORMAL    RECORD    YEAR
 MAXIMUM TEMPERATURE (F)   77        90      1954
 MINIMUM TEMPERATURE (F)   52        37      1985
                                             2001


SUNRISE AND SUNSET
SEPTEMBER 26 2014.....SUNRISE   659 AM CDT   SUNSET   658 PM CDT
SEPTEMBER 27 2014.....SUNRISE   700 AM CDT   SUNSET   657 PM CDT


-  INDICATES NEGATIVE NUMBERS.
R  INDICATES RECORD WAS SET OR TIED.
MM INDICATES DATA IS MISSING.
T  INDICATES TRACE AMOUNT.




$$
