000
CDUS43 KSGF 180626
CLIUNO


CLIMATE REPORT
NATIONAL WEATHER SERVICE SPRINGFIELD MO
125 AM CDT THU MAY 18 2017


...................................

...THE WEST PLAINS MO CLIMATE SUMMARY FOR MAY 17 2017...

CLIMATE NORMAL PERIOD 1981 TO 2010
CLIMATE RECORD PERIOD 1947 TO 2017


WEATHER ITEM   OBSERVED TIME   RECORD YEAR NORMAL DEPARTURE LAST
                VALUE   (LST)  VALUE       VALUE  FROM      YEAR
                                                  NORMAL
..................................................................
TEMPERATURE (F)
 YESTERDAY
  MAXIMUM         76    321 PM  90    2001  77     -1       54
  MINIMUM         68   1159 PM  37    1973  55     13       50
  AVERAGE         72                        66      6       52

PRECIPITATION (IN)
  YESTERDAY        0.00          1.23 1966   0.13  -0.13     0.32
  MONTH TO DATE    3.31                      3.08   0.23     3.45
  SINCE MAR 1     27.53                     11.85  15.68     8.68
  SINCE JAN 1     32.16                     17.41  14.75    11.32

DEGREE DAYS
 HEATING
  YESTERDAY        0                         3     -3       13
  MONTH TO DATE   63                        60      3       89
  SINCE MAR 1    654                       858   -204      669
  SINCE JUL 1   3303                      4322  -1019     3502

 COOLING
  YESTERDAY        7                         3      4        0
  MONTH TO DATE   41                        35      6       23
  SINCE MAR 1     69                        63      6       39
  SINCE JAN 1     70                        63      7       39
..................................................................


WIND (MPH)
  HIGHEST WIND SPEED    28   HIGHEST WIND DIRECTION     S (170)
  HIGHEST GUST SPEED    38   HIGHEST GUST DIRECTION     S (170)
  AVERAGE WIND SPEED    11.9


SKY COVER
  AVERAGE SKY COVER 0.4


WEATHER CONDITIONS
 THE FOLLOWING WEATHER WAS RECORDED YESTERDAY.
  HAZE


RELATIVE HUMIDITY (PERCENT)
 HIGHEST    90           900 PM
 LOWEST     68          1200 AM
 AVERAGE    79

..........................................................


THE WEST PLAINS MO CLIMATE NORMALS FOR TODAY
                         NORMAL    RECORD    YEAR
 MAXIMUM TEMPERATURE (F)   77        89      2001
 MINIMUM TEMPERATURE (F)   55        37      2002


SUNRISE AND SUNSET
MAY 18 2017...........SUNRISE   557 AM CDT   SUNSET   811 PM CDT
MAY 19 2017...........SUNRISE   557 AM CDT   SUNSET   812 PM CDT


-  INDICATES NEGATIVE NUMBERS.
R  INDICATES RECORD WAS SET OR TIED.
MM INDICATES DATA IS MISSING.
T  INDICATES TRACE AMOUNT.




$$
