000
CDUS43 KSGF 090645
CLIUNO


CLIMATE REPORT
NATIONAL WEATHER SERVICE SPRINGFIELD MO
1245 AM CST FRI FEB 9 2018


...................................

...THE WEST PLAINS MO CLIMATE SUMMARY FOR FEBRUARY 8 2018...

CLIMATE NORMAL PERIOD 1981 TO 2010
CLIMATE RECORD PERIOD 1947 TO 2018


WEATHER ITEM   OBSERVED TIME   RECORD YEAR NORMAL DEPARTURE LAST
                VALUE   (LST)  VALUE       VALUE  FROM      YEAR
                                                  NORMAL
..................................................................
TEMPERATURE (F)
 YESTERDAY
  MAXIMUM         54    359 PM  69    2015  47      7       53
  MINIMUM         17    225 AM   0    1985  25     -8       24
  AVERAGE         36                        36      0       39

PRECIPITATION (IN)
  YESTERDAY        0.00          0.91 1956   0.10  -0.10     0.00
  MONTH TO DATE    0.05                      0.75  -0.70     0.00
  SINCE DEC 1      4.10                      7.11  -3.01     3.06
  SINCE JAN 1      2.07                      3.47  -1.40     2.04

DEGREE DAYS
 HEATING
  YESTERDAY       29                        29      0       26
  MONTH TO DATE  288                       236     52      178
  SINCE DEC 1   2178                      2088     90     1837
  SINCE JUL 1   2841                      2940    -99     2357

 COOLING
  YESTERDAY        0                         0      0        0
  MONTH TO DATE    0                         0      0        0
  SINCE DEC 1      0                         0      0        0
  SINCE JAN 1      0                         0      0        0
..................................................................


WIND (MPH)
  HIGHEST WIND SPEED    14   HIGHEST WIND DIRECTION     S (180)
  HIGHEST GUST SPEED    18   HIGHEST GUST DIRECTION    SW (210)
  AVERAGE WIND SPEED     5.1


SKY COVER
  AVERAGE SKY COVER 0.0


WEATHER CONDITIONS
 THE FOLLOWING WEATHER WAS RECORDED YESTERDAY.
  NO SIGNIFICANT WEATHER WAS OBSERVED.


RELATIVE HUMIDITY (PERCENT)
 HIGHEST    92           700 AM
 LOWEST     28           300 PM
 AVERAGE    60

..........................................................


THE WEST PLAINS MO CLIMATE NORMALS FOR TODAY
                         NORMAL    RECORD    YEAR
 MAXIMUM TEMPERATURE (F)   48        73      1954
 MINIMUM TEMPERATURE (F)   25        -4      1979


SUNRISE AND SUNSET
FEBRUARY  9 2018......SUNRISE   702 AM CST   SUNSET   542 PM CST
FEBRUARY 10 2018......SUNRISE   701 AM CST   SUNSET   543 PM CST


-  INDICATES NEGATIVE NUMBERS.
R  INDICATES RECORD WAS SET OR TIED.
MM INDICATES DATA IS MISSING.
T  INDICATES TRACE AMOUNT.




$$
