000
CDUS43 KSGF 040626
CLIUNO


CLIMATE REPORT
NATIONAL WEATHER SERVICE SPRINGFIELD MO
1226 AM CST MON DEC 4 2017


...................................

...THE WEST PLAINS MO CLIMATE SUMMARY FOR DECEMBER 3 2017...

CLIMATE NORMAL PERIOD 1981 TO 2010
CLIMATE RECORD PERIOD 1947 TO 2017


WEATHER ITEM   OBSERVED TIME   RECORD YEAR NORMAL DEPARTURE LAST
                VALUE   (LST)  VALUE       VALUE  FROM      YEAR
                                                  NORMAL
..................................................................
TEMPERATURE (F)
 YESTERDAY
  MAXIMUM         68    344 PM  77    1970  49     19       44
  MINIMUM         39    333 AM  13    1985  30      9       37
  AVERAGE         54                        40     14       41

PRECIPITATION (IN)
  YESTERDAY        0.00          2.79 1982   0.15  -0.15     0.09
  MONTH TO DATE    0.00                      0.48  -0.48     0.09
  SINCE DEC 1      0.00                      0.48  -0.48     0.09
  SINCE JAN 1     44.85                     43.06   1.79    36.33

DEGREE DAYS
 HEATING
  YESTERDAY       11                        26    -15       24
  MONTH TO DATE   46                        76    -30       71
  SINCE DEC 1     46                        76    -30       71
  SINCE JUL 1    709                       928   -219      591

 COOLING
  YESTERDAY        0                         0      0        0
  MONTH TO DATE    0                         0      0        0
  SINCE DEC 1      0                         0      0        0
  SINCE JAN 1   1389                      1354     35     1604
..................................................................


WIND (MPH)
  HIGHEST WIND SPEED    14   HIGHEST WIND DIRECTION     S (170)
  HIGHEST GUST SPEED    21   HIGHEST GUST DIRECTION    SE (130)
  AVERAGE WIND SPEED     6.9


SKY COVER
  AVERAGE SKY COVER 0.2


WEATHER CONDITIONS
 THE FOLLOWING WEATHER WAS RECORDED YESTERDAY.
  NO SIGNIFICANT WEATHER WAS OBSERVED.


RELATIVE HUMIDITY (PERCENT)
 HIGHEST    79           300 AM
 LOWEST     48           100 PM
 AVERAGE    64

..........................................................


THE WEST PLAINS MO CLIMATE NORMALS FOR TODAY
                         NORMAL    RECORD    YEAR
 MAXIMUM TEMPERATURE (F)   49        73      1998
 MINIMUM TEMPERATURE (F)   29        13      1991
                                             2006


SUNRISE AND SUNSET
DECEMBER  4 2017......SUNRISE   705 AM CST   SUNSET   451 PM CST
DECEMBER  5 2017......SUNRISE   706 AM CST   SUNSET   451 PM CST


-  INDICATES NEGATIVE NUMBERS.
R  INDICATES RECORD WAS SET OR TIED.
MM INDICATES DATA IS MISSING.
T  INDICATES TRACE AMOUNT.




$$
