000
CDUS43 KSGF 100631
CLIUNO


CLIMATE REPORT
NATIONAL WEATHER SERVICE SPRINGFIELD MO
131 AM CDT THU AUG 10 2017


...................................

...THE WEST PLAINS MO CLIMATE SUMMARY FOR AUGUST 9 2017...

CLIMATE NORMAL PERIOD 1981 TO 2010
CLIMATE RECORD PERIOD 1947 TO 2017


WEATHER ITEM   OBSERVED TIME   RECORD YEAR NORMAL DEPARTURE LAST
                VALUE   (LST)  VALUE       VALUE  FROM      YEAR
                                                  NORMAL
..................................................................
TEMPERATURE (F)
 YESTERDAY
  MAXIMUM         85    350 PM 103    1969  91     -6       90
  MINIMUM         59    554 AM  51    1989  66     -7       68
                                      1990
                                      2004
  AVERAGE         72                        78     -6       79

PRECIPITATION (IN)
  YESTERDAY        0.00          1.55 1970   0.08  -0.08     0.00
  MONTH TO DATE    1.29                      0.95   0.34     1.13
  SINCE JUN 1      5.29                      8.52  -3.23    14.88
  SINCE JAN 1     40.70                     27.79  12.91    29.62

DEGREE DAYS
 HEATING
  YESTERDAY        0                         0      0        0
  MONTH TO DATE    1                         0      1        0
  SINCE JUN 1      1                         5     -4        0
  SINCE JUL 1      1                         0      1        0

 COOLING
  YESTERDAY        7                        13     -6       14
  MONTH TO DATE   74                       117    -43      136
  SINCE JUN 1    775                       788    -13      941
  SINCE JAN 1    897                       910    -13     1034
..................................................................


WIND (MPH)
  HIGHEST WIND SPEED     9   HIGHEST WIND DIRECTION     E (70)
  HIGHEST GUST SPEED    13   HIGHEST GUST DIRECTION     E (80)
  AVERAGE WIND SPEED     3.0


SKY COVER
  AVERAGE SKY COVER 0.1


WEATHER CONDITIONS
 THE FOLLOWING WEATHER WAS RECORDED YESTERDAY.
  NO SIGNIFICANT WEATHER WAS OBSERVED.


RELATIVE HUMIDITY (PERCENT)
 HIGHEST    97           100 AM
 LOWEST     40           400 PM
 AVERAGE    69

..........................................................


THE WEST PLAINS MO CLIMATE NORMALS FOR TODAY
                         NORMAL    RECORD    YEAR
 MAXIMUM TEMPERATURE (F)   90       103      1999
 MINIMUM TEMPERATURE (F)   66        51      1990


SUNRISE AND SUNSET
AUGUST 10 2017........SUNRISE   621 AM CDT   SUNSET   805 PM CDT
AUGUST 11 2017........SUNRISE   622 AM CDT   SUNSET   803 PM CDT


-  INDICATES NEGATIVE NUMBERS.
R  INDICATES RECORD WAS SET OR TIED.
MM INDICATES DATA IS MISSING.
T  INDICATES TRACE AMOUNT.




$$
