000
CDUS43 KSGF 240628
CLIUNO


CLIMATE REPORT
NATIONAL WEATHER SERVICE SPRINGFIELD MO
126 AM CDT SUN JUL 24 2016


...................................

...THE WEST PLAINS MO CLIMATE SUMMARY FOR JULY 23 2016...

CLIMATE NORMAL PERIOD 1981 TO 2010
CLIMATE RECORD PERIOD 1947 TO 2016


WEATHER ITEM   OBSERVED TIME   RECORD YEAR NORMAL DEPARTURE LAST
                VALUE   (LST)  VALUE       VALUE  FROM      YEAR
                                                  NORMAL
..................................................................
TEMPERATURE (F)
 YESTERDAY
  MAXIMUM         99    305 PM 100    2001  90      9       88
  MINIMUM         74    524 AM  54    2007  67      7       72
  AVERAGE         87                        78      9       80

PRECIPITATION (IN)
  YESTERDAY        0.00          2.37 1963   0.12  -0.12     0.69
  MONTH TO DATE    2.93                      2.76   0.17     7.85
  SINCE JUN 1      7.34                      6.78   0.56    13.57
  SINCE JAN 1     22.08                     26.05  -3.97    31.18

DEGREE DAYS
 HEATING
  YESTERDAY        0                         0      0        0
  MONTH TO DATE    0                         0      0        0
  SINCE JUN 1      0                         5     -5        5
  SINCE JUL 1      0                         0      0        0

 COOLING
  YESTERDAY       22                        13      9       15
  MONTH TO DATE  334                       295     39      313
  SINCE JUN 1    684                       561    123      628
  SINCE JAN 1    777                       683     94      750
..................................................................


WIND (MPH)
  HIGHEST WIND SPEED    13   HIGHEST WIND DIRECTION     E (70)
  HIGHEST GUST SPEED    18   HIGHEST GUST DIRECTION     E (80)
  AVERAGE WIND SPEED     2.4


SKY COVER
  AVERAGE SKY COVER 0.1


WEATHER CONDITIONS
 THE FOLLOWING WEATHER WAS RECORDED YESTERDAY.
  THUNDERSTORM
  FOG
  HAZE


RELATIVE HUMIDITY (PERCENT)
 HIGHEST    93           500 AM
 LOWEST     45           300 PM
 AVERAGE    69

..........................................................


THE WEST PLAINS MO CLIMATE NORMALS FOR TODAY
                         NORMAL    RECORD    YEAR
 MAXIMUM TEMPERATURE (F)   90       100      2012
 MINIMUM TEMPERATURE (F)   66        55      2000
                                             2007


SUNRISE AND SUNSET
JULY 24 2016..........SUNRISE   607 AM CDT   SUNSET   821 PM CDT
JULY 25 2016..........SUNRISE   608 AM CDT   SUNSET   820 PM CDT


-  INDICATES NEGATIVE NUMBERS.
R  INDICATES RECORD WAS SET OR TIED.
MM INDICATES DATA IS MISSING.
T  INDICATES TRACE AMOUNT.




$$
