000
CDUS43 KSGF 150629
CLIUNO


CLIMATE REPORT
NATIONAL WEATHER SERVICE SPRINGFIELD MO
127 AM CDT TUE APR 15 2014


...................................

...THE WEST PLAINS MO CLIMATE SUMMARY FOR APRIL 14 2014...

CLIMATE NORMAL PERIOD 1981 TO 2010
CLIMATE RECORD PERIOD 1947 TO 2014


WEATHER ITEM   OBSERVED TIME   RECORD YEAR NORMAL DEPARTURE LAST
                VALUE   (LST)  VALUE       VALUE  FROM      YEAR
                                                  NORMAL
..................................................................
TEMPERATURE (F)
 YESTERDAY
  MAXIMUM         55    240 AM  85    2006  70    -15       74
  MINIMUM         32   1159 PM  22    1950  45    -13       48
  AVERAGE         44                        57    -13       61

PRECIPITATION (IN)
  YESTERDAY        T             2.20 1991   0.14  -0.14     0.00
  MONTH TO DATE    3.35                      1.92   1.43     1.92
  SINCE MAR 1      6.57                      6.21   0.36     5.67
  SINCE JAN 1      8.42                     11.77  -3.35    12.99

DEGREE DAYS
 HEATING
  YESTERDAY       21                         9     12        4
  MONTH TO DATE  136                       147    -11      162
  SINCE MAR 1    838                       693    145      896
  SINCE JUL 1   4636                      4157    479     4208

 COOLING
  YESTERDAY        0                         1     -1        0
  MONTH TO DATE    7                         9     -2        7
  SINCE MAR 1      7                        13     -6        7
  SINCE JAN 1      7                        13     -6        7
..................................................................


WIND (MPH)
  HIGHEST WIND SPEED    22   HIGHEST WIND DIRECTION     N (340)
  HIGHEST GUST SPEED    32   HIGHEST GUST DIRECTION    NW (320)
  AVERAGE WIND SPEED    13.1


SKY COVER
  AVERAGE SKY COVER 0.8


WEATHER CONDITIONS
 THE FOLLOWING WEATHER WAS RECORDED YESTERDAY.
  LIGHT RAIN


RELATIVE HUMIDITY (PERCENT)
 HIGHEST    93           200 AM
 LOWEST     65          1100 AM
 AVERAGE    79

..........................................................


THE WEST PLAINS MO CLIMATE NORMALS FOR TODAY
                         NORMAL    RECORD    YEAR
 MAXIMUM TEMPERATURE (F)   70        84      1967
 MINIMUM TEMPERATURE (F)   45        25      1950


SUNRISE AND SUNSET
APRIL 15 2014.........SUNRISE   634 AM CDT   SUNSET   742 PM CDT
APRIL 16 2014.........SUNRISE   632 AM CDT   SUNSET   743 PM CDT


-  INDICATES NEGATIVE NUMBERS.
R  INDICATES RECORD WAS SET OR TIED.
MM INDICATES DATA IS MISSING.
T  INDICATES TRACE AMOUNT.




$$
