000
CDUS43 KSGF 182126
CLIUNO


CLIMATE REPORT
NATIONAL WEATHER SERVICE SPRINGFIELD MO
426 PM CDT TUE APR 18 2017


...................................

...THE WEST PLAINS MO CLIMATE SUMMARY FOR APRIL 18 2017...
VALID AS OF 0400 PM LOCAL TIME.

CLIMATE NORMAL PERIOD 1981 TO 2010
CLIMATE RECORD PERIOD 1947 TO 2017


WEATHER ITEM   OBSERVED TIME   RECORD YEAR NORMAL DEPARTURE LAST
                VALUE   (LST)  VALUE       VALUE  FROM      YEAR
                                                  NORMAL
..................................................................
TEMPERATURE (F)
 TODAY
  MAXIMUM         73    256 PM  89    2006  71      2       76
  MINIMUM         57    727 AM  28    1953  46     11       51
  AVERAGE         65                        58      7       64

PRECIPITATION (IN)
  TODAY            0.00          1.27 1966   0.16  -0.16     0.00
  MONTH TO DATE    2.83                      2.53   0.30     0.93
  SINCE MAR 1      9.12                      6.82   2.30     4.86
  SINCE JAN 1     13.75                     12.38   1.37     7.50

DEGREE DAYS
 HEATING
  TODAY            0                         8     -8        1
  MONTH TO DATE   88                       180    -92      162
  SINCE MAR 1    517                       726   -209      556
  SINCE JUL 1   3166                      4190  -1024     3389

 COOLING
  TODAY            0                         1     -1        0
  MONTH TO DATE   13                        13      0        0
  SINCE MAR 1     17                        17      0        4
  SINCE JAN 1     18                        17      1        4
..................................................................


WIND (MPH)
  HIGHEST WIND SPEED    12   HIGHEST WIND DIRECTION     S (190)
  HIGHEST GUST SPEED    15   HIGHEST GUST DIRECTION    SW (210)


SKY COVER
  AVERAGE SKY COVER 0.9


WEATHER CONDITIONS
 THE FOLLOWING WEATHER WAS RECORDED TODAY.
  FOG


RELATIVE HUMIDITY (PERCENT)
 HIGHEST    93           500 AM
 LOWEST     61           300 PM
 AVERAGE    77

..........................................................


THE WEST PLAINS MO CLIMATE NORMALS FOR TOMORROW
                         NORMAL    RECORD    YEAR
 MAXIMUM TEMPERATURE (F)   71        85      2011
                                             1987
 MINIMUM TEMPERATURE (F)   46        26      1953
                                             1983


SUNRISE AND SUNSET
APRIL 18 2017.........SUNRISE   629 AM CDT   SUNSET   745 PM CDT
APRIL 19 2017.........SUNRISE   628 AM CDT   SUNSET   746 PM CDT


-  INDICATES NEGATIVE NUMBERS.
R  INDICATES RECORD WAS SET OR TIED.
MM INDICATES DATA IS MISSING.
T  INDICATES TRACE AMOUNT.




$$
