000
CDUS43 KSGF 190628
CLIUNO


CLIMATE REPORT
NATIONAL WEATHER SERVICE SPRINGFIELD MO
126 AM CDT MON SEP 19 2016


...................................

...THE WEST PLAINS MO CLIMATE SUMMARY FOR SEPTEMBER 18 2016...

CLIMATE NORMAL PERIOD 1981 TO 2010
CLIMATE RECORD PERIOD 1947 TO 2016


WEATHER ITEM   OBSERVED TIME   RECORD YEAR NORMAL DEPARTURE LAST
                VALUE   (LST)  VALUE       VALUE  FROM      YEAR
                                                  NORMAL
..................................................................
TEMPERATURE (F)
 YESTERDAY
  MAXIMUM         76   1029 AM  96    1972  80     -4       89
  MINIMUM         60   1141 PM  41    1981  56      4       67
  AVERAGE         68                        68      0       78

PRECIPITATION (IN)
  YESTERDAY       MM             1.58 1949   0.12  MM        0.00
  MONTH TO DATE    1.29                      2.53  -1.24     0.97
  SINCE SEP 1      1.29                      2.53  -1.24     0.97
  SINCE JAN 1     33.41                     32.60   0.81    36.68

DEGREE DAYS
 HEATING
  YESTERDAY        0                         1     -1        0
  MONTH TO DATE    0                         6     -6       12
  SINCE SEP 1      0                         6     -6       12
  SINCE JUL 1      0                         7     -7       12

 COOLING
  YESTERDAY        3                         4     -1       13
  MONTH TO DATE  160                       123     37      158
  SINCE SEP 1    160                       123     37      158
  SINCE JAN 1   1449                      1295    154     1315
..................................................................


WIND (MPH)
  HIGHEST WIND SPEED    10   HIGHEST WIND DIRECTION    SE (150)
  HIGHEST GUST SPEED    13   HIGHEST GUST DIRECTION    SE (150)
  AVERAGE WIND SPEED     2.3


SKY COVER
  AVERAGE SKY COVER 0.4


WEATHER CONDITIONS
 THE FOLLOWING WEATHER WAS RECORDED YESTERDAY.
  THUNDERSTORM
  HEAVY RAIN
  RAIN
  LIGHT RAIN
  FOG
  HAZE


RELATIVE HUMIDITY (PERCENT)
 HIGHEST    97          1000 PM
 LOWEST     73          1200 PM
 AVERAGE    85

..........................................................


THE WEST PLAINS MO CLIMATE NORMALS FOR TODAY
                         NORMAL    RECORD    YEAR
 MAXIMUM TEMPERATURE (F)   79        97      1954
 MINIMUM TEMPERATURE (F)   56        40      1981


SUNRISE AND SUNSET
SEPTEMBER 19 2016.....SUNRISE   653 AM CDT   SUNSET   708 PM CDT
SEPTEMBER 20 2016.....SUNRISE   654 AM CDT   SUNSET   707 PM CDT


-  INDICATES NEGATIVE NUMBERS.
R  INDICATES RECORD WAS SET OR TIED.
MM INDICATES DATA IS MISSING.
T  INDICATES TRACE AMOUNT.




$$
