000
CDUS43 KSGF 252131
CLIUNO


CLIMATE REPORT
NATIONAL WEATHER SERVICE SPRINGFIELD MO
430 PM CDT TUE JUL 25 2017


...................................

...THE WEST PLAINS MO CLIMATE SUMMARY FOR JULY 25 2017...
VALID AS OF 0400 PM LOCAL TIME.

CLIMATE NORMAL PERIOD 1981 TO 2010
CLIMATE RECORD PERIOD 1947 TO 2017


WEATHER ITEM   OBSERVED TIME   RECORD YEAR NORMAL DEPARTURE LAST
                VALUE   (LST)  VALUE       VALUE  FROM      YEAR
                                                  NORMAL
..................................................................
TEMPERATURE (F)
 TODAY
  MAXIMUM         96   1216 PM 104    1986  90      6       91
  MINIMUM         70    530 AM  54    1957  66      4       74
  AVERAGE         83                        78      5       83

PRECIPITATION (IN)
  TODAY            0.00          1.77 1960   0.10  -0.10     1.74
  MONTH TO DATE    2.15                      2.98  -0.83     4.67
  SINCE JUN 1      3.82                      7.00  -3.18     9.08
  SINCE JAN 1     39.23                     26.27  12.96    23.82

DEGREE DAYS
 HEATING
  TODAY            0                         0      0        0
  MONTH TO DATE    0                         0      0        0
  SINCE JUN 1      0                         5     -5        0
  SINCE JUL 1      0                         0      0        0

 COOLING
  TODAY           18                        13      5       18
  MONTH TO DATE  372                       321     51      371
  SINCE JUN 1    626                       587     39      721
  SINCE JAN 1    748                       709     39      814
..................................................................


WIND (MPH)
  HIGHEST WIND SPEED    14   HIGHEST WIND DIRECTION    SW (220)
  HIGHEST GUST SPEED    21   HIGHEST GUST DIRECTION    SW (230)


SKY COVER
  AVERAGE SKY COVER 0.2


WEATHER CONDITIONS
 THE FOLLOWING WEATHER WAS RECORDED TODAY.
  FOG


RELATIVE HUMIDITY (PERCENT)
 HIGHEST    93           100 AM
 LOWEST     39          1200 PM
 AVERAGE    66

..........................................................


THE WEST PLAINS MO CLIMATE NORMALS FOR TOMORROW
                         NORMAL    RECORD    YEAR
 MAXIMUM TEMPERATURE (F)   90       103      2012
 MINIMUM TEMPERATURE (F)   66        55      1957


SUNRISE AND SUNSET
JULY 25 2017..........SUNRISE   608 AM CDT   SUNSET   820 PM CDT
JULY 26 2017..........SUNRISE   609 AM CDT   SUNSET   819 PM CDT


-  INDICATES NEGATIVE NUMBERS.
R  INDICATES RECORD WAS SET OR TIED.
MM INDICATES DATA IS MISSING.
T  INDICATES TRACE AMOUNT.




$$
