740
CDUS43 KSGF 030627
CLIUNO


CLIMATE REPORT
NATIONAL WEATHER SERVICE SPRINGFIELD MO
1226 AM CST WED FEB 3 2016


...................................

...THE WEST PLAINS MO CLIMATE SUMMARY FOR FEBRUARY 2 2016...

CLIMATE NORMAL PERIOD 1981 TO 2010
CLIMATE RECORD PERIOD 1947 TO 2016


WEATHER ITEM   OBSERVED TIME   RECORD YEAR NORMAL DEPARTURE LAST
                VALUE   (LST)  VALUE       VALUE  FROM      YEAR
                                                  NORMAL
..................................................................
TEMPERATURE (F)
 YESTERDAY
  MAXIMUM         67    319 PM  71    2003  46     21       32
  MINIMUM         45   1159 PM -21    1951  24     21       18
  AVERAGE         56                        35     21       25

PRECIPITATION (IN)
  YESTERDAY        0.42          2.35 1990   0.08   0.34      T
  MONTH TO DATE    0.42                      0.17   0.25     0.49
  SINCE DEC 1     10.39                      6.53   3.86     5.48
  SINCE JAN 1      1.35                      2.89  -1.54     2.51

DEGREE DAYS
 HEATING
  YESTERDAY        9                        30    -21       40
  MONTH TO DATE   26                        60    -34       70
  SINCE DEC 1   1560                      1912   -352     1840
  SINCE JUL 1   2195                      2764   -569     2852

 COOLING
  YESTERDAY        0                         0      0        0
  MONTH TO DATE    0                         0      0        0
  SINCE DEC 1      0                         0      0        0
  SINCE JAN 1      0                         0      0        0
..................................................................


WIND (MPH)
  HIGHEST WIND SPEED    24   HIGHEST WIND DIRECTION    SW (220)
  HIGHEST GUST SPEED    37   HIGHEST GUST DIRECTION    SW (210)
  AVERAGE WIND SPEED    12.8


SKY COVER
  AVERAGE SKY COVER 0.5


WEATHER CONDITIONS
 THE FOLLOWING WEATHER WAS RECORDED YESTERDAY.
  THUNDERSTORM
  HEAVY RAIN
  RAIN
  LIGHT RAIN
  FOG
  FOG W/VISIBILITY <= 1/4 MILE


RELATIVE HUMIDITY (PERCENT)
 HIGHEST    93           500 AM
 LOWEST     23           500 PM
 AVERAGE    58

..........................................................


THE WEST PLAINS MO CLIMATE NORMALS FOR TODAY
                         NORMAL    RECORD    YEAR
 MAXIMUM TEMPERATURE (F)   46        76      1962
 MINIMUM TEMPERATURE (F)   24        -8      1985


SUNRISE AND SUNSET
FEBRUARY  3 2016......SUNRISE   709 AM CST   SUNSET   535 PM CST
FEBRUARY  4 2016......SUNRISE   708 AM CST   SUNSET   536 PM CST


-  INDICATES NEGATIVE NUMBERS.
R  INDICATES RECORD WAS SET OR TIED.
MM INDICATES DATA IS MISSING.
T  INDICATES TRACE AMOUNT.




$$
