000
CDUS43 KSGF 100627
CLIUNO


CLIMATE REPORT
NATIONAL WEATHER SERVICE SPRINGFIELD MO
127 AM CDT WED SEP 10 2014


...................................

...THE WEST PLAINS MO CLIMATE SUMMARY FOR SEPTEMBER 9 2014...

CLIMATE NORMAL PERIOD 1981 TO 2010
CLIMATE RECORD PERIOD 1947 TO 2014


WEATHER ITEM   OBSERVED TIME   RECORD YEAR NORMAL DEPARTURE LAST
                VALUE   (LST)  VALUE       VALUE  FROM      YEAR
                                                  NORMAL
..................................................................
TEMPERATURE (F)
 YESTERDAY
  MAXIMUM         90    159 PM  99    1980  83      7       94
  MINIMUM         67    511 AM  41    1956  60      7       67
  AVERAGE         79                        72      7       81

PRECIPITATION (IN)
  YESTERDAY        0.04          3.54 2010   0.14  -0.10     0.00
  MONTH TO DATE    0.62                      1.32  -0.70     0.08
  SINCE SEP 1      0.62                      1.32  -0.70     0.08
  SINCE JAN 1     22.24                     31.39  -9.15    42.31

DEGREE DAYS
 HEATING
  YESTERDAY        0                         0      0        0
  MONTH TO DATE    1                         0      1        0
  SINCE SEP 1      1                         0      1        0
  SINCE JUL 1      3                         1      2        4

 COOLING
  YESTERDAY       14                         7      7       16
  MONTH TO DATE   84                        75      9       89
  SINCE SEP 1     84                        75      9       89
  SINCE JAN 1   1139                      1247   -108      931
..................................................................


WIND (MPH)
  HIGHEST WIND SPEED    14   HIGHEST WIND DIRECTION     S (190)
  HIGHEST GUST SPEED    20   HIGHEST GUST DIRECTION     S (190)
  AVERAGE WIND SPEED     6.8


SKY COVER
  AVERAGE SKY COVER 0.2


WEATHER CONDITIONS
 THE FOLLOWING WEATHER WAS RECORDED YESTERDAY.
  THUNDERSTORM
  RAIN
  LIGHT RAIN
  HAZE


RELATIVE HUMIDITY (PERCENT)
 HIGHEST    81           500 AM
 LOWEST     47           100 PM
 AVERAGE    64

..........................................................


THE WEST PLAINS MO CLIMATE NORMALS FOR TODAY
                         NORMAL    RECORD    YEAR
 MAXIMUM TEMPERATURE (F)   83        96      1953
 MINIMUM TEMPERATURE (F)   60        44      1976


SUNRISE AND SUNSET
SEPTEMBER 10 2014.....SUNRISE   646 AM CDT   SUNSET   723 PM CDT
SEPTEMBER 11 2014.....SUNRISE   647 AM CDT   SUNSET   721 PM CDT


-  INDICATES NEGATIVE NUMBERS.
R  INDICATES RECORD WAS SET OR TIED.
MM INDICATES DATA IS MISSING.
T  INDICATES TRACE AMOUNT.




$$
