000
CDUS43 KSGF 230626
CLIUNO


CLIMATE REPORT
NATIONAL WEATHER SERVICE SPRINGFIELD MO
1225 AM CST WED NOV 23 2016


...................................

...THE WEST PLAINS MO CLIMATE SUMMARY FOR NOVEMBER 22 2016...

CLIMATE NORMAL PERIOD 1981 TO 2010
CLIMATE RECORD PERIOD 1947 TO 2016


WEATHER ITEM   OBSERVED TIME   RECORD YEAR NORMAL DEPARTURE LAST
                VALUE   (LST)  VALUE       VALUE  FROM      YEAR
                                                  NORMAL
..................................................................
TEMPERATURE (F)
 YESTERDAY
  MAXIMUM         57    314 PM  75    1973  54      3       45
  MINIMUM         39    404 AM   8    1964  34      5       18
  AVERAGE         48                        44      4       32

PRECIPITATION (IN)
  YESTERDAY        0.21          4.42 1963   0.16   0.05     0.00
  MONTH TO DATE    0.61                      3.32  -2.71     8.32
  SINCE SEP 1      4.02                     11.25  -7.23    10.54
  SINCE JAN 1     36.14                     41.32  -5.18    46.25

DEGREE DAYS
 HEATING
  YESTERDAY       17                        21     -4       33
  MONTH TO DATE  248                       367   -119      296
  SINCE SEP 1    360                       669   -309      494
  SINCE JUL 1    360                       670   -310      494

 COOLING
  YESTERDAY        0                         0      0        0
  MONTH TO DATE   16                         0     16        0
  SINCE SEP 1    315                       180    135      209
  SINCE JAN 1   1604                      1352    252     1366
..................................................................


WIND (MPH)
  HIGHEST WIND SPEED    17   HIGHEST WIND DIRECTION    SE (140)
  HIGHEST GUST SPEED    24   HIGHEST GUST DIRECTION    SE (150)
  AVERAGE WIND SPEED     8.7


SKY COVER
  AVERAGE SKY COVER 0.7


WEATHER CONDITIONS
 THE FOLLOWING WEATHER WAS RECORDED YESTERDAY.
  THUNDERSTORM
  HEAVY RAIN
  RAIN
  LIGHT RAIN
  FOG
  HAZE


RELATIVE HUMIDITY (PERCENT)
 HIGHEST    93           800 PM
 LOWEST     39          1100 AM
 AVERAGE    66

..........................................................


THE WEST PLAINS MO CLIMATE NORMALS FOR TODAY
                         NORMAL    RECORD    YEAR
 MAXIMUM TEMPERATURE (F)   53        70      1965
 MINIMUM TEMPERATURE (F)   34        12      1950


SUNRISE AND SUNSET
NOVEMBER 23 2016......SUNRISE   655 AM CST   SUNSET   453 PM CST
NOVEMBER 24 2016......SUNRISE   656 AM CST   SUNSET   453 PM CST


-  INDICATES NEGATIVE NUMBERS.
R  INDICATES RECORD WAS SET OR TIED.
MM INDICATES DATA IS MISSING.
T  INDICATES TRACE AMOUNT.




$$
