937
CDUS43 KSGF 180625
CLIUNO


CLIMATE REPORT
NATIONAL WEATHER SERVICE SPRINGFIELD MO
1225 AM CST WED JAN 18 2017


...................................

...THE WEST PLAINS MO CLIMATE SUMMARY FOR JANUARY 17 2017...

CLIMATE NORMAL PERIOD 1981 TO 2010
CLIMATE RECORD PERIOD 1947 TO 2017


WEATHER ITEM   OBSERVED TIME   RECORD YEAR NORMAL DEPARTURE LAST
                VALUE   (LST)  VALUE       VALUE  FROM      YEAR
                                                  NORMAL
..................................................................
TEMPERATURE (F)
 YESTERDAY
  MAXIMUM         45   1219 AM  74    1952  44      1       32
  MINIMUM         38   1159 PM -12    1977  23     15       14
  AVERAGE         42                        34      8       23

PRECIPITATION (IN)
  YESTERDAY        0.00          1.26 1988   0.09  -0.09     0.00
  MONTH TO DATE    1.46                      1.11   0.35     0.80
  SINCE DEC 1      2.48                      4.75  -2.27     9.84
  SINCE JAN 1      1.46                      1.11   0.35     0.80

DEGREE DAYS
 HEATING
  YESTERDAY       23                        31     -8       42
  MONTH TO DATE  494                       527    -33      510
  SINCE DEC 1   1364                      1420    -56     1120
  SINCE JUL 1   1884                      2272   -388     1755

 COOLING
  YESTERDAY        0                         0      0        0
  MONTH TO DATE    0                         0      0        0
  SINCE DEC 1      0                         0      0        0
  SINCE JAN 1      0                         0      0        0
..................................................................


WIND (MPH)
  HIGHEST WIND SPEED    14   HIGHEST WIND DIRECTION     W (270)
  HIGHEST GUST SPEED    20   HIGHEST GUST DIRECTION     W (280)
  AVERAGE WIND SPEED     7.8


SKY COVER
  AVERAGE SKY COVER 0.9


WEATHER CONDITIONS
 THE FOLLOWING WEATHER WAS RECORDED YESTERDAY.
  NO SIGNIFICANT WEATHER WAS OBSERVED.


RELATIVE HUMIDITY (PERCENT)
 HIGHEST    92           300 AM
 LOWEST     79           500 PM
 AVERAGE    86

..........................................................


THE WEST PLAINS MO CLIMATE NORMALS FOR TODAY
                         NORMAL    RECORD    YEAR
 MAXIMUM TEMPERATURE (F)   45        70      1951
 MINIMUM TEMPERATURE (F)   23        -1      1977


SUNRISE AND SUNSET
JANUARY 18 2017.......SUNRISE   718 AM CST   SUNSET   518 PM CST
JANUARY 19 2017.......SUNRISE   718 AM CST   SUNSET   519 PM CST


-  INDICATES NEGATIVE NUMBERS.
R  INDICATES RECORD WAS SET OR TIED.
MM INDICATES DATA IS MISSING.
T  INDICATES TRACE AMOUNT.




$$
