849
CDUS43 KSGF 050630
CLIUNO


CLIMATE REPORT
NATIONAL WEATHER SERVICE SPRINGFIELD MO
1230 AM CST FRI FEB 5 2016


...................................

...THE WEST PLAINS MO CLIMATE SUMMARY FOR FEBRUARY 4 2016...

CLIMATE NORMAL PERIOD 1981 TO 2010
CLIMATE RECORD PERIOD 1947 TO 2016


WEATHER ITEM   OBSERVED TIME   RECORD YEAR NORMAL DEPARTURE LAST
                VALUE   (LST)  VALUE       VALUE  FROM      YEAR
                                                  NORMAL
..................................................................
TEMPERATURE (F)
 YESTERDAY
  MAXIMUM         44    410 PM  78    1962  47     -3       55
  MINIMUM         20    722 AM  -5    1996  24     -4       22
  AVERAGE         32                        35     -3       39

PRECIPITATION (IN)
  YESTERDAY        0.00          1.10 1960   0.09  -0.09     0.01
  MONTH TO DATE    0.42                      0.35   0.07     0.50
  SINCE DEC 1     10.39                      6.71   3.68     5.49
  SINCE JAN 1      1.35                      3.07  -1.72     2.52

DEGREE DAYS
 HEATING
  YESTERDAY       33                        30      3       26
  MONTH TO DATE   87                       120    -33      127
  SINCE DEC 1   1621                      1972   -351     1897
  SINCE JUL 1   2256                      2824   -568     2909

 COOLING
  YESTERDAY        0                         0      0        0
  MONTH TO DATE    0                         0      0        0
  SINCE DEC 1      0                         0      0        0
  SINCE JAN 1      0                         0      0        0
..................................................................


WIND (MPH)
  HIGHEST WIND SPEED    17   HIGHEST WIND DIRECTION     W (280)
  HIGHEST GUST SPEED    22   HIGHEST GUST DIRECTION     W (290)
  AVERAGE WIND SPEED     5.8


SKY COVER
  AVERAGE SKY COVER 0.0


WEATHER CONDITIONS
 THE FOLLOWING WEATHER WAS RECORDED YESTERDAY.
  NO SIGNIFICANT WEATHER WAS OBSERVED.


RELATIVE HUMIDITY (PERCENT)
 HIGHEST    77           600 AM
 LOWEST     22           400 PM
 AVERAGE    50

..........................................................


THE WEST PLAINS MO CLIMATE NORMALS FOR TODAY
                         NORMAL    RECORD    YEAR
 MAXIMUM TEMPERATURE (F)   47        71      1967
 MINIMUM TEMPERATURE (F)   25        -9      1996


SUNRISE AND SUNSET
FEBRUARY  5 2016......SUNRISE   707 AM CST   SUNSET   537 PM CST
FEBRUARY  6 2016......SUNRISE   706 AM CST   SUNSET   538 PM CST


-  INDICATES NEGATIVE NUMBERS.
R  INDICATES RECORD WAS SET OR TIED.
MM INDICATES DATA IS MISSING.
T  INDICATES TRACE AMOUNT.




$$
