910
CDUS43 KSGF 200637
CLIUNO


CLIMATE REPORT
NATIONAL WEATHER SERVICE SPRINGFIELD MO
137 AM CDT FRI MAY 20 2016


...................................

...THE WEST PLAINS MO CLIMATE SUMMARY FOR MAY 19 2016...

CLIMATE NORMAL PERIOD 1981 TO 2010
CLIMATE RECORD PERIOD 1947 TO 2016


WEATHER ITEM   OBSERVED TIME   RECORD YEAR NORMAL DEPARTURE LAST
                VALUE   (LST)  VALUE       VALUE  FROM      YEAR
                                                  NORMAL
..................................................................
TEMPERATURE (F)
 YESTERDAY
  MAXIMUM         69    227 PM  91    1987  77     -8       74
  MINIMUM         44    457 AM  38    2002  55    -11       52
  AVERAGE         57                        66     -9       63

PRECIPITATION (IN)
  YESTERDAY        0.10          0.89 1960   0.15  -0.05     0.00
  MONTH TO DATE    3.55                      3.37   0.18     4.55
  SINCE MAR 1      8.78                     12.14  -3.36     9.91
  SINCE JAN 1     11.42                     17.70  -6.28    14.59

DEGREE DAYS
 HEATING
  YESTERDAY        8                         2      6        2
  MONTH TO DATE  104                        64     40       39
  SINCE MAR 1    684                       862   -178      807
  SINCE JUL 1   3517                      4326   -809     4604

 COOLING
  YESTERDAY        0                         3     -3        0
  MONTH TO DATE   23                        41    -18       57
  SINCE MAR 1     39                        69    -30       73
  SINCE JAN 1     39                        69    -30       73
..................................................................


WIND (MPH)
  HIGHEST WIND SPEED    14   HIGHEST WIND DIRECTION     E (100)
  HIGHEST GUST SPEED    18   HIGHEST GUST DIRECTION     E (90)
  AVERAGE WIND SPEED     4.9


SKY COVER
  AVERAGE SKY COVER 0.3


WEATHER CONDITIONS
 THE FOLLOWING WEATHER WAS RECORDED YESTERDAY.
  LIGHT RAIN
  FOG


RELATIVE HUMIDITY (PERCENT)
 HIGHEST    89           500 AM
 LOWEST     42           300 PM
 AVERAGE    66

..........................................................


THE WEST PLAINS MO CLIMATE NORMALS FOR TODAY
                         NORMAL    RECORD    YEAR
 MAXIMUM TEMPERATURE (F)   78        89      1964
 MINIMUM TEMPERATURE (F)   55        39      1954


SUNRISE AND SUNSET
MAY 20 2016...........SUNRISE   556 AM CDT   SUNSET   813 PM CDT
MAY 21 2016...........SUNRISE   555 AM CDT   SUNSET   814 PM CDT


-  INDICATES NEGATIVE NUMBERS.
R  INDICATES RECORD WAS SET OR TIED.
MM INDICATES DATA IS MISSING.
T  INDICATES TRACE AMOUNT.




$$
