000
CDUS43 KSGF 160628
CLIUNO


CLIMATE REPORT
NATIONAL WEATHER SERVICE SPRINGFIELD MO
127 AM CDT MON MAY 16 2016


...................................

...THE WEST PLAINS MO CLIMATE SUMMARY FOR MAY 15 2016...

CLIMATE NORMAL PERIOD 1981 TO 2010
CLIMATE RECORD PERIOD 1947 TO 2016


WEATHER ITEM   OBSERVED TIME   RECORD YEAR NORMAL DEPARTURE LAST
                VALUE   (LST)  VALUE       VALUE  FROM      YEAR
                                                  NORMAL
..................................................................
TEMPERATURE (F)
 YESTERDAY
  MAXIMUM         66    456 PM  87    1957  76    -10       78
  MINIMUM         39    515 AM  35    1959  54    -15       58
  AVERAGE         53                        65    -12       68

PRECIPITATION (IN)
  YESTERDAY        0.00          1.61 1956   0.15  -0.15     0.20
  MONTH TO DATE    2.44                      2.80  -0.36     3.20
  SINCE MAR 1      7.67                     11.57  -3.90     8.56
  SINCE JAN 1     10.31                     17.13  -6.82    13.24

DEGREE DAYS
 HEATING
  YESTERDAY       12                         3      9        0
  MONTH TO DATE   66                        54     12       37
  SINCE MAR 1    646                       852   -206      805
  SINCE JUL 1   3479                      4316   -837     4602

 COOLING
  YESTERDAY        0                         3     -3        3
  MONTH TO DATE   23                        29     -6       38
  SINCE MAR 1     39                        57    -18       54
  SINCE JAN 1     39                        57    -18       54
..................................................................


WIND (MPH)
  HIGHEST WIND SPEED    12   HIGHEST WIND DIRECTION    NE (50)
  HIGHEST GUST SPEED    16   HIGHEST GUST DIRECTION    NE (40)
  AVERAGE WIND SPEED     2.9


SKY COVER
  AVERAGE SKY COVER 0.1


WEATHER CONDITIONS
 THE FOLLOWING WEATHER WAS RECORDED YESTERDAY.
  NO SIGNIFICANT WEATHER WAS OBSERVED.


RELATIVE HUMIDITY (PERCENT)
 HIGHEST    85           200 AM
 LOWEST     31           400 PM
 AVERAGE    58

..........................................................


THE WEST PLAINS MO CLIMATE NORMALS FOR TODAY
                         NORMAL    RECORD    YEAR
 MAXIMUM TEMPERATURE (F)   77        88      2012
 MINIMUM TEMPERATURE (F)   54        34      1997


SUNRISE AND SUNSET
MAY 16 2016...........SUNRISE   559 AM CDT   SUNSET   810 PM CDT
MAY 17 2016...........SUNRISE   558 AM CDT   SUNSET   811 PM CDT


-  INDICATES NEGATIVE NUMBERS.
R  INDICATES RECORD WAS SET OR TIED.
MM INDICATES DATA IS MISSING.
T  INDICATES TRACE AMOUNT.




$$
