000
CDUS43 KSGF 250632
CLIUNO


CLIMATE REPORT
NATIONAL WEATHER SERVICE SPRINGFIELD MO
131 AM CDT SAT JUL 25 2015


...................................

...THE WEST PLAINS MO CLIMATE SUMMARY FOR JULY 24 2015...

CLIMATE NORMAL PERIOD 1981 TO 2010
CLIMATE RECORD PERIOD 1947 TO 2015


WEATHER ITEM   OBSERVED TIME   RECORD YEAR NORMAL DEPARTURE LAST
                VALUE   (LST)  VALUE       VALUE  FROM      YEAR
                                                  NORMAL
..................................................................
TEMPERATURE (F)
 YESTERDAY
  MAXIMUM         92    359 PM 100    2012  90      2       82
  MINIMUM         71   1159 PM  55    2000  66      5       60
                                      2007
  AVERAGE         82                        78      4       71

PRECIPITATION (IN)
  YESTERDAY        0.01          1.60 1998   0.12  -0.11     0.00
  MONTH TO DATE    7.86                      2.88   4.98     1.62
  SINCE JUN 1     13.58                      6.90   6.68     6.85
  SINCE JAN 1     31.19                     26.17   5.02    18.83

DEGREE DAYS
 HEATING
  YESTERDAY        0                         0      0        0
  MONTH TO DATE    0                         0      0        2
  SINCE JUN 1      5                         5      0        4
  SINCE JUL 1      0                         0      0        2

 COOLING
  YESTERDAY       17                        13      4        6
  MONTH TO DATE  330                       308     22      175
  SINCE JUN 1    645                       574     71      440
  SINCE JAN 1    767                       696     71      590
..................................................................


WIND (MPH)
  HIGHEST WIND SPEED    15   HIGHEST WIND DIRECTION    NW (320)
  HIGHEST GUST SPEED    20   HIGHEST GUST DIRECTION    NW (320)
  AVERAGE WIND SPEED     2.6


SKY COVER
  AVERAGE SKY COVER 0.5


WEATHER CONDITIONS
 THE FOLLOWING WEATHER WAS RECORDED YESTERDAY.
  THUNDERSTORM
  LIGHT RAIN
  FOG
  FOG W/VISIBILITY <= 1/4 MILE


RELATIVE HUMIDITY (PERCENT)
 HIGHEST    94           800 AM
 LOWEST     60           300 PM
 AVERAGE    77

..........................................................


THE WEST PLAINS MO CLIMATE NORMALS FOR TODAY
                         NORMAL    RECORD    YEAR
 MAXIMUM TEMPERATURE (F)   90       104      1986
 MINIMUM TEMPERATURE (F)   66        54      1957


SUNRISE AND SUNSET
JULY 25 2015..........SUNRISE   607 AM CDT   SUNSET   821 PM CDT
JULY 26 2015..........SUNRISE   608 AM CDT   SUNSET   820 PM CDT


-  INDICATES NEGATIVE NUMBERS.
R  INDICATES RECORD WAS SET OR TIED.
MM INDICATES DATA IS MISSING.
T  INDICATES TRACE AMOUNT.




$$
