000
CDUS43 KSGF 130645
CLIUNO


CLIMATE REPORT
NATIONAL WEATHER SERVICE SPRINGFIELD MO
145 AM CDT SUN APR 13 2014


...................................

...THE WEST PLAINS MO CLIMATE SUMMARY FOR APRIL 12 2014...

CLIMATE NORMAL PERIOD 1981 TO 2010
CLIMATE RECORD PERIOD 1947 TO 2014


WEATHER ITEM   OBSERVED TIME   RECORD YEAR NORMAL DEPARTURE LAST
                VALUE   (LST)  VALUE       VALUE  FROM      YEAR
                                                  NORMAL
..................................................................
TEMPERATURE (F)
 YESTERDAY
  MAXIMUM         76    426 PM  87    1972  69      7       58
  MINIMUM         60    128 AM  23    1990  44     16       33
  AVERAGE         68                        56     12       46

PRECIPITATION (IN)
  YESTERDAY        0.00          1.71 1952   0.15  -0.15     0.00
  MONTH TO DATE    1.80                      1.63   0.17     1.92
  SINCE MAR 1      5.02                      5.92  -0.90     5.67
  SINCE JAN 1      6.87                     11.48  -4.61    12.99

DEGREE DAYS
 HEATING
  YESTERDAY        0                         9     -9       19
  MONTH TO DATE  111                       129    -18      142
  SINCE MAR 1    813                       675    138      876
  SINCE JUL 1   4611                      4139    472     4188

 COOLING
  YESTERDAY        3                         1      2        0
  MONTH TO DATE    7                         7      0        7
  SINCE MAR 1      7                        11     -4        7
  SINCE JAN 1      7                        11     -4        7
..................................................................


WIND (MPH)
  HIGHEST WIND SPEED    22   HIGHEST WIND DIRECTION     S (170)
  HIGHEST GUST SPEED    30   HIGHEST GUST DIRECTION     S (170)
  AVERAGE WIND SPEED    12.5


SKY COVER
  AVERAGE SKY COVER 0.4


WEATHER CONDITIONS
 THE FOLLOWING WEATHER WAS RECORDED YESTERDAY.
  NO SIGNIFICANT WEATHER WAS OBSERVED.


RELATIVE HUMIDITY (PERCENT)
 HIGHEST    78           200 AM
 LOWEST     43           400 PM
 AVERAGE    61

..........................................................


THE WEST PLAINS MO CLIMATE NORMALS FOR TODAY
                         NORMAL    RECORD    YEAR
 MAXIMUM TEMPERATURE (F)   69        90      1972
 MINIMUM TEMPERATURE (F)   44        24      1990


SUNRISE AND SUNSET
APRIL 13 2014.........SUNRISE   636 AM CDT   SUNSET   741 PM CDT
APRIL 14 2014.........SUNRISE   635 AM CDT   SUNSET   741 PM CDT


-  INDICATES NEGATIVE NUMBERS.
R  INDICATES RECORD WAS SET OR TIED.
MM INDICATES DATA IS MISSING.
T  INDICATES TRACE AMOUNT.




$$
