000
CDUS43 KSGF 140645
CLIUNO


CLIMATE REPORT
NATIONAL WEATHER SERVICE SPRINGFIELD MO
145 AM CDT WED JUN 14 2017


...................................

...THE WEST PLAINS MO CLIMATE SUMMARY FOR JUNE 13 2017...

CLIMATE NORMAL PERIOD 1981 TO 2010
CLIMATE RECORD PERIOD 1947 TO 2017


WEATHER ITEM   OBSERVED TIME   RECORD YEAR NORMAL DEPARTURE LAST
                VALUE   (LST)  VALUE       VALUE  FROM      YEAR
                                                  NORMAL
..................................................................
TEMPERATURE (F)
 YESTERDAY
  MAXIMUM         85    506 PM 100    1953  84      1       88
  MINIMUM         71    535 AM  42    1985  63      8       66
  AVERAGE         78                        73      5       77

PRECIPITATION (IN)
  YESTERDAY        0.00          1.13 2008   0.14  -0.14     0.00
  MONTH TO DATE    0.37                      1.71  -1.34     3.69
  SINCE JUN 1      0.37                      1.71  -1.34     3.69
  SINCE JAN 1     35.78                     20.98  14.80    18.43

DEGREE DAYS
 HEATING
  YESTERDAY        0                         0      0        0
  MONTH TO DATE    0                         4     -4        0
  SINCE JUN 1      0                         4     -4        0
  SINCE JUL 1   3324                      4346  -1022     3525

 COOLING
  YESTERDAY       13                         8      5       12
  MONTH TO DATE   87                        90     -3       98
  SINCE JUN 1     87                        90     -3       98
  SINCE JAN 1    209                       212     -3      191
..................................................................


WIND (MPH)
  HIGHEST WIND SPEED    16   HIGHEST WIND DIRECTION     S (170)
  HIGHEST GUST SPEED    23   HIGHEST GUST DIRECTION     S (200)
  AVERAGE WIND SPEED     8.6


SKY COVER
  AVERAGE SKY COVER 0.2


WEATHER CONDITIONS
 THE FOLLOWING WEATHER WAS RECORDED YESTERDAY.
  NO SIGNIFICANT WEATHER WAS OBSERVED.


RELATIVE HUMIDITY (PERCENT)
 HIGHEST    93           400 AM
 LOWEST     61           200 PM
 AVERAGE    77

..........................................................


THE WEST PLAINS MO CLIMATE NORMALS FOR TODAY
                         NORMAL    RECORD    YEAR
 MAXIMUM TEMPERATURE (F)   84        99      1952
 MINIMUM TEMPERATURE (F)   63        47      1985


SUNRISE AND SUNSET
JUNE 14 2017..........SUNRISE   548 AM CDT   SUNSET   828 PM CDT
JUNE 15 2017..........SUNRISE   548 AM CDT   SUNSET   829 PM CDT


-  INDICATES NEGATIVE NUMBERS.
R  INDICATES RECORD WAS SET OR TIED.
MM INDICATES DATA IS MISSING.
T  INDICATES TRACE AMOUNT.




$$
