533
CDUS43 KSGF 060640
CLIUNO


CLIMATE REPORT
NATIONAL WEATHER SERVICE SPRINGFIELD MO
1240 AM CST WED DEC 6 2017


...................................

...THE WEST PLAINS MO CLIMATE SUMMARY FOR DECEMBER 5 2017...

CLIMATE NORMAL PERIOD 1981 TO 2010
CLIMATE RECORD PERIOD 1947 TO 2017


WEATHER ITEM   OBSERVED TIME   RECORD YEAR NORMAL DEPARTURE LAST
                VALUE   (LST)  VALUE       VALUE  FROM      YEAR
                                                  NORMAL
..................................................................
TEMPERATURE (F)
 YESTERDAY
  MAXIMUM         48   1210 AM  77    1956  49     -1       46
  MINIMUM         30    825 PM  13    1991  29      1       27
  AVERAGE         39                        39      0       37

PRECIPITATION (IN)
  YESTERDAY        0.00          2.99 1975   0.15  -0.15     0.03
  MONTH TO DATE    0.37                      0.79  -0.42     0.19
  SINCE DEC 1      0.37                      0.79  -0.42     0.19
  SINCE JAN 1     45.22                     43.37   1.85    36.43

DEGREE DAYS
 HEATING
  YESTERDAY       26                        26      0       28
  MONTH TO DATE   80                       128    -48      127
  SINCE DEC 1     80                       128    -48      127
  SINCE JUL 1    743                       980   -237      647

 COOLING
  YESTERDAY        0                         0      0        0
  MONTH TO DATE    0                         0      0        0
  SINCE DEC 1      0                         0      0        0
  SINCE JAN 1   1389                      1354     35     1604
..................................................................


WIND (MPH)
  HIGHEST WIND SPEED    20   HIGHEST WIND DIRECTION    NW (320)
  HIGHEST GUST SPEED    30   HIGHEST GUST DIRECTION    NW (310)
  AVERAGE WIND SPEED     9.6


SKY COVER
  AVERAGE SKY COVER 0.2


WEATHER CONDITIONS
 THE FOLLOWING WEATHER WAS RECORDED YESTERDAY.
  NO SIGNIFICANT WEATHER WAS OBSERVED.


RELATIVE HUMIDITY (PERCENT)
 HIGHEST    70           600 AM
 LOWEST     33           300 PM
 AVERAGE    52

..........................................................


THE WEST PLAINS MO CLIMATE NORMALS FOR TODAY
                         NORMAL    RECORD    YEAR
 MAXIMUM TEMPERATURE (F)   48        73      1998
 MINIMUM TEMPERATURE (F)   28         5      1984


SUNRISE AND SUNSET
DECEMBER  6 2017......SUNRISE   707 AM CST   SUNSET   451 PM CST
DECEMBER  7 2017......SUNRISE   707 AM CST   SUNSET   451 PM CST


-  INDICATES NEGATIVE NUMBERS.
R  INDICATES RECORD WAS SET OR TIED.
MM INDICATES DATA IS MISSING.
T  INDICATES TRACE AMOUNT.




$$
