000
CDUS43 KSGF 090632
CLIUNO


CLIMATE REPORT
NATIONAL WEATHER SERVICE SPRINGFIELD MO
1231 AM CST TUE JAN 9 2018


...................................

...THE WEST PLAINS MO CLIMATE SUMMARY FOR JANUARY 8 2018...

CLIMATE NORMAL PERIOD 1981 TO 2010
CLIMATE RECORD PERIOD 1947 TO 2018


WEATHER ITEM   OBSERVED TIME   RECORD YEAR NORMAL DEPARTURE LAST
                VALUE   (LST)  VALUE       VALUE  FROM      YEAR
                                                  NORMAL
..................................................................
TEMPERATURE (F)
 YESTERDAY
  MAXIMUM         40    240 PM  71    2006  44     -4       31
  MINIMUM         34   1159 PM  -5    1970  23     11       13
  AVERAGE         37                        34      3       22

PRECIPITATION (IN)
  YESTERDAY        0.02          0.93 1998   0.06  -0.04     0.00
  MONTH TO DATE    0.69                      0.53   0.16     0.18
  SINCE DEC 1      2.72                      4.17  -1.45     1.20
  SINCE JAN 1      0.69                      0.53   0.16     0.18

DEGREE DAYS
 HEATING
  YESTERDAY       28                        31     -3       43
  MONTH TO DATE  344                       248     96      299
  SINCE DEC 1   1202                      1141     61     1169
  SINCE JUL 1   1865                      1993   -128     1689

 COOLING
  YESTERDAY        0                         0      0        0
  MONTH TO DATE    0                         0      0        0
  SINCE DEC 1      0                         0      0        0
  SINCE JAN 1      0                         0      0        0
..................................................................


WIND (MPH)
  HIGHEST WIND SPEED    10   HIGHEST WIND DIRECTION     N (340)
  HIGHEST GUST SPEED    14   HIGHEST GUST DIRECTION     N (340)
  AVERAGE WIND SPEED     4.1


SKY COVER
  AVERAGE SKY COVER 1.0


WEATHER CONDITIONS
 THE FOLLOWING WEATHER WAS RECORDED YESTERDAY.
  FOG
  FOG W/VISIBILITY <= 1/4 MILE


RELATIVE HUMIDITY (PERCENT)
 HIGHEST   100           100 AM
 LOWEST     85           600 PM
 AVERAGE    93

..........................................................


THE WEST PLAINS MO CLIMATE NORMALS FOR TODAY
                         NORMAL    RECORD    YEAR
 MAXIMUM TEMPERATURE (F)   44        72      1957
 MINIMUM TEMPERATURE (F)   23        -2      1962
                                             1979


SUNRISE AND SUNSET
JANUARY  9 2018.......SUNRISE   721 AM CST   SUNSET   509 PM CST
JANUARY 10 2018.......SUNRISE   721 AM CST   SUNSET   510 PM CST


-  INDICATES NEGATIVE NUMBERS.
R  INDICATES RECORD WAS SET OR TIED.
MM INDICATES DATA IS MISSING.
T  INDICATES TRACE AMOUNT.




$$
