000
CDUS43 KSGF 162127
CLIUNO


CLIMATE REPORT
NATIONAL WEATHER SERVICE SPRINGFIELD MO
427 PM CDT TUE AUG 16 2016


...................................

...THE WEST PLAINS MO CLIMATE SUMMARY FOR AUGUST 16 2016...
VALID AS OF 0400 PM LOCAL TIME.

CLIMATE NORMAL PERIOD 1981 TO 2010
CLIMATE RECORD PERIOD 1947 TO 2016


WEATHER ITEM   OBSERVED TIME   RECORD YEAR NORMAL DEPARTURE LAST
                VALUE   (LST)  VALUE       VALUE  FROM      YEAR
                                                  NORMAL
..................................................................
TEMPERATURE (F)
 TODAY
  MAXIMUM         83    259 PM 106    1954  90     -7       86
  MINIMUM         66    612 AM  50    1994  65      1       64
                                      2004
  AVERAGE         75                        78     -3       75

PRECIPITATION (IN)
  TODAY            0.00          1.43 1977   0.11  -0.11     0.00
  MONTH TO DATE    3.31                      1.60   1.71     2.75
  SINCE JUN 1     17.06                      9.17   7.89    16.33
  SINCE JAN 1     31.80                     28.44   3.36    33.94

DEGREE DAYS
 HEATING
  TODAY            0                         0      0        0
  MONTH TO DATE    0                         0      0        0
  SINCE JUN 1      0                         5     -5        5
  SINCE JUL 1      0                         0      0        0

 COOLING
  TODAY           10                        13     -3       10
  MONTH TO DATE  215                       208      7      184
  SINCE JUN 1   1020                       879    141      943
  SINCE JAN 1   1113                      1001    112     1065
..................................................................


WIND (MPH)
  HIGHEST WIND SPEED     8   HIGHEST WIND DIRECTION    SW (220)
  HIGHEST GUST SPEED    11   HIGHEST GUST DIRECTION    SW (230)


SKY COVER
  AVERAGE SKY COVER 0.7


WEATHER CONDITIONS
 THE FOLLOWING WEATHER WAS RECORDED TODAY.
  FOG
  FOG W/VISIBILITY <= 1/4 MILE


RELATIVE HUMIDITY (PERCENT)
 HIGHEST    93           300 AM
 LOWEST     55           300 PM
 AVERAGE    74

..........................................................


THE WEST PLAINS MO CLIMATE NORMALS FOR TOMORROW
                         NORMAL    RECORD    YEAR
 MAXIMUM TEMPERATURE (F)   90       105      1954
 MINIMUM TEMPERATURE (F)   65        52      1994
                                             2004


SUNRISE AND SUNSET
AUGUST 16 2016........SUNRISE   626 AM CDT   SUNSET   757 PM CDT
AUGUST 17 2016........SUNRISE   627 AM CDT   SUNSET   756 PM CDT


-  INDICATES NEGATIVE NUMBERS.
R  INDICATES RECORD WAS SET OR TIED.
MM INDICATES DATA IS MISSING.
T  INDICATES TRACE AMOUNT.




$$
