000
CDUS43 KSGF 130627
CLIUNO


CLIMATE REPORT
NATIONAL WEATHER SERVICE SPRINGFIELD MO
1227 AM CST FRI JAN 13 2017


...................................

...THE WEST PLAINS MO CLIMATE SUMMARY FOR JANUARY 12 2017...

CLIMATE NORMAL PERIOD 1981 TO 2010
CLIMATE RECORD PERIOD 1947 TO 2017


WEATHER ITEM   OBSERVED TIME   RECORD YEAR NORMAL DEPARTURE LAST
                VALUE   (LST)  VALUE       VALUE  FROM      YEAR
                                                  NORMAL
..................................................................
TEMPERATURE (F)
 YESTERDAY
  MAXIMUM         66    922 AM  70    1995  44     22       45
  MINIMUM         33   1159 PM  -3    1977  23     10       22
  AVERAGE         50                        34     16       34

PRECIPITATION (IN)
  YESTERDAY        0.00          1.65 2013   0.06  -0.06     0.00
  MONTH TO DATE    0.18                      0.77  -0.59     0.80
  SINCE DEC 1      1.20                      4.41  -3.21     9.84
  SINCE JAN 1      0.18                      0.77  -0.59     0.80

DEGREE DAYS
 HEATING
  YESTERDAY       15                        31    -16       31
  MONTH TO DATE  368                       372     -4      365
  SINCE DEC 1   1238                      1265    -27      975
  SINCE JUL 1   1758                      2117   -359     1610

 COOLING
  YESTERDAY        0                         0      0        0
  MONTH TO DATE    0                         0      0        0
  SINCE DEC 1      0                         0      0        0
  SINCE JAN 1      0                         0      0        0
..................................................................


WIND (MPH)
  HIGHEST WIND SPEED    17   HIGHEST WIND DIRECTION     N (20)
  HIGHEST GUST SPEED    22   HIGHEST GUST DIRECTION    NW (320)
  AVERAGE WIND SPEED    10.4


SKY COVER
  AVERAGE SKY COVER 0.8


WEATHER CONDITIONS
 THE FOLLOWING WEATHER WAS RECORDED YESTERDAY.
  NO SIGNIFICANT WEATHER WAS OBSERVED.


RELATIVE HUMIDITY (PERCENT)
 HIGHEST    84           500 AM
 LOWEST     57           500 PM
 AVERAGE    71

..........................................................


THE WEST PLAINS MO CLIMATE NORMALS FOR TODAY
                         NORMAL    RECORD    YEAR
 MAXIMUM TEMPERATURE (F)   44        71      1995
 MINIMUM TEMPERATURE (F)   23        -3      1963


SUNRISE AND SUNSET
JANUARY 13 2017.......SUNRISE   720 AM CST   SUNSET   513 PM CST
JANUARY 14 2017.......SUNRISE   720 AM CST   SUNSET   514 PM CST


-  INDICATES NEGATIVE NUMBERS.
R  INDICATES RECORD WAS SET OR TIED.
MM INDICATES DATA IS MISSING.
T  INDICATES TRACE AMOUNT.




$$
