000
CDUS43 KSGF 060638
CLIUNO


CLIMATE REPORT
NATIONAL WEATHER SERVICE SPRINGFIELD MO
138 AM CDT SUN JUL 6 2014


...................................

...THE WEST PLAINS MO CLIMATE SUMMARY FOR JULY 5 2014...

CLIMATE NORMAL PERIOD 1981 TO 2010
CLIMATE RECORD PERIOD 1947 TO 2014


WEATHER ITEM   OBSERVED TIME   RECORD YEAR NORMAL DEPARTURE LAST
                VALUE   (LST)  VALUE       VALUE  FROM      YEAR
                                                  NORMAL
..................................................................
TEMPERATURE (F)
 YESTERDAY
  MAXIMUM         79    257 PM 102    2012  88     -9       86
  MINIMUM         56    454 AM  50    1968  67    -11       56
  AVERAGE         68                        78    -10       71

PRECIPITATION (IN)
  YESTERDAY        0.00          2.05 1949   0.13  -0.13     0.00
  MONTH TO DATE    0.28                      0.55  -0.27     0.00
  SINCE JUN 1      5.51                      4.57   0.94     3.67
  SINCE JAN 1     17.49                     23.84  -6.35    25.49

DEGREE DAYS
 HEATING
  YESTERDAY        0                         0      0        0
  MONTH TO DATE    0                         0      0        0
  SINCE JUN 1      2                         5     -3        9
  SINCE JUL 1      0                         0      0        0

 COOLING
  YESTERDAY        3                        13    -10        6
  MONTH TO DATE   28                        61    -33       19
  SINCE JUN 1    293                       327    -34      167
  SINCE JAN 1    443                       449     -6      279
..................................................................


WIND (MPH)
  HIGHEST WIND SPEED    10   HIGHEST WIND DIRECTION     S (170)
  HIGHEST GUST SPEED    14   HIGHEST GUST DIRECTION    SW (210)
  AVERAGE WIND SPEED     4.3


SKY COVER
  AVERAGE SKY COVER 0.1


WEATHER CONDITIONS
 THE FOLLOWING WEATHER WAS RECORDED YESTERDAY.
  FOG


RELATIVE HUMIDITY (PERCENT)
 HIGHEST    93           200 AM
 LOWEST     54           200 PM
 AVERAGE    74

..........................................................


THE WEST PLAINS MO CLIMATE NORMALS FOR TODAY
                         NORMAL    RECORD    YEAR
 MAXIMUM TEMPERATURE (F)   89       104      2012
 MINIMUM TEMPERATURE (F)   67        46      1972


SUNRISE AND SUNSET
JULY  6 2014..........SUNRISE   555 AM CDT   SUNSET   830 PM CDT
JULY  7 2014..........SUNRISE   555 AM CDT   SUNSET   830 PM CDT


-  INDICATES NEGATIVE NUMBERS.
R  INDICATES RECORD WAS SET OR TIED.
MM INDICATES DATA IS MISSING.
T  INDICATES TRACE AMOUNT.




$$
