000
CDUS43 KSGF 120632
CLIUNO


CLIMATE REPORT
NATIONAL WEATHER SERVICE SPRINGFIELD MO
132 AM CDT MON JUN 12 2017


...................................

...THE WEST PLAINS MO CLIMATE SUMMARY FOR JUNE 11 2017...

CLIMATE NORMAL PERIOD 1981 TO 2010
CLIMATE RECORD PERIOD 1947 TO 2017


WEATHER ITEM   OBSERVED TIME   RECORD YEAR NORMAL DEPARTURE LAST
                VALUE   (LST)  VALUE       VALUE  FROM      YEAR
                                                  NORMAL
..................................................................
TEMPERATURE (F)
 YESTERDAY
  MAXIMUM         86    354 PM 101    1953  83      3       89
  MINIMUM         66    518 AM  42    1988  62      4       64
  AVERAGE         76                        73      3       77

PRECIPITATION (IN)
  YESTERDAY        0.00          2.25 1992   0.13  -0.13     0.00
  MONTH TO DATE    0.37                      1.43  -1.06     2.03
  SINCE JUN 1      0.37                      1.43  -1.06     2.03
  SINCE JAN 1     35.78                     20.70  15.08    16.77

DEGREE DAYS
 HEATING
  YESTERDAY        0                         0      0        0
  MONTH TO DATE    0                         4     -4        0
  SINCE JUN 1      0                         4     -4        0
  SINCE JUL 1   3324                      4346  -1022     3525

 COOLING
  YESTERDAY       11                         8      3       12
  MONTH TO DATE   62                        74    -12       72
  SINCE JUN 1     62                        74    -12       72
  SINCE JAN 1    184                       196    -12      165
..................................................................


WIND (MPH)
  HIGHEST WIND SPEED    18   HIGHEST WIND DIRECTION     S (200)
  HIGHEST GUST SPEED    25   HIGHEST GUST DIRECTION     S (190)
  AVERAGE WIND SPEED     9.3


SKY COVER
  AVERAGE SKY COVER 0.2


WEATHER CONDITIONS
 THE FOLLOWING WEATHER WAS RECORDED YESTERDAY.
  NO SIGNIFICANT WEATHER WAS OBSERVED.


RELATIVE HUMIDITY (PERCENT)
 HIGHEST    81           500 AM
 LOWEST     48           200 PM
 AVERAGE    65

..........................................................


THE WEST PLAINS MO CLIMATE NORMALS FOR TODAY
                         NORMAL    RECORD    YEAR
 MAXIMUM TEMPERATURE (F)   83       100      1977
 MINIMUM TEMPERATURE (F)   63        46      1988


SUNRISE AND SUNSET
JUNE 12 2017..........SUNRISE   548 AM CDT   SUNSET   828 PM CDT
JUNE 13 2017..........SUNRISE   548 AM CDT   SUNSET   828 PM CDT


-  INDICATES NEGATIVE NUMBERS.
R  INDICATES RECORD WAS SET OR TIED.
MM INDICATES DATA IS MISSING.
T  INDICATES TRACE AMOUNT.




$$
