000
CDUS43 KSGF 230626
CLIUNO


CLIMATE REPORT
NATIONAL WEATHER SERVICE SPRINGFIELD MO
126 AM CDT TUE AUG 23 2016


...................................

...THE WEST PLAINS MO CLIMATE SUMMARY FOR AUGUST 22 2016...

CLIMATE NORMAL PERIOD 1981 TO 2010
CLIMATE RECORD PERIOD 1947 TO 2016


WEATHER ITEM   OBSERVED TIME   RECORD YEAR NORMAL DEPARTURE LAST
                VALUE   (LST)  VALUE       VALUE  FROM      YEAR
                                                  NORMAL
..................................................................
TEMPERATURE (F)
 YESTERDAY
  MAXIMUM         80    356 PM 101    1983  89     -9       83
  MINIMUM         54    509 AM  45    1956  65    -11       66
  AVERAGE         67                        77    -10       75

PRECIPITATION (IN)
  YESTERDAY        0.00          5.20 1971   0.10  -0.10     0.65
  MONTH TO DATE    3.36                      2.27   1.09     4.33
  SINCE JUN 1     17.11                      9.84   7.27    17.91
  SINCE JAN 1     31.85                     29.11   2.74    35.52

DEGREE DAYS
 HEATING
  YESTERDAY        0                         0      0        0
  MONTH TO DATE    0                         0      0        0
  SINCE JUN 1      0                         5     -5        5
  SINCE JUL 1      0                         0      0        0

 COOLING
  YESTERDAY        2                        12    -10       10
  MONTH TO DATE  264                       281    -17      223
  SINCE JUN 1   1069                       952    117      982
  SINCE JAN 1   1162                      1074     88     1104
..................................................................


WIND (MPH)
  HIGHEST WIND SPEED    12   HIGHEST WIND DIRECTION    SE (120)
  HIGHEST GUST SPEED    16   HIGHEST GUST DIRECTION     S (180)
  AVERAGE WIND SPEED     3.1


SKY COVER
  AVERAGE SKY COVER 0.2


WEATHER CONDITIONS
 THE FOLLOWING WEATHER WAS RECORDED YESTERDAY.
  NO SIGNIFICANT WEATHER WAS OBSERVED.


RELATIVE HUMIDITY (PERCENT)
 HIGHEST    93           100 AM
 LOWEST     45           400 PM
 AVERAGE    69

..........................................................


THE WEST PLAINS MO CLIMATE NORMALS FOR TODAY
                         NORMAL    RECORD    YEAR
 MAXIMUM TEMPERATURE (F)   89       101      2000
 MINIMUM TEMPERATURE (F)   65        50      1949


SUNRISE AND SUNSET
AUGUST 23 2016........SUNRISE   632 AM CDT   SUNSET   748 PM CDT
AUGUST 24 2016........SUNRISE   632 AM CDT   SUNSET   746 PM CDT


-  INDICATES NEGATIVE NUMBERS.
R  INDICATES RECORD WAS SET OR TIED.
MM INDICATES DATA IS MISSING.
T  INDICATES TRACE AMOUNT.




$$
