000
CDUS43 KSGF 170645
CLIUNO


CLIMATE REPORT
NATIONAL WEATHER SERVICE SPRINGFIELD MO
144 AM CDT SAT SEP 17 2016


...................................

...THE WEST PLAINS MO CLIMATE SUMMARY FOR SEPTEMBER 16 2016...

CLIMATE NORMAL PERIOD 1981 TO 2010
CLIMATE RECORD PERIOD 1947 TO 2016


WEATHER ITEM   OBSERVED TIME   RECORD YEAR NORMAL DEPARTURE LAST
                VALUE   (LST)  VALUE       VALUE  FROM      YEAR
                                                  NORMAL
..................................................................
TEMPERATURE (F)
 YESTERDAY
  MAXIMUM         86    147 PM  99    1980  81      5       82
  MINIMUM         67    248 AM  39    1961  57     10       57
  AVERAGE         77                        69      8       70

PRECIPITATION (IN)
  YESTERDAY       MM             1.68 1968   0.12  MM        0.00
                                      1995
  MONTH TO DATE    1.29                      2.30  -1.01     0.97
  SINCE SEP 1      1.29                      2.30  -1.01     0.97
  SINCE JAN 1     33.41                     32.37   1.04    36.68

DEGREE DAYS
 HEATING
  YESTERDAY        0                         1     -1        0
  MONTH TO DATE    0                         4     -4       12
  SINCE SEP 1      0                         4     -4       12
  SINCE JUL 1      0                         5     -5       12

 COOLING
  YESTERDAY       12                         5      7        5
  MONTH TO DATE  147                       115     32      133
  SINCE SEP 1    147                       115     32      133
  SINCE JAN 1   1436                      1287    149     1290
..................................................................


WIND (MPH)
  HIGHEST WIND SPEED    20   HIGHEST WIND DIRECTION    NW (320)
  HIGHEST GUST SPEED    25   HIGHEST GUST DIRECTION    NW (300)
  AVERAGE WIND SPEED     6.1


SKY COVER
  AVERAGE SKY COVER 0.3


WEATHER CONDITIONS
 THE FOLLOWING WEATHER WAS RECORDED YESTERDAY.
  THUNDERSTORM
  HEAVY RAIN
  RAIN
  LIGHT RAIN
  FOG


RELATIVE HUMIDITY (PERCENT)
 HIGHEST    93           500 AM
 LOWEST     55           200 PM
 AVERAGE    74

..........................................................


THE WEST PLAINS MO CLIMATE NORMALS FOR TODAY
                         NORMAL    RECORD    YEAR
 MAXIMUM TEMPERATURE (F)   80        97      1953
 MINIMUM TEMPERATURE (F)   56        39      1993


SUNRISE AND SUNSET
SEPTEMBER 17 2016.....SUNRISE   652 AM CDT   SUNSET   711 PM CDT
SEPTEMBER 18 2016.....SUNRISE   653 AM CDT   SUNSET   710 PM CDT


-  INDICATES NEGATIVE NUMBERS.
R  INDICATES RECORD WAS SET OR TIED.
MM INDICATES DATA IS MISSING.
T  INDICATES TRACE AMOUNT.




$$
