000
CDUS43 KSGF 100632
CLIUNO


CLIMATE REPORT
NATIONAL WEATHER SERVICE SPRINGFIELD MO
1232 AM CST WED JAN 10 2018


...................................

...THE WEST PLAINS MO CLIMATE SUMMARY FOR JANUARY 9 2018...

CLIMATE NORMAL PERIOD 1981 TO 2010
CLIMATE RECORD PERIOD 1947 TO 2018


WEATHER ITEM   OBSERVED TIME   RECORD YEAR NORMAL DEPARTURE LAST
                VALUE   (LST)  VALUE       VALUE  FROM      YEAR
                                                  NORMAL
..................................................................
TEMPERATURE (F)
 YESTERDAY
  MAXIMUM         40   1159 PM  72    1957  44     -4       48
  MINIMUM         34    907 AM  -2    1962  23     11       17
                                      1979
  AVERAGE         37                        34      3       33

PRECIPITATION (IN)
  YESTERDAY        T             1.46 1954   0.06  -0.06     0.00
  MONTH TO DATE    0.69                      0.59   0.10     0.18
  SINCE DEC 1      2.72                      4.23  -1.51     1.20
  SINCE JAN 1      0.69                      0.59   0.10     0.18

DEGREE DAYS
 HEATING
  YESTERDAY       28                        31     -3       32
  MONTH TO DATE  372                       279     93      331
  SINCE DEC 1   1230                      1172     58     1201
  SINCE JUL 1   1893                      2024   -131     1721

 COOLING
  YESTERDAY        0                         0      0        0
  MONTH TO DATE    0                         0      0        0
  SINCE DEC 1      0                         0      0        0
  SINCE JAN 1      0                         0      0        0
..................................................................


WIND (MPH)
  HIGHEST WIND SPEED    12   HIGHEST WIND DIRECTION    SE (130)
  HIGHEST GUST SPEED    16   HIGHEST GUST DIRECTION    SE (130)
  AVERAGE WIND SPEED     4.5


SKY COVER
  AVERAGE SKY COVER 1.0


WEATHER CONDITIONS
 THE FOLLOWING WEATHER WAS RECORDED YESTERDAY.
  FOG
  FOG W/VISIBILITY <= 1/4 MILE


RELATIVE HUMIDITY (PERCENT)
 HIGHEST   100          1200 AM
 LOWEST     92          1100 AM
 AVERAGE    96

..........................................................


THE WEST PLAINS MO CLIMATE NORMALS FOR TODAY
                         NORMAL    RECORD    YEAR
 MAXIMUM TEMPERATURE (F)   44        71      2017
 MINIMUM TEMPERATURE (F)   23       -11      1977


SUNRISE AND SUNSET
JANUARY 10 2018.......SUNRISE   721 AM CST   SUNSET   510 PM CST
JANUARY 11 2018.......SUNRISE   721 AM CST   SUNSET   511 PM CST


-  INDICATES NEGATIVE NUMBERS.
R  INDICATES RECORD WAS SET OR TIED.
MM INDICATES DATA IS MISSING.
T  INDICATES TRACE AMOUNT.




$$
