000
CDUS43 KSGF 160634
CLIUNO


CLIMATE REPORT
NATIONAL WEATHER SERVICE SPRINGFIELD MO
1234 AM CST THU FEB 16 2017


...................................

...THE WEST PLAINS MO CLIMATE SUMMARY FOR FEBRUARY 15 2017...

CLIMATE NORMAL PERIOD 1981 TO 2010
CLIMATE RECORD PERIOD 1947 TO 2017


WEATHER ITEM   OBSERVED TIME   RECORD YEAR NORMAL DEPARTURE LAST
                VALUE   (LST)  VALUE       VALUE  FROM      YEAR
                                                  NORMAL
..................................................................
TEMPERATURE (F)
 YESTERDAY
  MAXIMUM         52    311 PM  75    2005  49      3       48
  MINIMUM         31   1151 PM   6    1958  26      5       28
  AVERAGE         42                        38      4       38

PRECIPITATION (IN)
  YESTERDAY        0.00          1.52 1954   0.09  -0.09     0.00
  MONTH TO DATE    0.49                      1.50  -1.01     0.60
  SINCE DEC 1      3.55                      7.86  -4.31    10.57
  SINCE JAN 1      2.53                      4.22  -1.69     1.53

DEGREE DAYS
 HEATING
  YESTERDAY       23                        27     -4       27
  MONTH TO DATE  315                       432   -117      425
  SINCE DEC 1   1974                      2284   -310     1959
  SINCE JUL 1   2494                      3136   -642     2594

 COOLING
  YESTERDAY        0                         0      0        0
  MONTH TO DATE    0                         0      0        0
  SINCE DEC 1      0                         0      0        0
  SINCE JAN 1      0                         0      0        0
..................................................................


WIND (MPH)
  HIGHEST WIND SPEED    17   HIGHEST WIND DIRECTION     N (10)
  HIGHEST GUST SPEED    23   HIGHEST GUST DIRECTION     N (20)
  AVERAGE WIND SPEED     8.5


SKY COVER
  AVERAGE SKY COVER 0.0


WEATHER CONDITIONS
 THE FOLLOWING WEATHER WAS RECORDED YESTERDAY.
  NO SIGNIFICANT WEATHER WAS OBSERVED.


RELATIVE HUMIDITY (PERCENT)
 HIGHEST    86          1200 AM
 LOWEST     27           500 PM
 AVERAGE    57

..........................................................


THE WEST PLAINS MO CLIMATE NORMALS FOR TODAY
                         NORMAL    RECORD    YEAR
 MAXIMUM TEMPERATURE (F)   49        75      1976
 MINIMUM TEMPERATURE (F)   27        -2      1958


SUNRISE AND SUNSET
FEBRUARY 16 2017......SUNRISE   655 AM CST   SUNSET   549 PM CST
FEBRUARY 17 2017......SUNRISE   653 AM CST   SUNSET   550 PM CST


-  INDICATES NEGATIVE NUMBERS.
R  INDICATES RECORD WAS SET OR TIED.
MM INDICATES DATA IS MISSING.
T  INDICATES TRACE AMOUNT.




$$
