000
CDUS43 KSGF 220626
CLIUNO


CLIMATE REPORT
NATIONAL WEATHER SERVICE SPRINGFIELD MO
126 AM CDT TUE JUL 22 2014


...................................

...THE WEST PLAINS MO CLIMATE SUMMARY FOR JULY 21 2014...

CLIMATE NORMAL PERIOD 1981 TO 2010
CLIMATE RECORD PERIOD 1947 TO 2014


WEATHER ITEM   OBSERVED TIME   RECORD YEAR NORMAL DEPARTURE LAST
                VALUE   (LST)  VALUE       VALUE  FROM      YEAR
                                                  NORMAL
..................................................................
TEMPERATURE (F)
 YESTERDAY
  MAXIMUM         83    438 PM 100    1964  90     -7       84
  MINIMUM         59    532 AM  54    1970  67     -8       70
  AVERAGE         71                        78     -7       77

PRECIPITATION (IN)
  YESTERDAY        0.00          2.03 2013   0.12  -0.12     2.03
  MONTH TO DATE    1.54                      2.52  -0.98     2.39
  SINCE JUN 1      6.77                      6.54   0.23     6.06
  SINCE JAN 1     18.75                     25.81  -7.06    27.88

DEGREE DAYS
 HEATING
  YESTERDAY        0                         0      0        0
  MONTH TO DATE    2                         0      2        0
  SINCE JUN 1      4                         5     -1        9
  SINCE JUL 1      2                         0      2        0

 COOLING
  YESTERDAY        6                        13     -7       12
  MONTH TO DATE  144                       269   -125      194
  SINCE JUN 1    409                       535   -126      342
  SINCE JAN 1    559                       657    -98      454
..................................................................


WIND (MPH)
  HIGHEST WIND SPEED    10   HIGHEST WIND DIRECTION    SE (130)
  HIGHEST GUST SPEED    15   HIGHEST GUST DIRECTION    SE (150)
  AVERAGE WIND SPEED     2.6


SKY COVER
  AVERAGE SKY COVER 0.1


WEATHER CONDITIONS
 THE FOLLOWING WEATHER WAS RECORDED YESTERDAY.
  FOG
  HAZE


RELATIVE HUMIDITY (PERCENT)
 HIGHEST    93           400 AM
 LOWEST     54          1200 PM
 AVERAGE    74

..........................................................


THE WEST PLAINS MO CLIMATE NORMALS FOR TODAY
                         NORMAL    RECORD    YEAR
 MAXIMUM TEMPERATURE (F)   90        99      2005
 MINIMUM TEMPERATURE (F)   67        49      1970


SUNRISE AND SUNSET
JULY 22 2014..........SUNRISE   605 AM CDT   SUNSET   823 PM CDT
JULY 23 2014..........SUNRISE   606 AM CDT   SUNSET   822 PM CDT


-  INDICATES NEGATIVE NUMBERS.
R  INDICATES RECORD WAS SET OR TIED.
MM INDICATES DATA IS MISSING.
T  INDICATES TRACE AMOUNT.




$$
