000
CDUS43 KSGF 010628
CLIUNO


CLIMATE REPORT
NATIONAL WEATHER SERVICE SPRINGFIELD MO
1228 AM CST FRI DEC 1 2017


...................................

...THE WEST PLAINS MO CLIMATE SUMMARY FOR NOVEMBER 30 2017...

CLIMATE NORMAL PERIOD 1981 TO 2010
CLIMATE RECORD PERIOD 1947 TO 2017


WEATHER ITEM   OBSERVED TIME   RECORD YEAR NORMAL DEPARTURE LAST
                VALUE   (LST)  VALUE       VALUE  FROM      YEAR
                                                  NORMAL
..................................................................
TEMPERATURE (F)
 YESTERDAY
  MAXIMUM         65    148 PM  73    2014  51     14       48
  MINIMUM         34   1025 PM   5    1976  31      3       33
  AVERAGE         50                        41      9       41

PRECIPITATION (IN)
  YESTERDAY        0.00          3.82 2006   0.14  -0.14     0.00
  MONTH TO DATE    0.45                      4.58  -4.13     0.71
  SINCE SEP 1      2.66                     12.51  -9.85     4.12
  SINCE JAN 1     44.85                     42.58   2.27    36.24

DEGREE DAYS
 HEATING
  YESTERDAY       15                        24     -9       24
  MONTH TO DATE  435                       550   -115      408
  SINCE SEP 1    662                       851   -189      520
  SINCE JUL 1    663                       852   -189      520

 COOLING
  YESTERDAY        0                         0      0        0
  MONTH TO DATE    6                         2      4       16
  SINCE SEP 1    288                       182    106      315
  SINCE JAN 1   1389                      1354     35     1604
..................................................................


WIND (MPH)
  HIGHEST WIND SPEED    14   HIGHEST WIND DIRECTION    NW (320)
  HIGHEST GUST SPEED    23   HIGHEST GUST DIRECTION    NW (320)
  AVERAGE WIND SPEED     6.8


SKY COVER
  AVERAGE SKY COVER 0.3


WEATHER CONDITIONS
 THE FOLLOWING WEATHER WAS RECORDED YESTERDAY.
  NO SIGNIFICANT WEATHER WAS OBSERVED.


RELATIVE HUMIDITY (PERCENT)
 HIGHEST    93           200 AM
 LOWEST     22           200 PM
 AVERAGE    58

..........................................................


THE WEST PLAINS MO CLIMATE NORMALS FOR TODAY
                         NORMAL    RECORD    YEAR
 MAXIMUM TEMPERATURE (F)   50        75      1970
 MINIMUM TEMPERATURE (F)   30        12      1960


SUNRISE AND SUNSET
DECEMBER  1 2017......SUNRISE   702 AM CST   SUNSET   451 PM CST
DECEMBER  2 2017......SUNRISE   703 AM CST   SUNSET   451 PM CST


-  INDICATES NEGATIVE NUMBERS.
R  INDICATES RECORD WAS SET OR TIED.
MM INDICATES DATA IS MISSING.
T  INDICATES TRACE AMOUNT.




$$
