000
CDUS43 KSGF 042226
CLIUNO


CLIMATE REPORT
NATIONAL WEATHER SERVICE SPRINGFIELD MO
526 PM CDT WED OCT 4 2017


...................................

...THE WEST PLAINS MO CLIMATE SUMMARY FOR OCTOBER 4 2017...
VALID TODAY AS OF 0500 PM LOCAL TIME.

CLIMATE NORMAL PERIOD 1981 TO 2010
CLIMATE RECORD PERIOD 1947 TO 2017


WEATHER ITEM   OBSERVED TIME   RECORD YEAR NORMAL DEPARTURE LAST
                VALUE   (LST)  VALUE       VALUE  FROM      YEAR
                                                  NORMAL
..................................................................
TEMPERATURE (F)
 TODAY
  MAXIMUM         81    135 PM  90    1954  74      7       80
  MINIMUM         67    322 AM  30    1987  49     18       56
  AVERAGE         74                        61     13       68

PRECIPITATION (IN)
  TODAY            0.00          3.58 1983   0.12  -0.12     0.00
  MONTH TO DATE    0.13                      0.49  -0.36     0.00
  SINCE SEP 1      0.64                      4.58  -3.94     1.35
  SINCE JAN 1     42.83                     34.65   8.18    33.47

DEGREE DAYS
 HEATING
  TODAY            0                         5     -5        0
  MONTH TO DATE    0                        20    -20        7
  SINCE SEP 1      5                        61    -56       17
  SINCE JUL 1      6                        62    -56       17

 COOLING
  TODAY            9                         2      7        3
  MONTH TO DATE   22                         8     14        3
  SINCE SEP 1    231                       164     67      229
  SINCE JAN 1   1332                      1336     -4     1518
..................................................................


WIND (MPH)
  HIGHEST WIND SPEED    12   HIGHEST WIND DIRECTION     S (200)
  HIGHEST GUST SPEED    16   HIGHEST GUST DIRECTION     S (170)


SKY COVER
  AVERAGE SKY COVER 0.4


WEATHER CONDITIONS
 THE FOLLOWING WEATHER WAS RECORDED TODAY.
  FOG


RELATIVE HUMIDITY (PERCENT)
 HIGHEST   100          1200 AM
 LOWEST     54          1200 PM
 AVERAGE    77

..........................................................


THE WEST PLAINS MO CLIMATE NORMALS FOR TOMORROW
                         NORMAL    RECORD    YEAR
 MAXIMUM TEMPERATURE (F)   73        91      1981
 MINIMUM TEMPERATURE (F)   48        32      1988
                                             1999


SUNRISE AND SUNSET
OCTOBER  4 2017.......SUNRISE   706 AM CDT   SUNSET   646 PM CDT
OCTOBER  5 2017.......SUNRISE   707 AM CDT   SUNSET   645 PM CDT


-  INDICATES NEGATIVE NUMBERS.
R  INDICATES RECORD WAS SET OR TIED.
MM INDICATES DATA IS MISSING.
T  INDICATES TRACE AMOUNT.




$$
