787
CDUS43 KSGF 232229
CLIUNO


CLIMATE REPORT
NATIONAL WEATHER SERVICE SPRINGFIELD MO
429 PM CST TUE JAN 23 2018


...................................

...THE WEST PLAINS MO CLIMATE SUMMARY FOR JANUARY 23 2018...
VALID AS OF 0400 PM LOCAL TIME.

CLIMATE NORMAL PERIOD 1981 TO 2010
CLIMATE RECORD PERIOD 1947 TO 2018


WEATHER ITEM   OBSERVED TIME   RECORD YEAR NORMAL DEPARTURE LAST
                VALUE   (LST)  VALUE       VALUE  FROM      YEAR
                                                  NORMAL
..................................................................
TEMPERATURE (F)
 TODAY
  MAXIMUM         42    236 PM  75    1967  45     -3       52
  MINIMUM         32    850 AM  -8    1963  24      8       29
  AVERAGE         37                        34      3       41

PRECIPITATION (IN)
  TODAY            0.00          1.35 1949   0.11  -0.11     0.00
  MONTH TO DATE    1.85                      1.71   0.14     2.04
  SINCE DEC 1      3.88                      5.35  -1.47     3.06
  SINCE JAN 1      1.85                      1.71   0.14     2.04

DEGREE DAYS
 HEATING
  TODAY           28                        31     -3       24
  MONTH TO DATE  839                       713    126      599
  SINCE DEC 1   1697                      1606     91     1469
  SINCE JUL 1   2360                      2458    -98     1989

 COOLING
  TODAY            0                         0      0        0
  MONTH TO DATE    0                         0      0        0
  SINCE DEC 1      0                         0      0        0
  SINCE JAN 1      0                         0      0        0
..................................................................


WIND (MPH)
  HIGHEST WIND SPEED    25   HIGHEST WIND DIRECTION     W (280)
  HIGHEST GUST SPEED    42   HIGHEST GUST DIRECTION     W (280)


SKY COVER
  AVERAGE SKY COVER 0.8


WEATHER CONDITIONS
 THE FOLLOWING WEATHER WAS RECORDED TODAY.
  NO SIGNIFICANT WEATHER WAS OBSERVED.


RELATIVE HUMIDITY (PERCENT)
 HIGHEST    75          1200 AM
 LOWEST     55           100 PM
 AVERAGE    65

..........................................................


THE WEST PLAINS MO CLIMATE NORMALS FOR TOMORROW
                         NORMAL    RECORD    YEAR
 MAXIMUM TEMPERATURE (F)   45        76      2002
 MINIMUM TEMPERATURE (F)   24       -11      1963


SUNRISE AND SUNSET
JANUARY 23 2018.......SUNRISE   716 AM CST   SUNSET   523 PM CST
JANUARY 24 2018.......SUNRISE   715 AM CST   SUNSET   524 PM CST


-  INDICATES NEGATIVE NUMBERS.
R  INDICATES RECORD WAS SET OR TIED.
MM INDICATES DATA IS MISSING.
T  INDICATES TRACE AMOUNT.




$$
