000
CDUS43 KSGF 232230
CLIUNO


CLIMATE REPORT
NATIONAL WEATHER SERVICE SPRINGFIELD MO
529 PM CDT WED APR 23 2014


...................................

...THE WEST PLAINS MO CLIMATE SUMMARY FOR APRIL 23 2014...
VALID TODAY AS OF 0500 PM LOCAL TIME.

CLIMATE NORMAL PERIOD 1981 TO 2010
CLIMATE RECORD PERIOD 1947 TO 2014


WEATHER ITEM   OBSERVED TIME   RECORD YEAR NORMAL DEPARTURE LAST
                VALUE   (LST)  VALUE       VALUE  FROM      YEAR
                                                  NORMAL
..................................................................
TEMPERATURE (F)
 TODAY
  MAXIMUM         74    231 PM  90    1965  72      2       70
  MINIMUM         44    430 AM  28    1993  47     -3       38
  AVERAGE         59                        60     -1       54

PRECIPITATION (IN)
  TODAY            0.00          3.47 1970   0.16  -0.16     0.45
  MONTH TO DATE    3.39                      3.33   0.06     3.37
  SINCE MAR 1      6.61                      7.62  -1.01     7.12
  SINCE JAN 1      8.46                     13.18  -4.72    14.44

DEGREE DAYS
 COOLING
  TODAY            0                         1     -1        0
  MONTH TO DATE    7                        18    -11       15
  SINCE MAR 1      7                        22    -15       15
  SINCE JAN 1      7                        22    -15       15
..................................................................


WIND (MPH)
  HIGHEST WIND SPEED    15   HIGHEST WIND DIRECTION    SE (120)
  HIGHEST GUST SPEED    20   HIGHEST GUST DIRECTION    SE (120)


SKY COVER
  AVERAGE SKY COVER 0.0


WEATHER CONDITIONS
 THE FOLLOWING WEATHER WAS RECORDED TODAY.
  NO SIGNIFICANT WEATHER WAS OBSERVED.


RELATIVE HUMIDITY (PERCENT)
 HIGHEST    65           100 AM
 LOWEST     25           400 PM
 AVERAGE    45

..........................................................


THE WEST PLAINS MO CLIMATE NORMALS FOR TOMORROW
                         NORMAL    RECORD    YEAR
 MAXIMUM TEMPERATURE (F)   72        87      1965
 MINIMUM TEMPERATURE (F)   48        30      2005


SUNRISE AND SUNSET
APRIL 23 2014.........SUNRISE   623 AM CDT   SUNSET   749 PM CDT
APRIL 24 2014.........SUNRISE   622 AM CDT   SUNSET   750 PM CDT


-  INDICATES NEGATIVE NUMBERS.
R  INDICATES RECORD WAS SET OR TIED.
MM INDICATES DATA IS MISSING.
T  INDICATES TRACE AMOUNT.




$$
