000
CDUS43 KSGF 070626
CLIUNO


CLIMATE REPORT
NATIONAL WEATHER SERVICE SPRINGFIELD MO
1226 AM CST WED FEB 7 2018


...................................

...THE WEST PLAINS MO CLIMATE SUMMARY FOR FEBRUARY 6 2018...

CLIMATE NORMAL PERIOD 1981 TO 2010
CLIMATE RECORD PERIOD 1947 TO 2018


WEATHER ITEM   OBSERVED TIME   RECORD YEAR NORMAL DEPARTURE LAST
                VALUE   (LST)  VALUE       VALUE  FROM      YEAR
                                                  NORMAL
..................................................................
TEMPERATURE (F)
 YESTERDAY
  MAXIMUM         31   1221 AM  66    2017  47    -16       66
                                      2007
  MINIMUM         24    814 AM  -3    1959  25     -1       46
  AVERAGE         28                        36     -8       56

PRECIPITATION (IN)
  YESTERDAY        0.02          0.98 1951   0.10  -0.08     0.00
  MONTH TO DATE    0.05                      0.54  -0.49     0.00
  SINCE DEC 1      4.10                      6.90  -2.80     3.06
  SINCE JAN 1      2.07                      3.26  -1.19     2.04

DEGREE DAYS
 HEATING
  YESTERDAY       37                        29      8        9
  MONTH TO DATE  224                       178     46      149
  SINCE DEC 1   2114                      2030     84     1808
  SINCE JUL 1   2777                      2882   -105     2328

 COOLING
  YESTERDAY        0                         0      0        0
  MONTH TO DATE    0                         0      0        0
  SINCE DEC 1      0                         0      0        0
  SINCE JAN 1      0                         0      0        0
..................................................................


WIND (MPH)
  HIGHEST WIND SPEED    14   HIGHEST WIND DIRECTION    NE (30)
  HIGHEST GUST SPEED    19   HIGHEST GUST DIRECTION    NE (40)
  AVERAGE WIND SPEED     7.6


SKY COVER
  AVERAGE SKY COVER 1.0


WEATHER CONDITIONS
 THE FOLLOWING WEATHER WAS RECORDED YESTERDAY.
  LT FREEZING RAIN
  FOG
  HAZE


RELATIVE HUMIDITY (PERCENT)
 HIGHEST    92          1200 AM
 LOWEST     69           100 PM
 AVERAGE    81

..........................................................


THE WEST PLAINS MO CLIMATE NORMALS FOR TODAY
                         NORMAL    RECORD    YEAR
 MAXIMUM TEMPERATURE (F)   47        76      2017
 MINIMUM TEMPERATURE (F)   25         1      1982


SUNRISE AND SUNSET
FEBRUARY  7 2018......SUNRISE   704 AM CST   SUNSET   540 PM CST
FEBRUARY  8 2018......SUNRISE   703 AM CST   SUNSET   541 PM CST


-  INDICATES NEGATIVE NUMBERS.
R  INDICATES RECORD WAS SET OR TIED.
MM INDICATES DATA IS MISSING.
T  INDICATES TRACE AMOUNT.




$$
