000
CDUS43 KSGF 100625
CLIUNO


CLIMATE REPORT
NATIONAL WEATHER SERVICE SPRINGFIELD MO
125 AM CDT THU APR 10 2014


...................................

...THE WEST PLAINS MO CLIMATE SUMMARY FOR APRIL 9 2014...

CLIMATE NORMAL PERIOD 1981 TO 2010
CLIMATE RECORD PERIOD 1947 TO 2014


WEATHER ITEM   OBSERVED TIME   RECORD YEAR NORMAL DEPARTURE LAST
                VALUE   (LST)  VALUE       VALUE  FROM      YEAR
                                                  NORMAL
..................................................................
TEMPERATURE (F)
 YESTERDAY
  MAXIMUM         67    434 PM  87    2011  68     -1       79
  MINIMUM         34    601 AM  23    2007  43     -9       60
  AVERAGE         51                        56     -5       70

PRECIPITATION (IN)
  YESTERDAY        0.00          0.91 1969   0.13  -0.13     0.00
  MONTH TO DATE    1.80                      1.18   0.62     0.08
  SINCE MAR 1      5.02                      5.47  -0.45     3.83
  SINCE JAN 1      6.87                     11.03  -4.16    11.15

DEGREE DAYS
 HEATING
  YESTERDAY       14                        10      4        0
  MONTH TO DATE  109                       100      9       96
  SINCE MAR 1    811                       646    165      830
  SINCE JUL 1   4609                      4110    499     4142

 COOLING
  YESTERDAY        0                         1     -1        5
  MONTH TO DATE    1                         4     -3        7
  SINCE MAR 1      1                         8     -7        7
  SINCE JAN 1      1                         8     -7        7
..................................................................


WIND (MPH)
  HIGHEST WIND SPEED    16   HIGHEST WIND DIRECTION     W (270)
  HIGHEST GUST SPEED    23   HIGHEST GUST DIRECTION     W (270)
  AVERAGE WIND SPEED     6.8


SKY COVER
  AVERAGE SKY COVER 0.0


WEATHER CONDITIONS
 THE FOLLOWING WEATHER WAS RECORDED YESTERDAY.
  NO SIGNIFICANT WEATHER WAS OBSERVED.


RELATIVE HUMIDITY (PERCENT)
 HIGHEST    89           500 AM
 LOWEST     22           200 PM
 AVERAGE    56

..........................................................


THE WEST PLAINS MO CLIMATE NORMALS FOR TODAY
                         NORMAL    RECORD    YEAR
 MAXIMUM TEMPERATURE (F)   68        89      2001
 MINIMUM TEMPERATURE (F)   44        26      1960
                                             1973


SUNRISE AND SUNSET
APRIL 10 2014.........SUNRISE   640 AM CDT   SUNSET   738 PM CDT
APRIL 11 2014.........SUNRISE   639 AM CDT   SUNSET   739 PM CDT


-  INDICATES NEGATIVE NUMBERS.
R  INDICATES RECORD WAS SET OR TIED.
MM INDICATES DATA IS MISSING.
T  INDICATES TRACE AMOUNT.




$$
