000
CDUS43 KSGF 122326
CLIUNO


CLIMATE REPORT
NATIONAL WEATHER SERVICE SPRINGFIELD MO
525 PM CST FRI DEC 12 2014


...................................

...THE WEST PLAINS MO CLIMATE SUMMARY FOR DECEMBER 12 2014...
VALID TODAY AS OF 0500 PM LOCAL TIME.

CLIMATE NORMAL PERIOD 1981 TO 2010
CLIMATE RECORD PERIOD 1947 TO 2014


WEATHER ITEM   OBSERVED TIME   RECORD YEAR NORMAL DEPARTURE LAST
                VALUE   (LST)  VALUE       VALUE  FROM      YEAR
                                                  NORMAL
..................................................................
TEMPERATURE (F)
 TODAY
  MAXIMUM         46    459 PM  70    1980  47     -1       36
  MINIMUM         36    815 AM  -3    1962  27      9        8
  AVERAGE         41                        37      4       22

PRECIPITATION (IN)
  TODAY            0.00          0.95 2001   0.13  -0.13     0.00
  MONTH TO DATE    1.26                      1.80  -0.54     0.02
  SINCE DEC 1      1.26                      1.80  -0.54     0.02
  SINCE JAN 1     34.69                     44.38  -9.69    51.91

DEGREE DAYS
 HEATING
  TODAY           24                        28     -4       43
  MONTH TO DATE  322                       321      1      389
  SINCE DEC 1    322                       321      1      389
  SINCE JUL 1   1334                      1173    161     1301

 COOLING
  TODAY            0                         0      0        0
  MONTH TO DATE    0                         0      0        0
  SINCE DEC 1      0                         0      0        0
  SINCE JAN 1   1231                      1354   -123     1073
..................................................................


WIND (MPH)
  HIGHEST WIND SPEED     9   HIGHEST WIND DIRECTION     S (200)
  HIGHEST GUST SPEED    11   HIGHEST GUST DIRECTION    SW (210)


SKY COVER
  AVERAGE SKY COVER 0.9


WEATHER CONDITIONS
 THE FOLLOWING WEATHER WAS RECORDED TODAY.
  FOG


RELATIVE HUMIDITY (PERCENT)
 HIGHEST    89           700 AM
 LOWEST     65           300 PM
 AVERAGE    77

..........................................................


THE WEST PLAINS MO CLIMATE NORMALS FOR TOMORROW
                         NORMAL    RECORD    YEAR
 MAXIMUM TEMPERATURE (F)   47        72      1948
 MINIMUM TEMPERATURE (F)   26         5      1961
                                             1962


SUNRISE AND SUNSET
DECEMBER 12 2014......SUNRISE   711 AM CST   SUNSET   452 PM CST
DECEMBER 13 2014......SUNRISE   712 AM CST   SUNSET   452 PM CST


-  INDICATES NEGATIVE NUMBERS.
R  INDICATES RECORD WAS SET OR TIED.
MM INDICATES DATA IS MISSING.
T  INDICATES TRACE AMOUNT.




$$
