000
CDUS43 KSGF 162241
CLIUNO


CLIMATE REPORT
NATIONAL WEATHER SERVICE SPRINGFIELD MO
439 PM CST SUN NOV 16 2014


...................................

...THE WEST PLAINS MO CLIMATE SUMMARY FOR NOVEMBER 16 2014...
VALID TODAY AS OF 0400 PM LOCAL TIME.

CLIMATE NORMAL PERIOD 1981 TO 2010
CLIMATE RECORD PERIOD 1947 TO 2014


WEATHER ITEM   OBSERVED TIME   RECORD YEAR NORMAL DEPARTURE LAST
                VALUE   (LST)  VALUE       VALUE  FROM      YEAR
                                                  NORMAL
..................................................................
TEMPERATURE (F)
 TODAY
  MAXIMUM         35    123 PM  77    1952  57    -22       66
  MINIMUM         30    816 AM  17    1970  37     -7       51
  AVERAGE         33                        47    -14       59

PRECIPITATION (IN)
  TODAY            0.05          3.68 1958   0.16  -0.11     0.11
  MONTH TO DATE    0.76                      2.37  -1.61     1.48
  SINCE SEP 1     10.25                     10.30  -0.05     6.64
  SINCE JAN 1     31.87                     40.37  -8.50    48.87

DEGREE DAYS
 HEATING
  TODAY           32                        18     14        6
  MONTH TO DATE  392                       247    145      286
  SINCE SEP 1    662                       549    113      555
  SINCE JUL 1    664                       550    114      559

 COOLING
  TODAY            0                         0      0        0
  MONTH TO DATE    0                         0      0        0
  SINCE SEP 1    176                       180     -4      231
  SINCE JAN 1   1231                      1352   -121     1073
..................................................................


WIND (MPH)
  HIGHEST WIND SPEED    10   HIGHEST WIND DIRECTION    NW (320)
  HIGHEST GUST SPEED    14   HIGHEST GUST DIRECTION    NW (300)


SKY COVER
  AVERAGE SKY COVER 1.0


WEATHER CONDITIONS
 THE FOLLOWING WEATHER WAS RECORDED TODAY.
  SNOW
  LIGHT SNOW
  FOG
  HAZE


RELATIVE HUMIDITY (PERCENT)
 HIGHEST    92           800 AM
 LOWEST     64           100 PM
 AVERAGE    78

..........................................................


THE WEST PLAINS MO CLIMATE NORMALS FOR TOMORROW
                         NORMAL    RECORD    YEAR
 MAXIMUM TEMPERATURE (F)   56        78      2013
 MINIMUM TEMPERATURE (F)   36         8      1959


SUNRISE AND SUNSET
NOVEMBER 16 2014......SUNRISE   647 AM CST   SUNSET   458 PM CST
NOVEMBER 17 2014......SUNRISE   648 AM CST   SUNSET   457 PM CST


-  INDICATES NEGATIVE NUMBERS.
R  INDICATES RECORD WAS SET OR TIED.
MM INDICATES DATA IS MISSING.
T  INDICATES TRACE AMOUNT.




$$
