000
CDUS43 KSGF 120634
CLIUNO


CLIMATE REPORT
NATIONAL WEATHER SERVICE SPRINGFIELD MO
134 AM CDT WED JUL 12 2017


...................................

...THE WEST PLAINS MO CLIMATE SUMMARY FOR JULY 11 2017...

CLIMATE NORMAL PERIOD 1981 TO 2010
CLIMATE RECORD PERIOD 1947 TO 2017


WEATHER ITEM   OBSERVED TIME   RECORD YEAR NORMAL DEPARTURE LAST
                VALUE   (LST)  VALUE       VALUE  FROM      YEAR
                                                  NORMAL
..................................................................
TEMPERATURE (F)
 YESTERDAY
  MAXIMUM         91    312 PM 103    1980  89      2       89
  MINIMUM         70    537 AM  51    1953  67      3       68
                                      1961
  AVERAGE         81                        78      3       79

PRECIPITATION (IN)
  YESTERDAY        0.00          2.16 1978   0.14  -0.14     0.00
  MONTH TO DATE    1.76                      1.29   0.47     1.61
  SINCE JUN 1      3.43                      5.31  -1.88     6.02
  SINCE JAN 1     38.84                     24.58  14.26    20.76

DEGREE DAYS
 HEATING
  YESTERDAY        0                         0      0        0
  MONTH TO DATE    0                         0      0        0
  SINCE JUN 1      0                         5     -5        0
  SINCE JUL 1      0                         0      0        0

 COOLING
  YESTERDAY       16                        13      3       14
  MONTH TO DATE  132                       139     -7      136
  SINCE JUN 1    386                       405    -19      486
  SINCE JAN 1    508                       527    -19      579
..................................................................


WIND (MPH)
  HIGHEST WIND SPEED    15   HIGHEST WIND DIRECTION     S (160)
  HIGHEST GUST SPEED    22   HIGHEST GUST DIRECTION     S (190)
  AVERAGE WIND SPEED     7.1


SKY COVER
  AVERAGE SKY COVER 0.0


WEATHER CONDITIONS
 THE FOLLOWING WEATHER WAS RECORDED YESTERDAY.
  NO SIGNIFICANT WEATHER WAS OBSERVED.


RELATIVE HUMIDITY (PERCENT)
 HIGHEST    97           500 AM
 LOWEST     37           200 PM
 AVERAGE    67

..........................................................


THE WEST PLAINS MO CLIMATE NORMALS FOR TODAY
                         NORMAL    RECORD    YEAR
 MAXIMUM TEMPERATURE (F)   89       107      1980
 MINIMUM TEMPERATURE (F)   67        52      1959


SUNRISE AND SUNSET
JULY 12 2017..........SUNRISE   558 AM CDT   SUNSET   828 PM CDT
JULY 13 2017..........SUNRISE   559 AM CDT   SUNSET   828 PM CDT


-  INDICATES NEGATIVE NUMBERS.
R  INDICATES RECORD WAS SET OR TIED.
MM INDICATES DATA IS MISSING.
T  INDICATES TRACE AMOUNT.




$$
