000
CDUS43 KSGF 120627
CLIUNO


CLIMATE REPORT
NATIONAL WEATHER SERVICE SPRINGFIELD MO
127 AM CDT FRI SEP 12 2014


...................................

...THE WEST PLAINS MO CLIMATE SUMMARY FOR SEPTEMBER 11 2014...

CLIMATE NORMAL PERIOD 1981 TO 2010
CLIMATE RECORD PERIOD 1947 TO 2014


WEATHER ITEM   OBSERVED TIME   RECORD YEAR NORMAL DEPARTURE LAST
                VALUE   (LST)  VALUE       VALUE  FROM      YEAR
                                                  NORMAL
..................................................................
TEMPERATURE (F)
 YESTERDAY
  MAXIMUM         72   1240 AM  96    1953  83    -11       94
  MINIMUM         57   1159 PM  40    1976  59     -2       66
  AVERAGE         65                        71     -6       80

PRECIPITATION (IN)
  YESTERDAY        0.01          2.57 1975   0.15  -0.14      T
  MONTH TO DATE    1.16                      1.62  -0.46     0.08
  SINCE SEP 1      1.16                      1.62  -0.46     0.08
  SINCE JAN 1     22.78                     31.69  -8.91    42.31

DEGREE DAYS
 HEATING
  YESTERDAY        0                         0      0        0
  MONTH TO DATE    1                         0      1        0
  SINCE SEP 1      1                         0      1        0
  SINCE JUL 1      3                         1      2        4

 COOLING
  YESTERDAY        0                         6     -6       15
  MONTH TO DATE  101                        88     13      120
  SINCE SEP 1    101                        88     13      120
  SINCE JAN 1   1156                      1260   -104      962
..................................................................


WIND (MPH)
  HIGHEST WIND SPEED    15   HIGHEST WIND DIRECTION    NE (40)
  HIGHEST GUST SPEED    20   HIGHEST GUST DIRECTION    NE (30)
  AVERAGE WIND SPEED     9.8


SKY COVER
  AVERAGE SKY COVER 1.0


WEATHER CONDITIONS
 THE FOLLOWING WEATHER WAS RECORDED YESTERDAY.
  THUNDERSTORM
  LIGHT RAIN


RELATIVE HUMIDITY (PERCENT)
 HIGHEST    93          1200 AM
 LOWEST     72           700 PM
 AVERAGE    83

..........................................................


THE WEST PLAINS MO CLIMATE NORMALS FOR TODAY
                         NORMAL    RECORD    YEAR
 MAXIMUM TEMPERATURE (F)   82        96      1980
 MINIMUM TEMPERATURE (F)   59        45      1959


SUNRISE AND SUNSET
SEPTEMBER 12 2014.....SUNRISE   647 AM CDT   SUNSET   720 PM CDT
SEPTEMBER 13 2014.....SUNRISE   648 AM CDT   SUNSET   718 PM CDT


-  INDICATES NEGATIVE NUMBERS.
R  INDICATES RECORD WAS SET OR TIED.
MM INDICATES DATA IS MISSING.
T  INDICATES TRACE AMOUNT.




$$
