000
CDUS43 KSGF 220636
CLIUNO


CLIMATE REPORT
NATIONAL WEATHER SERVICE SPRINGFIELD MO
136 AM CDT FRI MAY 22 2015


...................................

...THE WEST PLAINS MO CLIMATE SUMMARY FOR MAY 21 2015...

CLIMATE NORMAL PERIOD 1981 TO 2010
CLIMATE RECORD PERIOD 1947 TO 2015


WEATHER ITEM   OBSERVED TIME   RECORD YEAR NORMAL DEPARTURE LAST
                VALUE   (LST)  VALUE       VALUE  FROM      YEAR
                                                  NORMAL
..................................................................
TEMPERATURE (F)
 YESTERDAY
  MAXIMUM         63    457 PM  92    1987  78    -15       82
  MINIMUM         43   1146 PM  36    1954  56    -13       65
  AVERAGE         53                        67    -14       74

PRECIPITATION (IN)
  YESTERDAY        0.00          2.15 1992   0.14  -0.14     0.00
  MONTH TO DATE    4.72                      3.65   1.07     2.68
  SINCE MAR 1     10.08                     12.42  -2.34    10.00
  SINCE JAN 1     14.76                     17.98  -3.22    11.85

DEGREE DAYS
 HEATING
  YESTERDAY       12                         2     10        0
  MONTH TO DATE   59                        68     -9      105
  SINCE MAR 1    827                       866    -39     1059
  SINCE JUL 1   4624                      4330    294     4857

 COOLING
  YESTERDAY        0                         4     -4        9
  MONTH TO DATE   57                        49      8       71
  SINCE MAR 1     73                        77     -4       80
  SINCE JAN 1     73                        77     -4       80
..................................................................


WIND (MPH)
  HIGHEST WIND SPEED    15   HIGHEST WIND DIRECTION    NE (30)
  HIGHEST GUST SPEED    22   HIGHEST GUST DIRECTION     N (360)
  AVERAGE WIND SPEED     6.2


SKY COVER
  AVERAGE SKY COVER 0.6


WEATHER CONDITIONS
 THE FOLLOWING WEATHER WAS RECORDED YESTERDAY.
  NO SIGNIFICANT WEATHER WAS OBSERVED.


RELATIVE HUMIDITY (PERCENT)
 HIGHEST    93           200 AM
 LOWEST     48           500 PM
 AVERAGE    71

..........................................................


THE WEST PLAINS MO CLIMATE NORMALS FOR TODAY
                         NORMAL    RECORD    YEAR
 MAXIMUM TEMPERATURE (F)   78        92      1998
 MINIMUM TEMPERATURE (F)   56        37      1993


SUNRISE AND SUNSET
MAY 22 2015...........SUNRISE   555 AM CDT   SUNSET   814 PM CDT
MAY 23 2015...........SUNRISE   554 AM CDT   SUNSET   815 PM CDT


-  INDICATES NEGATIVE NUMBERS.
R  INDICATES RECORD WAS SET OR TIED.
MM INDICATES DATA IS MISSING.
T  INDICATES TRACE AMOUNT.




$$
