000
CDUS43 KSGF 210629
CLIUNO


CLIMATE REPORT
NATIONAL WEATHER SERVICE SPRINGFIELD MO
129 AM CDT THU AUG 21 2014


...................................

...THE WEST PLAINS MO CLIMATE SUMMARY FOR AUGUST 20 2014...

CLIMATE NORMAL PERIOD 1981 TO 2010
CLIMATE RECORD PERIOD 1947 TO 2014


WEATHER ITEM   OBSERVED TIME   RECORD YEAR NORMAL DEPARTURE LAST
                VALUE   (LST)  VALUE       VALUE  FROM      YEAR
                                                  NORMAL
..................................................................
TEMPERATURE (F)
 YESTERDAY
  MAXIMUM         93    431 PM 102    1962  89      4       84
  MINIMUM         71    557 AM  49    1967  65      6       60
  AVERAGE         82                        77      5       72

PRECIPITATION (IN)
  YESTERDAY        0.00          1.88 1959   0.11  -0.11     0.00
  MONTH TO DATE    2.75                      2.06   0.69    10.62
  SINCE JUN 1      9.61                      9.63  -0.02    20.41
  SINCE JAN 1     21.59                     28.90  -7.31    42.23

DEGREE DAYS
 HEATING
  YESTERDAY        0                         0      0        0
  MONTH TO DATE    0                         0      0        4
  SINCE JUN 1      4                         5     -1       13
  SINCE JUL 1      2                         0      2        4

 COOLING
  YESTERDAY       17                        12      5        7
  MONTH TO DATE  225                       257    -32      149
  SINCE JUN 1    724                       928   -204      571
  SINCE JAN 1    874                      1050   -176      683
..................................................................


WIND (MPH)
  HIGHEST WIND SPEED    15   HIGHEST WIND DIRECTION    SW (210)
  HIGHEST GUST SPEED    22   HIGHEST GUST DIRECTION    SW (230)
  AVERAGE WIND SPEED     7.0


SKY COVER
  AVERAGE SKY COVER 0.0


WEATHER CONDITIONS
 THE FOLLOWING WEATHER WAS RECORDED YESTERDAY.
  NO SIGNIFICANT WEATHER WAS OBSERVED.


RELATIVE HUMIDITY (PERCENT)
 HIGHEST    93           600 AM
 LOWEST     41           400 PM
 AVERAGE    67

..........................................................


THE WEST PLAINS MO CLIMATE NORMALS FOR TODAY
                         NORMAL    RECORD    YEAR
 MAXIMUM TEMPERATURE (F)   89       101      2010
 MINIMUM TEMPERATURE (F)   65        47      1950


SUNRISE AND SUNSET
AUGUST 21 2014........SUNRISE   630 AM CDT   SUNSET   751 PM CDT
AUGUST 22 2014........SUNRISE   630 AM CDT   SUNSET   750 PM CDT


-  INDICATES NEGATIVE NUMBERS.
R  INDICATES RECORD WAS SET OR TIED.
MM INDICATES DATA IS MISSING.
T  INDICATES TRACE AMOUNT.




$$
