000
CDUS43 KSGF 082230
CLIUNO


CLIMATE REPORT
NATIONAL WEATHER SERVICE SPRINGFIELD MO
429 PM CST FRI DEC 8 2017


...................................

...THE WEST PLAINS MO CLIMATE SUMMARY FOR DECEMBER 8 2017...
VALID AS OF 0400 PM LOCAL TIME.

CLIMATE NORMAL PERIOD 1981 TO 2010
CLIMATE RECORD PERIOD 1947 TO 2017


WEATHER ITEM   OBSERVED TIME   RECORD YEAR NORMAL DEPARTURE LAST
                VALUE   (LST)  VALUE       VALUE  FROM      YEAR
                                                  NORMAL
..................................................................
TEMPERATURE (F)
 TODAY
  MAXIMUM         38    321 PM  68    1952  48    -10       34
  MINIMUM         11    534 AM   2    1950  28    -17       20
  AVERAGE         25                        38    -13       27

PRECIPITATION (IN)
  TODAY            0.00          1.19 1971   0.15  -0.15     0.00
  MONTH TO DATE    0.37                      1.25  -0.88     0.24
  SINCE DEC 1      0.37                      1.25  -0.88     0.24
  SINCE JAN 1     45.22                     43.83   1.39    36.48

DEGREE DAYS
 HEATING
  TODAY           40                        27     13       38
  MONTH TO DATE  182                       209    -27      223
  SINCE DEC 1    182                       209    -27      223
  SINCE JUL 1    845                      1061   -216      743

 COOLING
  TODAY            0                         0      0        0
  MONTH TO DATE    0                         0      0        0
  SINCE DEC 1      0                         0      0        0
  SINCE JAN 1   1389                      1354     35     1604
..................................................................


WIND (MPH)
  HIGHEST WIND SPEED    12   HIGHEST WIND DIRECTION     W (250)
  HIGHEST GUST SPEED    15   HIGHEST GUST DIRECTION     W (270)


SKY COVER
  AVERAGE SKY COVER 0.0


WEATHER CONDITIONS
 THE FOLLOWING WEATHER WAS RECORDED TODAY.
  HAZE


RELATIVE HUMIDITY (PERCENT)
 HIGHEST    76           600 AM
 LOWEST     27           300 PM
 AVERAGE    52

..........................................................


THE WEST PLAINS MO CLIMATE NORMALS FOR TOMORROW
                         NORMAL    RECORD    YEAR
 MAXIMUM TEMPERATURE (F)   48        69      1991
 MINIMUM TEMPERATURE (F)   27         3      1995


SUNRISE AND SUNSET
DECEMBER  8 2017......SUNRISE   708 AM CST   SUNSET   451 PM CST
DECEMBER  9 2017......SUNRISE   709 AM CST   SUNSET   451 PM CST


-  INDICATES NEGATIVE NUMBERS.
R  INDICATES RECORD WAS SET OR TIED.
MM INDICATES DATA IS MISSING.
T  INDICATES TRACE AMOUNT.




$$
