855
CDUS43 KSGF 180812
CLIUNO


CLIMATE REPORT
NATIONAL WEATHER SERVICE SPRINGFIELD MO
312 AM CDT SAT MAR 18 2017


...................................

...THE WEST PLAINS MO CLIMATE SUMMARY FOR MARCH 17 2017...

CLIMATE NORMAL PERIOD 1981 TO 2010
CLIMATE RECORD PERIOD 1947 TO 2017


WEATHER ITEM   OBSERVED TIME   RECORD YEAR NORMAL DEPARTURE LAST
                VALUE   (LST)  VALUE       VALUE  FROM      YEAR
                                                  NORMAL
..................................................................
TEMPERATURE (F)
 YESTERDAY
  MAXIMUM         68    344 PM  83    1982  60      8       66
  MINIMUM         43    107 AM  18    1958  36      7       38
                                      1962
  AVERAGE         56                        48      8       52

PRECIPITATION (IN)
  YESTERDAY        0.00          1.44 1987   0.16  -0.16     0.00
  MONTH TO DATE    2.56                      2.19   0.37     2.37
  SINCE MAR 1      2.56                      2.19   0.37     2.37
  SINCE JAN 1      7.19                      7.75  -0.56     5.01

DEGREE DAYS
 HEATING
  YESTERDAY        9                        17     -8       13
  MONTH TO DATE  334                       342     -8      189
  SINCE MAR 1    334                       342     -8      189
  SINCE JUL 1   2983                      3806   -823     3022

 COOLING
  YESTERDAY        0                         0      0        0
  MONTH TO DATE    0                         0      0        4
  SINCE MAR 1      0                         0      0        4
  SINCE JAN 1      1                         0      1        4
..................................................................


WIND (MPH)
  HIGHEST WIND SPEED    13   HIGHEST WIND DIRECTION     S (170)
  HIGHEST GUST SPEED    17   HIGHEST GUST DIRECTION     S (180)
  AVERAGE WIND SPEED     6.3


SKY COVER
  AVERAGE SKY COVER 0.9


WEATHER CONDITIONS
 THE FOLLOWING WEATHER WAS RECORDED YESTERDAY.
  FOG
  FOG W/VISIBILITY <= 1/4 MILE
  HAZE


RELATIVE HUMIDITY (PERCENT)
 HIGHEST   100           900 PM
 LOWEST     58           200 AM
 AVERAGE    79

..........................................................


THE WEST PLAINS MO CLIMATE NORMALS FOR TODAY
                         NORMAL    RECORD    YEAR
 MAXIMUM TEMPERATURE (F)   60        82      1982
 MINIMUM TEMPERATURE (F)   36        12      1958


SUNRISE AND SUNSET
MARCH 18 2017.........SUNRISE   714 AM CDT   SUNSET   718 PM CDT
MARCH 19 2017.........SUNRISE   712 AM CDT   SUNSET   719 PM CDT


-  INDICATES NEGATIVE NUMBERS.
R  INDICATES RECORD WAS SET OR TIED.
MM INDICATES DATA IS MISSING.
T  INDICATES TRACE AMOUNT.




$$
