000
CDUS43 KSGF 090631
CLIUNO


CLIMATE REPORT
NATIONAL WEATHER SERVICE SPRINGFIELD MO
130 AM CDT TUE SEP 9 2014


...................................

...THE WEST PLAINS MO CLIMATE SUMMARY FOR SEPTEMBER 8 2014...

CLIMATE NORMAL PERIOD 1981 TO 2010
CLIMATE RECORD PERIOD 1947 TO 2014


WEATHER ITEM   OBSERVED TIME   RECORD YEAR NORMAL DEPARTURE LAST
                VALUE   (LST)  VALUE       VALUE  FROM      YEAR
                                                  NORMAL
..................................................................
TEMPERATURE (F)
 YESTERDAY
  MAXIMUM         85    417 PM  99    1990  84      1       88
  MINIMUM         54    552 AM  40    1956  60     -6       66
  AVERAGE         70                        72     -2       77

PRECIPITATION (IN)
  YESTERDAY        0.00          1.46 2007   0.14  -0.14     0.00
  MONTH TO DATE    0.58                      1.18  -0.60     0.08
  SINCE SEP 1      0.58                      1.18  -0.60     0.08
  SINCE JAN 1     22.20                     31.25  -9.05    42.31

DEGREE DAYS
 HEATING
  YESTERDAY        0                         0      0        0
  MONTH TO DATE    1                         0      1        0
  SINCE SEP 1      1                         0      1        0
  SINCE JUL 1      3                         1      2        4

 COOLING
  YESTERDAY        5                         7     -2       12
  MONTH TO DATE   70                        68      2       73
  SINCE SEP 1     70                        68      2       73
  SINCE JAN 1   1125                      1240   -115      915
..................................................................


WIND (MPH)
  HIGHEST WIND SPEED    10   HIGHEST WIND DIRECTION    SW (240)
  HIGHEST GUST SPEED    13   HIGHEST GUST DIRECTION    SW (220)
  AVERAGE WIND SPEED     3.2


SKY COVER
  AVERAGE SKY COVER 0.2


WEATHER CONDITIONS
 THE FOLLOWING WEATHER WAS RECORDED YESTERDAY.
  NO SIGNIFICANT WEATHER WAS OBSERVED.


RELATIVE HUMIDITY (PERCENT)
 HIGHEST    93           500 AM
 LOWEST     47           300 PM
 AVERAGE    70

..........................................................


THE WEST PLAINS MO CLIMATE NORMALS FOR TODAY
                         NORMAL    RECORD    YEAR
 MAXIMUM TEMPERATURE (F)   83        99      1980
 MINIMUM TEMPERATURE (F)   60        41      1956


SUNRISE AND SUNSET
SEPTEMBER  9 2014.....SUNRISE   645 AM CDT   SUNSET   724 PM CDT
SEPTEMBER 10 2014.....SUNRISE   646 AM CDT   SUNSET   723 PM CDT


-  INDICATES NEGATIVE NUMBERS.
R  INDICATES RECORD WAS SET OR TIED.
MM INDICATES DATA IS MISSING.
T  INDICATES TRACE AMOUNT.




$$
