000
CDUS43 KSGF 092227
CLIUNO


CLIMATE REPORT
NATIONAL WEATHER SERVICE SPRINGFIELD MO
527 PM CDT FRI JUN 9 2017


...................................

...THE WEST PLAINS MO CLIMATE SUMMARY FOR JUNE 9 2017...
VALID TODAY AS OF 0500 PM LOCAL TIME.

CLIMATE NORMAL PERIOD 1981 TO 2010
CLIMATE RECORD PERIOD 1947 TO 2017


WEATHER ITEM   OBSERVED TIME   RECORD YEAR NORMAL DEPARTURE LAST
                VALUE   (LST)  VALUE       VALUE  FROM      YEAR
                                                  NORMAL
..................................................................
TEMPERATURE (F)
 TODAY
  MAXIMUM         80    344 PM  98    1953  83     -3       86
  MINIMUM         53    417 AM  46    2003  62     -9       64
  AVERAGE         67                        72     -5       75

PRECIPITATION (IN)
  TODAY            0.00          3.07 1982   0.13  -0.13     0.00
  MONTH TO DATE    0.37                      1.16  -0.79     2.03
  SINCE JUN 1      0.37                      1.16  -0.79     2.03
  SINCE JAN 1     35.78                     20.43  15.35    16.77

DEGREE DAYS
 COOLING
  TODAY            2                         7     -5       10
  MONTH TO DATE   44                        58    -14       49
  SINCE JUN 1     44                        58    -14       49
  SINCE JAN 1    166                       180    -14      142
..................................................................


WIND (MPH)
  HIGHEST WIND SPEED    12   HIGHEST WIND DIRECTION    SW (220)
  HIGHEST GUST SPEED    15   HIGHEST GUST DIRECTION     S (200)


SKY COVER
  AVERAGE SKY COVER 0.0


WEATHER CONDITIONS
 THE FOLLOWING WEATHER WAS RECORDED TODAY.
  NO SIGNIFICANT WEATHER WAS OBSERVED.


RELATIVE HUMIDITY (PERCENT)
 HIGHEST    83           200 AM
 LOWEST     39           100 PM
 AVERAGE    61

..........................................................


THE WEST PLAINS MO CLIMATE NORMALS FOR TOMORROW
                         NORMAL    RECORD    YEAR
 MAXIMUM TEMPERATURE (F)   83        98      1953
 MINIMUM TEMPERATURE (F)   62        44      1988


SUNRISE AND SUNSET
JUNE  9 2017..........SUNRISE   548 AM CDT   SUNSET   826 PM CDT
JUNE 10 2017..........SUNRISE   548 AM CDT   SUNSET   827 PM CDT


-  INDICATES NEGATIVE NUMBERS.
R  INDICATES RECORD WAS SET OR TIED.
MM INDICATES DATA IS MISSING.
T  INDICATES TRACE AMOUNT.




$$
