000
CDUS43 KSGF 072226
CLIUNO


CLIMATE REPORT
NATIONAL WEATHER SERVICE SPRINGFIELD MO
526 PM CDT MON AUG 7 2017


...................................

...THE WEST PLAINS MO CLIMATE SUMMARY FOR AUGUST 7 2017...
VALID TODAY AS OF 0500 PM LOCAL TIME.

CLIMATE NORMAL PERIOD 1981 TO 2010
CLIMATE RECORD PERIOD 1947 TO 2017


WEATHER ITEM   OBSERVED TIME   RECORD YEAR NORMAL DEPARTURE LAST
                VALUE   (LST)  VALUE       VALUE  FROM      YEAR
                                                  NORMAL
..................................................................
TEMPERATURE (F)
 TODAY
  MAXIMUM         83    335 PM 102    1962  91     -8       84
  MINIMUM         68    702 AM  50    1957  66      2       72
                                      2004
  AVERAGE         76                        78     -2       78

PRECIPITATION (IN)
  TODAY            0.00          2.53 2014   0.10  -0.10     0.00
  MONTH TO DATE    1.29                      0.78   0.51     0.77
  SINCE JUN 1      5.29                      8.35  -3.06    14.52
  SINCE JAN 1     40.70                     27.62  13.08    29.26

DEGREE DAYS
 HEATING
  TODAY            0                         0      0        0
  MONTH TO DATE    1                         0      1        0
  SINCE JUN 1      1                         5     -4        0
  SINCE JUL 1      1                         0      1        0

 COOLING
  TODAY           11                        13     -2       13
  MONTH TO DATE   59                        91    -32      110
  SINCE JUN 1    760                       762     -2      915
  SINCE JAN 1    882                       884     -2     1008
..................................................................


WIND (MPH)
  HIGHEST WIND SPEED    14   HIGHEST WIND DIRECTION    NE (50)
  HIGHEST GUST SPEED    18   HIGHEST GUST DIRECTION    NE (40)


SKY COVER
  AVERAGE SKY COVER 0.9


WEATHER CONDITIONS
 THE FOLLOWING WEATHER WAS RECORDED TODAY.
  FOG


RELATIVE HUMIDITY (PERCENT)
 HIGHEST    93          1200 AM
 LOWEST     55           400 PM
 AVERAGE    74

..........................................................


THE WEST PLAINS MO CLIMATE NORMALS FOR TOMORROW
                         NORMAL    RECORD    YEAR
 MAXIMUM TEMPERATURE (F)   91       101      1980
 MINIMUM TEMPERATURE (F)   66        49      1989


SUNRISE AND SUNSET
AUGUST  7 2017........SUNRISE   618 AM CDT   SUNSET   808 PM CDT
AUGUST  8 2017........SUNRISE   619 AM CDT   SUNSET   807 PM CDT


-  INDICATES NEGATIVE NUMBERS.
R  INDICATES RECORD WAS SET OR TIED.
MM INDICATES DATA IS MISSING.
T  INDICATES TRACE AMOUNT.




$$
