000
CDUS43 KSGF 250627
CLIUNO


CLIMATE REPORT
NATIONAL WEATHER SERVICE SPRINGFIELD MO
126 AM CDT MON AUG 25 2014


...................................

...THE WEST PLAINS MO CLIMATE SUMMARY FOR AUGUST 24 2014...

CLIMATE NORMAL PERIOD 1981 TO 2010
CLIMATE RECORD PERIOD 1947 TO 2014


WEATHER ITEM   OBSERVED TIME   RECORD YEAR NORMAL DEPARTURE LAST
                VALUE   (LST)  VALUE       VALUE  FROM      YEAR
                                                  NORMAL
..................................................................
TEMPERATURE (F)
 YESTERDAY
  MAXIMUM         97    350 PM 100    1978  89      8       88
  MINIMUM         70    529 AM  51    1949  64      6       66
                                      1984
  AVERAGE         84                        76      8       77

PRECIPITATION (IN)
  YESTERDAY        0.00          1.21 1950   0.10  -0.10     0.00
  MONTH TO DATE    2.75                      2.48   0.27    10.62
  SINCE JUN 1      9.61                     10.05  -0.44    20.41
  SINCE JAN 1     21.59                     29.32  -7.73    42.23

DEGREE DAYS
 HEATING
  YESTERDAY        0                         0      0        0
  MONTH TO DATE    0                         0      0        4
  SINCE JUN 1      4                         5     -1       13
  SINCE JUL 1      2                         0      2        4

 COOLING
  YESTERDAY       19                        11      8       12
  MONTH TO DATE  301                       304     -3      197
  SINCE JUN 1    800                       975   -175      619
  SINCE JAN 1    950                      1097   -147      731
..................................................................


WIND (MPH)
  HIGHEST WIND SPEED    12   HIGHEST WIND DIRECTION    SW (220)
  HIGHEST GUST SPEED    20   HIGHEST GUST DIRECTION    NE (30)
  AVERAGE WIND SPEED     3.6


SKY COVER
  AVERAGE SKY COVER 0.0


WEATHER CONDITIONS
 THE FOLLOWING WEATHER WAS RECORDED YESTERDAY.
  NO SIGNIFICANT WEATHER WAS OBSERVED.


RELATIVE HUMIDITY (PERCENT)
 HIGHEST    84           400 AM
 LOWEST     30           500 PM
 AVERAGE    57

..........................................................


THE WEST PLAINS MO CLIMATE NORMALS FOR TODAY
                         NORMAL    RECORD    YEAR
 MAXIMUM TEMPERATURE (F)   88       100      1983
 MINIMUM TEMPERATURE (F)   64        51      1952
                                             1958


SUNRISE AND SUNSET
AUGUST 25 2014........SUNRISE   633 AM CDT   SUNSET   746 PM CDT
AUGUST 26 2014........SUNRISE   634 AM CDT   SUNSET   744 PM CDT


-  INDICATES NEGATIVE NUMBERS.
R  INDICATES RECORD WAS SET OR TIED.
MM INDICATES DATA IS MISSING.
T  INDICATES TRACE AMOUNT.




$$
