000
CDUS43 KSGF 120633
CLIUNO


CLIMATE REPORT
NATIONAL WEATHER SERVICE SPRINGFIELD MO
133 AM CDT TUE JUL 12 2016


...................................

...THE WEST PLAINS MO CLIMATE SUMMARY FOR JULY 11 2016...

CLIMATE NORMAL PERIOD 1981 TO 2010
CLIMATE RECORD PERIOD 1947 TO 2016


WEATHER ITEM   OBSERVED TIME   RECORD YEAR NORMAL DEPARTURE LAST
                VALUE   (LST)  VALUE       VALUE  FROM      YEAR
                                                  NORMAL
..................................................................
TEMPERATURE (F)
 YESTERDAY
  MAXIMUM         89    320 PM 103    1980  89      0       89
  MINIMUM         68    511 AM  51    1953  67      1       73
                                      1961
  AVERAGE         79                        78      1       81

PRECIPITATION (IN)
  YESTERDAY        0.00          2.16 1978   0.14  -0.14     0.00
  MONTH TO DATE    1.61                      1.29   0.32     4.55
  SINCE JUN 1      6.02                      5.31   0.71    10.27
  SINCE JAN 1     20.76                     24.58  -3.82    27.88

DEGREE DAYS
 HEATING
  YESTERDAY        0                         0      0        0
  MONTH TO DATE    0                         0      0        0
  SINCE JUN 1      0                         5     -5        5
  SINCE JUL 1      0                         0      0        0

 COOLING
  YESTERDAY       14                        13      1       16
  MONTH TO DATE  136                       139     -3      125
  SINCE JUN 1    486                       405     81      440
  SINCE JAN 1    579                       527     52      562
..................................................................


WIND (MPH)
  HIGHEST WIND SPEED    15   HIGHEST WIND DIRECTION     S (190)
  HIGHEST GUST SPEED    20   HIGHEST GUST DIRECTION     S (180)
  AVERAGE WIND SPEED     6.9


SKY COVER
  AVERAGE SKY COVER 0.1


WEATHER CONDITIONS
 THE FOLLOWING WEATHER WAS RECORDED YESTERDAY.
  HAZE


RELATIVE HUMIDITY (PERCENT)
 HIGHEST    90           300 AM
 LOWEST     53           300 PM
 AVERAGE    72

..........................................................


THE WEST PLAINS MO CLIMATE NORMALS FOR TODAY
                         NORMAL    RECORD    YEAR
 MAXIMUM TEMPERATURE (F)   89       107      1980
 MINIMUM TEMPERATURE (F)   67        52      1959


SUNRISE AND SUNSET
JULY 12 2016..........SUNRISE   559 AM CDT   SUNSET   828 PM CDT
JULY 13 2016..........SUNRISE   559 AM CDT   SUNSET   827 PM CDT


-  INDICATES NEGATIVE NUMBERS.
R  INDICATES RECORD WAS SET OR TIED.
MM INDICATES DATA IS MISSING.
T  INDICATES TRACE AMOUNT.




$$
