000
CDUS43 KSGF 052234
CLIUNO


CLIMATE REPORT
NATIONAL WEATHER SERVICE SPRINGFIELD MO
434 PM CST SUN FEB 5 2017


...................................

...THE WEST PLAINS MO CLIMATE SUMMARY FOR FEBRUARY 5 2017...
VALID AS OF 0400 PM LOCAL TIME.

CLIMATE NORMAL PERIOD 1981 TO 2010
CLIMATE RECORD PERIOD 1947 TO 2017


WEATHER ITEM   OBSERVED TIME   RECORD YEAR NORMAL DEPARTURE LAST
                VALUE   (LST)  VALUE       VALUE  FROM      YEAR
                                                  NORMAL
..................................................................
TEMPERATURE (F)
 TODAY
  MAXIMUM         62    310 PM  71    1967  47     15       52
  MINIMUM         29    729 AM  -9    1996  25      4       24
  AVERAGE         46                        36     10       38

PRECIPITATION (IN)
  TODAY            0.00          1.60 1964   0.09  -0.09     0.00
  MONTH TO DATE    0.00                      0.44  -0.44     0.42
  SINCE DEC 1      3.06                      6.80  -3.74    10.39
  SINCE JAN 1      2.04                      3.16  -1.12     1.35

DEGREE DAYS
 HEATING
  TODAY           19                        29    -10       27
  MONTH TO DATE  140                       149     -9      114
  SINCE DEC 1   1799                      2001   -202     1648
  SINCE JUL 1   2319                      2853   -534     2283

 COOLING
  TODAY            0                         0      0        0
  MONTH TO DATE    0                         0      0        0
  SINCE DEC 1      0                         0      0        0
  SINCE JAN 1      0                         0      0        0
..................................................................


WIND (MPH)
  HIGHEST WIND SPEED    12   HIGHEST WIND DIRECTION     S (180)
  HIGHEST GUST SPEED    14   HIGHEST GUST DIRECTION    SW (210)


SKY COVER
  AVERAGE SKY COVER 0.0


WEATHER CONDITIONS
 THE FOLLOWING WEATHER WAS RECORDED TODAY.
  NO SIGNIFICANT WEATHER WAS OBSERVED.


RELATIVE HUMIDITY (PERCENT)
 HIGHEST    85           600 AM
 LOWEST     42           200 PM
 AVERAGE    64

..........................................................


THE WEST PLAINS MO CLIMATE NORMALS FOR TOMORROW
                         NORMAL    RECORD    YEAR
 MAXIMUM TEMPERATURE (F)   47        66      2007
 MINIMUM TEMPERATURE (F)   25        -3      1959


SUNRISE AND SUNSET
FEBRUARY  5 2017......SUNRISE   706 AM CST   SUNSET   538 PM CST
FEBRUARY  6 2017......SUNRISE   705 AM CST   SUNSET   539 PM CST


-  INDICATES NEGATIVE NUMBERS.
R  INDICATES RECORD WAS SET OR TIED.
MM INDICATES DATA IS MISSING.
T  INDICATES TRACE AMOUNT.




$$
