000
CDUS43 KSGF 170634
CLIUNO


CLIMATE REPORT
NATIONAL WEATHER SERVICE SPRINGFIELD MO
134 AM CDT TUE MAY 17 2016


...................................

...THE WEST PLAINS MO CLIMATE SUMMARY FOR MAY 16 2016...

CLIMATE NORMAL PERIOD 1981 TO 2010
CLIMATE RECORD PERIOD 1947 TO 2016


WEATHER ITEM   OBSERVED TIME   RECORD YEAR NORMAL DEPARTURE LAST
                VALUE   (LST)  VALUE       VALUE  FROM      YEAR
                                                  NORMAL
..................................................................
TEMPERATURE (F)
 YESTERDAY
  MAXIMUM         58    207 PM  88    2012  77    -19       78
  MINIMUM         51    735 PM  34    1997  54     -3       67
  AVERAGE         55                        65    -10       73

PRECIPITATION (IN)
  YESTERDAY        0.69          0.94 2003   0.15   0.54     0.62
  MONTH TO DATE    3.13                      2.95   0.18     3.82
  SINCE MAR 1      8.36                     11.72  -3.36     9.18
  SINCE JAN 1     11.00                     17.28  -6.28    13.86

DEGREE DAYS
 HEATING
  YESTERDAY       10                         3      7        0
  MONTH TO DATE   76                        57     19       37
  SINCE MAR 1    656                       855   -199      805
  SINCE JUL 1   3489                      4319   -830     4602

 COOLING
  YESTERDAY        0                         3     -3        8
  MONTH TO DATE   23                        32     -9       46
  SINCE MAR 1     39                        60    -21       62
  SINCE JAN 1     39                        60    -21       62
..................................................................


WIND (MPH)
  HIGHEST WIND SPEED    16   HIGHEST WIND DIRECTION    NW (320)
  HIGHEST GUST SPEED    20   HIGHEST GUST DIRECTION    NW (320)
  AVERAGE WIND SPEED     6.6


SKY COVER
  AVERAGE SKY COVER 1.0


WEATHER CONDITIONS
 THE FOLLOWING WEATHER WAS RECORDED YESTERDAY.
  HEAVY RAIN
  RAIN
  LIGHT RAIN
  FOG


RELATIVE HUMIDITY (PERCENT)
 HIGHEST    89           700 PM
 LOWEST     55          1200 AM
 AVERAGE    72

..........................................................


THE WEST PLAINS MO CLIMATE NORMALS FOR TODAY
                         NORMAL    RECORD    YEAR
 MAXIMUM TEMPERATURE (F)   77        90      2001
 MINIMUM TEMPERATURE (F)   55        37      1973


SUNRISE AND SUNSET
MAY 17 2016...........SUNRISE   558 AM CDT   SUNSET   811 PM CDT
MAY 18 2016...........SUNRISE   557 AM CDT   SUNSET   811 PM CDT


-  INDICATES NEGATIVE NUMBERS.
R  INDICATES RECORD WAS SET OR TIED.
MM INDICATES DATA IS MISSING.
T  INDICATES TRACE AMOUNT.




$$
