000
CDUS43 KSGF 152128
CLIUNO


CLIMATE REPORT
NATIONAL WEATHER SERVICE SPRINGFIELD MO
427 PM CDT THU JUN 15 2017


...................................

...THE WEST PLAINS MO CLIMATE SUMMARY FOR JUNE 15 2017...
VALID AS OF 0400 PM LOCAL TIME.

CLIMATE NORMAL PERIOD 1981 TO 2010
CLIMATE RECORD PERIOD 1947 TO 2017


WEATHER ITEM   OBSERVED TIME   RECORD YEAR NORMAL DEPARTURE LAST
                VALUE   (LST)  VALUE       VALUE  FROM      YEAR
                                                  NORMAL
..................................................................
TEMPERATURE (F)
 TODAY
  MAXIMUM         87    259 PM  99    1952  84      3       93
  MINIMUM         64    703 AM  45    1955  63      1       76
  AVERAGE         76                        74      2       85

PRECIPITATION (IN)
  TODAY            0.22          4.07 1984   0.12   0.10      T
  MONTH TO DATE    0.59                      1.96  -1.37     3.69
  SINCE JUN 1      0.59                      1.96  -1.37     3.69
  SINCE JAN 1     36.00                     21.23  14.77    18.43

DEGREE DAYS
 HEATING
  TODAY            0                         0      0        0
  MONTH TO DATE    0                         4     -4        0
  SINCE JUN 1      0                         4     -4        0
  SINCE JUL 1   3324                      4346  -1022     3525

 COOLING
  TODAY           11                         9      2       20
  MONTH TO DATE  113                       108      5      132
  SINCE JUN 1    113                       108      5      132
  SINCE JAN 1    235                       230      5      225
..................................................................


WIND (MPH)
  HIGHEST WIND SPEED    29   HIGHEST WIND DIRECTION     N (20)
  HIGHEST GUST SPEED    43   HIGHEST GUST DIRECTION     N (360)


SKY COVER
  AVERAGE SKY COVER 0.1


WEATHER CONDITIONS
 THE FOLLOWING WEATHER WAS RECORDED TODAY.
  THUNDERSTORM
  HEAVY RAIN
  RAIN
  LIGHT RAIN
  FOG


RELATIVE HUMIDITY (PERCENT)
 HIGHEST    93           300 AM
 LOWEST     55           300 PM
 AVERAGE    74

..........................................................


THE WEST PLAINS MO CLIMATE NORMALS FOR TOMORROW
                         NORMAL    RECORD    YEAR
 MAXIMUM TEMPERATURE (F)   84        99      1953
 MINIMUM TEMPERATURE (F)   64        46      1989


SUNRISE AND SUNSET
JUNE 15 2017..........SUNRISE   548 AM CDT   SUNSET   829 PM CDT
JUNE 16 2017..........SUNRISE   548 AM CDT   SUNSET   829 PM CDT


-  INDICATES NEGATIVE NUMBERS.
R  INDICATES RECORD WAS SET OR TIED.
MM INDICATES DATA IS MISSING.
T  INDICATES TRACE AMOUNT.




$$
