000
CDUS43 KSGF 142328
CLIUNO


CLIMATE REPORT
NATIONAL WEATHER SERVICE SPRINGFIELD MO
528 PM CST TUE FEB 14 2017


...................................

...THE WEST PLAINS MO CLIMATE SUMMARY FOR FEBRUARY 14 2017...
VALID TODAY AS OF 0500 PM LOCAL TIME.

CLIMATE NORMAL PERIOD 1981 TO 2010
CLIMATE RECORD PERIOD 1947 TO 2017


WEATHER ITEM   OBSERVED TIME   RECORD YEAR NORMAL DEPARTURE LAST
                VALUE   (LST)  VALUE       VALUE  FROM      YEAR
                                                  NORMAL
..................................................................
TEMPERATURE (F)
 TODAY
  MAXIMUM         46    106 PM  72    1954  49     -3       30
  MINIMUM         38    212 AM  12    1960  26     12       23
  AVERAGE         42                        37      5       27

PRECIPITATION (IN)
  TODAY            0.38          1.46 1949   0.11   0.27     0.18
  MONTH TO DATE    0.40                      1.41  -1.01     0.60
  SINCE DEC 1      3.46                      7.77  -4.31    10.57
  SINCE JAN 1      2.44                      4.13  -1.69     1.53

DEGREE DAYS
 COOLING
  TODAY            0                         0      0        0
  MONTH TO DATE    0                         0      0        0
  SINCE DEC 1      0                         0      0        0
  SINCE JAN 1      0                         0      0        0
..................................................................


WIND (MPH)
  HIGHEST WIND SPEED     7   HIGHEST WIND DIRECTION     W (270)
  HIGHEST GUST SPEED     9   HIGHEST GUST DIRECTION     W (270)


SKY COVER
  AVERAGE SKY COVER 0.8


WEATHER CONDITIONS
 THE FOLLOWING WEATHER WAS RECORDED TODAY.
  RAIN
  LIGHT RAIN
  FOG


RELATIVE HUMIDITY (PERCENT)
 HIGHEST   100           400 PM
 LOWEST     76          1100 AM
 AVERAGE    88

..........................................................


THE WEST PLAINS MO CLIMATE NORMALS FOR TOMORROW
                         NORMAL    RECORD    YEAR
 MAXIMUM TEMPERATURE (F)   49        75      2005
 MINIMUM TEMPERATURE (F)   26         6      1958


SUNRISE AND SUNSET
FEBRUARY 14 2017......SUNRISE   657 AM CST   SUNSET   547 PM CST
FEBRUARY 15 2017......SUNRISE   656 AM CST   SUNSET   548 PM CST


-  INDICATES NEGATIVE NUMBERS.
R  INDICATES RECORD WAS SET OR TIED.
MM INDICATES DATA IS MISSING.
T  INDICATES TRACE AMOUNT.




$$
