485
CDUS43 KSGF 162230
CLIUNO


CLIMATE REPORT
NATIONAL WEATHER SERVICE SPRINGFIELD MO
530 PM CDT THU MAR 16 2017


...................................

...THE WEST PLAINS MO CLIMATE SUMMARY FOR MARCH 16 2017...
VALID TODAY AS OF 0500 PM LOCAL TIME.

CLIMATE NORMAL PERIOD 1981 TO 2010
CLIMATE RECORD PERIOD 1947 TO 2017


WEATHER ITEM   OBSERVED TIME   RECORD YEAR NORMAL DEPARTURE LAST
                VALUE   (LST)  VALUE       VALUE  FROM      YEAR
                                                  NORMAL
..................................................................
TEMPERATURE (F)
 TODAY
  MAXIMUM         44    248 PM  82    1982  60    -16       65
  MINIMUM         34    627 AM  16    1988  36     -2       43
  AVERAGE         39                        48     -9       54

PRECIPITATION (IN)
  TODAY            0.00          1.48 2014   0.15  -0.15     0.00
  MONTH TO DATE    2.56                      2.03   0.53     2.37
  SINCE MAR 1      2.56                      2.03   0.53     2.37
  SINCE JAN 1      7.19                      7.59  -0.40     5.01

DEGREE DAYS
 COOLING
  TODAY            0                         0      0        0
  MONTH TO DATE    0                         0      0        4
  SINCE MAR 1      0                         0      0        4
  SINCE JAN 1      1                         0      1        4
..................................................................


WIND (MPH)
  HIGHEST WIND SPEED    15   HIGHEST WIND DIRECTION    SE (150)
  HIGHEST GUST SPEED    22   HIGHEST GUST DIRECTION    SE (150)


SKY COVER
  AVERAGE SKY COVER 1.0


WEATHER CONDITIONS
 THE FOLLOWING WEATHER WAS RECORDED TODAY.
  NO SIGNIFICANT WEATHER WAS OBSERVED.


RELATIVE HUMIDITY (PERCENT)
 HIGHEST    61          1200 AM
 LOWEST     53          1100 AM
 AVERAGE    57

..........................................................


THE WEST PLAINS MO CLIMATE NORMALS FOR TOMORROW
                         NORMAL    RECORD    YEAR
 MAXIMUM TEMPERATURE (F)   60        83      1982
 MINIMUM TEMPERATURE (F)   36        18      1958
                                             1962


SUNRISE AND SUNSET
MARCH 16 2017.........SUNRISE   717 AM CDT   SUNSET   716 PM CDT
MARCH 17 2017.........SUNRISE   715 AM CDT   SUNSET   717 PM CDT


-  INDICATES NEGATIVE NUMBERS.
R  INDICATES RECORD WAS SET OR TIED.
MM INDICATES DATA IS MISSING.
T  INDICATES TRACE AMOUNT.




$$
