000
CDUS43 KSGF 130632
CLIUNO


CLIMATE REPORT
NATIONAL WEATHER SERVICE SPRINGFIELD MO
132 AM CDT WED JUL 13 2016


...................................

...THE WEST PLAINS MO CLIMATE SUMMARY FOR JULY 12 2016...

CLIMATE NORMAL PERIOD 1981 TO 2010
CLIMATE RECORD PERIOD 1947 TO 2016


WEATHER ITEM   OBSERVED TIME   RECORD YEAR NORMAL DEPARTURE LAST
                VALUE   (LST)  VALUE       VALUE  FROM      YEAR
                                                  NORMAL
..................................................................
TEMPERATURE (F)
 YESTERDAY
  MAXIMUM         86   1053 AM 107    1980  89     -3       89
  MINIMUM         72   1015 PM  52    1959  67      5       74
  AVERAGE         79                        78      1       82

PRECIPITATION (IN)
  YESTERDAY        0.01          3.26 1958   0.13  -0.12     0.00
  MONTH TO DATE    1.62                      1.42   0.20     4.55
  SINCE JUN 1      6.03                      5.44   0.59    10.27
  SINCE JAN 1     20.77                     24.71  -3.94    27.88

DEGREE DAYS
 HEATING
  YESTERDAY        0                         0      0        0
  MONTH TO DATE    0                         0      0        0
  SINCE JUN 1      0                         5     -5        5
  SINCE JUL 1      0                         0      0        0

 COOLING
  YESTERDAY       14                        13      1       17
  MONTH TO DATE  150                       152     -2      142
  SINCE JUN 1    500                       418     82      457
  SINCE JAN 1    593                       540     53      579
..................................................................


WIND (MPH)
  HIGHEST WIND SPEED    16   HIGHEST WIND DIRECTION     S (200)
  HIGHEST GUST SPEED    24   HIGHEST GUST DIRECTION    SW (230)
  AVERAGE WIND SPEED     6.9


SKY COVER
  AVERAGE SKY COVER 0.1


WEATHER CONDITIONS
 THE FOLLOWING WEATHER WAS RECORDED YESTERDAY.
  NO SIGNIFICANT WEATHER WAS OBSERVED.


RELATIVE HUMIDITY (PERCENT)
 HIGHEST    93           500 AM
 LOWEST     55          1100 AM
 AVERAGE    74

..........................................................


THE WEST PLAINS MO CLIMATE NORMALS FOR TODAY
                         NORMAL    RECORD    YEAR
 MAXIMUM TEMPERATURE (F)   89       105      1954
 MINIMUM TEMPERATURE (F)   67        51      1964


SUNRISE AND SUNSET
JULY 13 2016..........SUNRISE   559 AM CDT   SUNSET   827 PM CDT
JULY 14 2016..........SUNRISE   600 AM CDT   SUNSET   827 PM CDT


-  INDICATES NEGATIVE NUMBERS.
R  INDICATES RECORD WAS SET OR TIED.
MM INDICATES DATA IS MISSING.
T  INDICATES TRACE AMOUNT.




$$
