000
CDUS43 KSGF 032326
CLIUNO


CLIMATE REPORT
NATIONAL WEATHER SERVICE SPRINGFIELD MO
525 PM CST TUE JAN 3 2017


...................................

...THE WEST PLAINS MO CLIMATE SUMMARY FOR JANUARY 3 2017...
VALID TODAY AS OF 0500 PM LOCAL TIME.

CLIMATE NORMAL PERIOD 1981 TO 2010
CLIMATE RECORD PERIOD 1947 TO 2017


WEATHER ITEM   OBSERVED TIME   RECORD YEAR NORMAL DEPARTURE LAST
                VALUE   (LST)  VALUE       VALUE  FROM      YEAR
                                                  NORMAL
..................................................................
TEMPERATURE (F)
 TODAY
  MAXIMUM         51    955 AM  73    2004  44      7       51
  MINIMUM         38    459 PM   2    2001  23     15       25
  AVERAGE         45                        34     11       38

PRECIPITATION (IN)
  TODAY            0.00          2.28 1950   0.07  -0.07     0.00
  MONTH TO DATE    0.18                      0.19  -0.01     0.00
  SINCE DEC 1      1.20                      3.83  -2.63     9.04
  SINCE JAN 1      0.18                      0.19  -0.01     0.00

DEGREE DAYS
 COOLING
  TODAY            0                         0      0        0
  MONTH TO DATE    0                         0      0        0
  SINCE DEC 1      0                         0      0        0
  SINCE JAN 1      0                         0      0        0
..................................................................


WIND (MPH)
  HIGHEST WIND SPEED    18   HIGHEST WIND DIRECTION     N (340)
  HIGHEST GUST SPEED    25   HIGHEST GUST DIRECTION     N (340)


SKY COVER
  AVERAGE SKY COVER 1.0


WEATHER CONDITIONS
 THE FOLLOWING WEATHER WAS RECORDED TODAY.
  FOG
  FOG W/VISIBILITY <= 1/4 MILE


RELATIVE HUMIDITY (PERCENT)
 HIGHEST   100          1200 AM
 LOWEST     85           400 PM
 AVERAGE    93

..........................................................


THE WEST PLAINS MO CLIMATE NORMALS FOR TOMORROW
                         NORMAL    RECORD    YEAR
 MAXIMUM TEMPERATURE (F)   44        73      1955
 MINIMUM TEMPERATURE (F)   23         0      1959


SUNRISE AND SUNSET
JANUARY  3 2017.......SUNRISE   721 AM CST   SUNSET   504 PM CST
JANUARY  4 2017.......SUNRISE   721 AM CST   SUNSET   505 PM CST


-  INDICATES NEGATIVE NUMBERS.
R  INDICATES RECORD WAS SET OR TIED.
MM INDICATES DATA IS MISSING.
T  INDICATES TRACE AMOUNT.




$$
