000
CDUS43 KSGF 180626
CLIUNO


CLIMATE REPORT
NATIONAL WEATHER SERVICE SPRINGFIELD MO
1225 AM CST SUN JAN 18 2015


...................................

...THE WEST PLAINS MO CLIMATE SUMMARY FOR JANUARY 17 2015...

CLIMATE NORMAL PERIOD 1981 TO 2010
CLIMATE RECORD PERIOD 1947 TO 2015


WEATHER ITEM   OBSERVED TIME   RECORD YEAR NORMAL DEPARTURE LAST
                VALUE   (LST)  VALUE       VALUE  FROM      YEAR
                                                  NORMAL
..................................................................
TEMPERATURE (F)
 YESTERDAY
  MAXIMUM         62    328 PM  74    1952  44     18       33
  MINIMUM         30   1254 AM -12    1977  23      7       17
  AVERAGE         46                        34     12       25

PRECIPITATION (IN)
  YESTERDAY        0.00          1.26 1988   0.09  -0.09      T
  MONTH TO DATE    1.88                      1.11   0.77     1.57
  SINCE DEC 1      4.85                      4.75   0.10     3.88
  SINCE JAN 1      1.88                      1.11   0.77     1.57

DEGREE DAYS
 HEATING
  YESTERDAY       19                        31    -12       40
  MONTH TO DATE  619                       527     92      606
  SINCE DEC 1   1449                      1420     29     1451
  SINCE JUL 1   2461                      2272    189     2363

 COOLING
  YESTERDAY        0                         0      0        0
  MONTH TO DATE    0                         0      0        0
  SINCE DEC 1      0                         0      0        0
  SINCE JAN 1      0                         0      0        0
..................................................................


WIND (MPH)
  HIGHEST WIND SPEED    22   HIGHEST WIND DIRECTION     W (260)
  HIGHEST GUST SPEED    27   HIGHEST GUST DIRECTION     W (250)
  AVERAGE WIND SPEED     9.2


SKY COVER
  AVERAGE SKY COVER 0.0


WEATHER CONDITIONS
 THE FOLLOWING WEATHER WAS RECORDED YESTERDAY.
  NO SIGNIFICANT WEATHER WAS OBSERVED.


RELATIVE HUMIDITY (PERCENT)
 HIGHEST    78           100 AM
 LOWEST     32           300 PM
 AVERAGE    55

..........................................................


THE WEST PLAINS MO CLIMATE NORMALS FOR TODAY
                         NORMAL    RECORD    YEAR
 MAXIMUM TEMPERATURE (F)   45        70      1951
 MINIMUM TEMPERATURE (F)   23        -1      1977


SUNRISE AND SUNSET
JANUARY 18 2015.......SUNRISE   719 AM CST   SUNSET   518 PM CST
JANUARY 19 2015.......SUNRISE   718 AM CST   SUNSET   519 PM CST


-  INDICATES NEGATIVE NUMBERS.
R  INDICATES RECORD WAS SET OR TIED.
MM INDICATES DATA IS MISSING.
T  INDICATES TRACE AMOUNT.




$$
