000
CDUS43 KSGF 170626
CLIUNO


CLIMATE REPORT
NATIONAL WEATHER SERVICE SPRINGFIELD MO
126 AM CDT SUN JUL 17 2016


...................................

...THE WEST PLAINS MO CLIMATE SUMMARY FOR JULY 16 2016...

CLIMATE NORMAL PERIOD 1981 TO 2010
CLIMATE RECORD PERIOD 1947 TO 2016


WEATHER ITEM   OBSERVED TIME   RECORD YEAR NORMAL DEPARTURE LAST
                VALUE   (LST)  VALUE       VALUE  FROM      YEAR
                                                  NORMAL
..................................................................
TEMPERATURE (F)
 YESTERDAY
  MAXIMUM         87    433 PM 105    1980  90     -3       90
  MINIMUM         64    536 AM  53    2014  67     -3       72
                                      1990
  AVERAGE         76                        78     -2       81

PRECIPITATION (IN)
  YESTERDAY        0.00          1.16 1981   0.12  -0.12     0.00
  MONTH TO DATE    2.93                      1.94   0.99     5.16
  SINCE JUN 1      7.34                      5.96   1.38    10.88
  SINCE JAN 1     22.08                     25.23  -3.15    28.49

DEGREE DAYS
 HEATING
  YESTERDAY        0                         0      0        0
  MONTH TO DATE    0                         0      0        0
  SINCE JUN 1      0                         5     -5        5
  SINCE JUL 1      0                         0      0        0

 COOLING
  YESTERDAY       11                        13     -2       16
  MONTH TO DATE  204                       204      0      206
  SINCE JUN 1    554                       470     84      521
  SINCE JAN 1    647                       592     55      643
..................................................................


WIND (MPH)
  HIGHEST WIND SPEED    10   HIGHEST WIND DIRECTION     E (100)
  HIGHEST GUST SPEED    14   HIGHEST GUST DIRECTION     S (180)
  AVERAGE WIND SPEED     4.1


SKY COVER
  AVERAGE SKY COVER 0.2


WEATHER CONDITIONS
 THE FOLLOWING WEATHER WAS RECORDED YESTERDAY.
  FOG
  FOG W/VISIBILITY <= 1/4 MILE


RELATIVE HUMIDITY (PERCENT)
 HIGHEST    93          1200 AM
 LOWEST     51           300 PM
 AVERAGE    72

..........................................................


THE WEST PLAINS MO CLIMATE NORMALS FOR TODAY
                         NORMAL    RECORD    YEAR
 MAXIMUM TEMPERATURE (F)   90       103      1980
 MINIMUM TEMPERATURE (F)   67        53      2014


SUNRISE AND SUNSET
JULY 17 2016..........SUNRISE   602 AM CDT   SUNSET   825 PM CDT
JULY 18 2016..........SUNRISE   603 AM CDT   SUNSET   825 PM CDT


-  INDICATES NEGATIVE NUMBERS.
R  INDICATES RECORD WAS SET OR TIED.
MM INDICATES DATA IS MISSING.
T  INDICATES TRACE AMOUNT.




$$
