000
CDUS43 KSGF 220638
CLIUNO


CLIMATE REPORT
NATIONAL WEATHER SERVICE SPRINGFIELD MO
136 AM CDT SUN MAR 22 2015


...................................

...THE WEST PLAINS MO CLIMATE SUMMARY FOR MARCH 21 2015...

CLIMATE NORMAL PERIOD 1981 TO 2010
CLIMATE RECORD PERIOD 1947 TO 2015


WEATHER ITEM   OBSERVED TIME   RECORD YEAR NORMAL DEPARTURE LAST
                VALUE   (LST)  VALUE       VALUE  FROM      YEAR
                                                  NORMAL
..................................................................
TEMPERATURE (F)
 YESTERDAY
  MAXIMUM         71    408 PM  79    2011  62      9       69
                                      1966
  MINIMUM         38    612 AM  15    1960  37      1       40
                                      1965
  AVERAGE         55                        49      6       55

PRECIPITATION (IN)
  YESTERDAY        0.00          2.10 2012   0.13  -0.13     0.00
  MONTH TO DATE    2.29                      2.73  -0.44     2.68
  SINCE MAR 1      2.29                      2.73  -0.44     2.68
  SINCE JAN 1      6.97                      8.29  -1.32     4.53

DEGREE DAYS
 HEATING
  YESTERDAY       10                        16     -6       10
  MONTH TO DATE  424                       407     17      499
  SINCE MAR 1    424                       407     17      499
  SINCE JUL 1   4221                      3871    350     4297

 COOLING
  YESTERDAY        0                         0      0        0
  MONTH TO DATE    0                         0      0        0
  SINCE MAR 1      0                         0      0        0
  SINCE JAN 1      0                         0      0        0
..................................................................


WIND (MPH)
  HIGHEST WIND SPEED    10   HIGHEST WIND DIRECTION    NW (330)
  HIGHEST GUST SPEED    16   HIGHEST GUST DIRECTION    SW (210)
  AVERAGE WIND SPEED     3.5


SKY COVER
  AVERAGE SKY COVER 0.0


WEATHER CONDITIONS
 THE FOLLOWING WEATHER WAS RECORDED YESTERDAY.
  NO SIGNIFICANT WEATHER WAS OBSERVED.


RELATIVE HUMIDITY (PERCENT)
 HIGHEST    92           300 AM
 LOWEST     26           400 PM
 AVERAGE    59

..........................................................


THE WEST PLAINS MO CLIMATE NORMALS FOR TODAY
                         NORMAL    RECORD    YEAR
 MAXIMUM TEMPERATURE (F)   62        85      1997
 MINIMUM TEMPERATURE (F)   38        17      1994


SUNRISE AND SUNSET
MARCH 22 2015.........SUNRISE   709 AM CDT   SUNSET   721 PM CDT
MARCH 23 2015.........SUNRISE   707 AM CDT   SUNSET   722 PM CDT


-  INDICATES NEGATIVE NUMBERS.
R  INDICATES RECORD WAS SET OR TIED.
MM INDICATES DATA IS MISSING.
T  INDICATES TRACE AMOUNT.




$$
