000
CDUS43 KSGF 122129
CLIUNO


CLIMATE REPORT
NATIONAL WEATHER SERVICE SPRINGFIELD MO
428 PM CDT MON JUN 12 2017


...................................

...THE WEST PLAINS MO CLIMATE SUMMARY FOR JUNE 12 2017...
VALID AS OF 0400 PM LOCAL TIME.

CLIMATE NORMAL PERIOD 1981 TO 2010
CLIMATE RECORD PERIOD 1947 TO 2017


WEATHER ITEM   OBSERVED TIME   RECORD YEAR NORMAL DEPARTURE LAST
                VALUE   (LST)  VALUE       VALUE  FROM      YEAR
                                                  NORMAL
..................................................................
TEMPERATURE (F)
 TODAY
  MAXIMUM         85   1249 PM 100    1977  83      2       90
  MINIMUM         68    515 AM  46    1988  63      5       68
  AVERAGE         77                        73      4       79

PRECIPITATION (IN)
  TODAY            0.00          1.66 2016   0.14  -0.14     1.66
  MONTH TO DATE    0.37                      1.57  -1.20     3.69
  SINCE JUN 1      0.37                      1.57  -1.20     3.69
  SINCE JAN 1     35.78                     20.84  14.94    18.43

DEGREE DAYS
 HEATING
  TODAY            0                         0      0        0
  MONTH TO DATE    0                         4     -4        0
  SINCE JUN 1      0                         4     -4        0
  SINCE JUL 1   3324                      4346  -1022     3525

 COOLING
  TODAY           12                         8      4       14
  MONTH TO DATE   74                        82     -8       86
  SINCE JUN 1     74                        82     -8       86
  SINCE JAN 1    196                       204     -8      179
..................................................................


WIND (MPH)
  HIGHEST WIND SPEED    15   HIGHEST WIND DIRECTION    SW (210)
  HIGHEST GUST SPEED    22   HIGHEST GUST DIRECTION    SW (210)


SKY COVER
  AVERAGE SKY COVER 0.3


WEATHER CONDITIONS
 THE FOLLOWING WEATHER WAS RECORDED TODAY.
  NO SIGNIFICANT WEATHER WAS OBSERVED.


RELATIVE HUMIDITY (PERCENT)
 HIGHEST    90           400 AM
 LOWEST     61           100 PM
 AVERAGE    76

..........................................................


THE WEST PLAINS MO CLIMATE NORMALS FOR TOMORROW
                         NORMAL    RECORD    YEAR
 MAXIMUM TEMPERATURE (F)   84       100      1953
 MINIMUM TEMPERATURE (F)   63        42      1985


SUNRISE AND SUNSET
JUNE 12 2017..........SUNRISE   548 AM CDT   SUNSET   828 PM CDT
JUNE 13 2017..........SUNRISE   548 AM CDT   SUNSET   828 PM CDT


-  INDICATES NEGATIVE NUMBERS.
R  INDICATES RECORD WAS SET OR TIED.
MM INDICATES DATA IS MISSING.
T  INDICATES TRACE AMOUNT.




$$
