000
CDUS43 KSGF 140633
CLIUNO


CLIMATE REPORT
NATIONAL WEATHER SERVICE SPRINGFIELD MO
133 AM CDT FRI APR 14 2017


...................................

...THE WEST PLAINS MO CLIMATE SUMMARY FOR APRIL 13 2017...

CLIMATE NORMAL PERIOD 1981 TO 2010
CLIMATE RECORD PERIOD 1947 TO 2017


WEATHER ITEM   OBSERVED TIME   RECORD YEAR NORMAL DEPARTURE LAST
                VALUE   (LST)  VALUE       VALUE  FROM      YEAR
                                                  NORMAL
..................................................................
TEMPERATURE (F)
 YESTERDAY
  MAXIMUM         80    414 PM  90    1972  69     11       63
  MINIMUM         52    542 AM  24    1990  44      8       38
  AVERAGE         66                        57      9       51

PRECIPITATION (IN)
  YESTERDAY        0.00          1.72 1983   0.15  -0.15     0.00
  MONTH TO DATE    1.45                      1.78  -0.33     0.93
  SINCE MAR 1      7.74                      6.07   1.67     4.86
  SINCE JAN 1     12.37                     11.63   0.74     7.50

DEGREE DAYS
 HEATING
  YESTERDAY        0                         9     -9       14
  MONTH TO DATE   84                       138    -54      149
  SINCE MAR 1    513                       684   -171      543
  SINCE JUL 1   3162                      4148   -986     3376

 COOLING
  YESTERDAY        1                         1      0        0
  MONTH TO DATE    3                         8     -5        0
  SINCE MAR 1      7                        12     -5        4
  SINCE JAN 1      8                        12     -4        4
..................................................................


WIND (MPH)
  HIGHEST WIND SPEED    12   HIGHEST WIND DIRECTION    SW (210)
  HIGHEST GUST SPEED    15   HIGHEST GUST DIRECTION    SW (220)
  AVERAGE WIND SPEED     3.8


SKY COVER
  AVERAGE SKY COVER 0.1


WEATHER CONDITIONS
 THE FOLLOWING WEATHER WAS RECORDED YESTERDAY.
  NO SIGNIFICANT WEATHER WAS OBSERVED.


RELATIVE HUMIDITY (PERCENT)
 HIGHEST    83           400 AM
 LOWEST     39           100 PM
 AVERAGE    61

..........................................................


THE WEST PLAINS MO CLIMATE NORMALS FOR TODAY
                         NORMAL    RECORD    YEAR
 MAXIMUM TEMPERATURE (F)   70        85      2006
 MINIMUM TEMPERATURE (F)   45        22      1950


SUNRISE AND SUNSET
APRIL 14 2017.........SUNRISE   635 AM CDT   SUNSET   742 PM CDT
APRIL 15 2017.........SUNRISE   633 AM CDT   SUNSET   743 PM CDT


-  INDICATES NEGATIVE NUMBERS.
R  INDICATES RECORD WAS SET OR TIED.
MM INDICATES DATA IS MISSING.
T  INDICATES TRACE AMOUNT.




$$
