000
CDUS43 KSGF 120626
CLIUNO


CLIMATE REPORT
NATIONAL WEATHER SERVICE SPRINGFIELD MO
126 AM CDT SAT AUG 12 2017


...................................

...THE WEST PLAINS MO CLIMATE SUMMARY FOR AUGUST 11 2017...

CLIMATE NORMAL PERIOD 1981 TO 2010
CLIMATE RECORD PERIOD 1947 TO 2017


WEATHER ITEM   OBSERVED TIME   RECORD YEAR NORMAL DEPARTURE LAST
                VALUE   (LST)  VALUE       VALUE  FROM      YEAR
                                                  NORMAL
..................................................................
TEMPERATURE (F)
 YESTERDAY
  MAXIMUM         83    457 PM 103    2010  90     -7       92
  MINIMUM         71   1054 PM  52    1967  66      5       72
  AVERAGE         77                        78     -1       82

PRECIPITATION (IN)
  YESTERDAY        0.23          3.03 1998   0.09   0.14     0.00
  MONTH TO DATE    1.56                      1.13   0.43     1.13
  SINCE JUN 1      5.56                      8.70  -3.14    14.88
  SINCE JAN 1     40.97                     27.97  13.00    29.62

DEGREE DAYS
 HEATING
  YESTERDAY        0                         0      0        0
  MONTH TO DATE    1                         0      1        0
  SINCE JUN 1      1                         5     -4        0
  SINCE JUL 1      1                         0      1        0

 COOLING
  YESTERDAY       12                        13     -1       17
  MONTH TO DATE   95                       143    -48      169
  SINCE JUN 1    796                       814    -18      974
  SINCE JAN 1    918                       936    -18     1067
..................................................................


WIND (MPH)
  HIGHEST WIND SPEED    15   HIGHEST WIND DIRECTION    NE (30)
  HIGHEST GUST SPEED    19   HIGHEST GUST DIRECTION    NE (40)
  AVERAGE WIND SPEED     3.5


SKY COVER
  AVERAGE SKY COVER 0.6


WEATHER CONDITIONS
 THE FOLLOWING WEATHER WAS RECORDED YESTERDAY.
  THUNDERSTORM
  HEAVY RAIN
  RAIN
  LIGHT RAIN
  FOG


RELATIVE HUMIDITY (PERCENT)
 HIGHEST    93           100 AM
 LOWEST     65           300 PM
 AVERAGE    79

..........................................................


THE WEST PLAINS MO CLIMATE NORMALS FOR TODAY
                         NORMAL    RECORD    YEAR
 MAXIMUM TEMPERATURE (F)   90       105      1999
 MINIMUM TEMPERATURE (F)   66        48      1967
                                             2004


SUNRISE AND SUNSET
AUGUST 12 2017........SUNRISE   622 AM CDT   SUNSET   802 PM CDT
AUGUST 13 2017........SUNRISE   623 AM CDT   SUNSET   801 PM CDT


-  INDICATES NEGATIVE NUMBERS.
R  INDICATES RECORD WAS SET OR TIED.
MM INDICATES DATA IS MISSING.
T  INDICATES TRACE AMOUNT.




$$
