000
CDUS43 KSGF 160628
CLIUNO


CLIMATE REPORT
NATIONAL WEATHER SERVICE SPRINGFIELD MO
128 AM CDT SUN APR 16 2017


...................................

...THE WEST PLAINS MO CLIMATE SUMMARY FOR APRIL 15 2017...

CLIMATE NORMAL PERIOD 1981 TO 2010
CLIMATE RECORD PERIOD 1947 TO 2017


WEATHER ITEM   OBSERVED TIME   RECORD YEAR NORMAL DEPARTURE LAST
                VALUE   (LST)  VALUE       VALUE  FROM      YEAR
                                                  NORMAL
..................................................................
TEMPERATURE (F)
 YESTERDAY
  MAXIMUM         81    238 PM  84    1967  70     11       69
  MINIMUM         59    517 AM  25    1950  45     14       52
  AVERAGE         70                        57     13       61

PRECIPITATION (IN)
  YESTERDAY        0.00          1.53 1956   0.14  -0.14      T
  MONTH TO DATE    1.45                      2.06  -0.61     0.93
  SINCE MAR 1      7.74                      6.35   1.39     4.86
  SINCE JAN 1     12.37                     11.91   0.46     7.50

DEGREE DAYS
 HEATING
  YESTERDAY        0                         9     -9        4
  MONTH TO DATE   84                       156    -72      158
  SINCE MAR 1    513                       702   -189      552
  SINCE JUL 1   3162                      4166  -1004     3385

 COOLING
  YESTERDAY        5                         1      4        0
  MONTH TO DATE   13                        10      3        0
  SINCE MAR 1     17                        14      3        4
  SINCE JAN 1     18                        14      4        4
..................................................................


WIND (MPH)
  HIGHEST WIND SPEED    21   HIGHEST WIND DIRECTION     S (180)
  HIGHEST GUST SPEED    29   HIGHEST GUST DIRECTION    SW (220)
  AVERAGE WIND SPEED    10.4


SKY COVER
  AVERAGE SKY COVER 0.2


WEATHER CONDITIONS
 THE FOLLOWING WEATHER WAS RECORDED YESTERDAY.
  NO SIGNIFICANT WEATHER WAS OBSERVED.


RELATIVE HUMIDITY (PERCENT)
 HIGHEST    78           400 AM
 LOWEST     42           200 PM
 AVERAGE    60

..........................................................


THE WEST PLAINS MO CLIMATE NORMALS FOR TODAY
                         NORMAL    RECORD    YEAR
 MAXIMUM TEMPERATURE (F)   70        88      2006
                                             1955
 MINIMUM TEMPERATURE (F)   45        24      1962


SUNRISE AND SUNSET
APRIL 16 2017.........SUNRISE   632 AM CDT   SUNSET   743 PM CDT
APRIL 17 2017.........SUNRISE   630 AM CDT   SUNSET   744 PM CDT


-  INDICATES NEGATIVE NUMBERS.
R  INDICATES RECORD WAS SET OR TIED.
MM INDICATES DATA IS MISSING.
T  INDICATES TRACE AMOUNT.




$$
