000
CDUS43 KSGF 070629
CLIUNO


CLIMATE REPORT
NATIONAL WEATHER SERVICE SPRINGFIELD MO
128 AM CDT SAT OCT 7 2017


...................................

...THE WEST PLAINS MO CLIMATE SUMMARY FOR OCTOBER 6 2017...

CLIMATE NORMAL PERIOD 1981 TO 2010
CLIMATE RECORD PERIOD 1947 TO 2017


WEATHER ITEM   OBSERVED TIME   RECORD YEAR NORMAL DEPARTURE LAST
                VALUE   (LST)  VALUE       VALUE  FROM      YEAR
                                                  NORMAL
..................................................................
TEMPERATURE (F)
 YESTERDAY
  MAXIMUM         84    253 PM  87    1956  73     11       84
  MINIMUM         67    647 AM  30    1985  48     19       64
  AVERAGE         76                        60     16       74

PRECIPITATION (IN)
  YESTERDAY        0.00          2.38 1951   0.11  -0.11     0.00
  MONTH TO DATE    0.13                      0.72  -0.59     0.53
  SINCE SEP 1      0.64                      4.81  -4.17     1.88
  SINCE JAN 1     42.83                     34.88   7.95    34.00

DEGREE DAYS
 HEATING
  YESTERDAY        0                         6     -6        0
  MONTH TO DATE    0                        32    -32        7
  SINCE SEP 1      5                        73    -68       17
  SINCE JUL 1      6                        74    -68       17

 COOLING
  YESTERDAY       11                         1     10        9
  MONTH TO DATE   43                        10     33       13
  SINCE SEP 1    252                       166     86      239
  SINCE JAN 1   1353                      1338     15     1528
..................................................................


WIND (MPH)
  HIGHEST WIND SPEED    16   HIGHEST WIND DIRECTION     S (180)
  HIGHEST GUST SPEED    23   HIGHEST GUST DIRECTION     S (170)
  AVERAGE WIND SPEED     8.0


SKY COVER
  AVERAGE SKY COVER 0.0


WEATHER CONDITIONS
 THE FOLLOWING WEATHER WAS RECORDED YESTERDAY.
  NO SIGNIFICANT WEATHER WAS OBSERVED.


RELATIVE HUMIDITY (PERCENT)
 HIGHEST    73           400 AM
 LOWEST     40           200 PM
 AVERAGE    57

..........................................................


THE WEST PLAINS MO CLIMATE NORMALS FOR TODAY
                         NORMAL    RECORD    YEAR
 MAXIMUM TEMPERATURE (F)   73        91      1963
 MINIMUM TEMPERATURE (F)   48        27      1952
                                             1991


SUNRISE AND SUNSET
OCTOBER  7 2017.......SUNRISE   708 AM CDT   SUNSET   642 PM CDT
OCTOBER  8 2017.......SUNRISE   709 AM CDT   SUNSET   640 PM CDT


-  INDICATES NEGATIVE NUMBERS.
R  INDICATES RECORD WAS SET OR TIED.
MM INDICATES DATA IS MISSING.
T  INDICATES TRACE AMOUNT.




$$
