000
CDUS43 KSGF 092138
CLIUNO


CLIMATE REPORT
NATIONAL WEATHER SERVICE SPRINGFIELD MO
438 PM CDT SAT JUL 9 2016


...................................

...THE WEST PLAINS MO CLIMATE SUMMARY FOR JULY 9 2016...
VALID AS OF 0400 PM LOCAL TIME.

CLIMATE NORMAL PERIOD 1981 TO 2010
CLIMATE RECORD PERIOD 1947 TO 2016


WEATHER ITEM   OBSERVED TIME   RECORD YEAR NORMAL DEPARTURE LAST
                VALUE   (LST)  VALUE       VALUE  FROM      YEAR
                                                  NORMAL
..................................................................
TEMPERATURE (F)
 TODAY
  MAXIMUM         86    259 PM  99    1966  89     -3       83
  MINIMUM         71    603 AM  54    1961  67      4       68
  AVERAGE         79                        78      1       76

PRECIPITATION (IN)
  TODAY            0.00          1.27 2015   0.12  -0.12     1.27
  MONTH TO DATE    1.28                      1.02   0.26     4.46
  SINCE JUN 1      5.69                      5.04   0.65    10.18
  SINCE JAN 1     20.43                     24.31  -3.88    27.79

DEGREE DAYS
 HEATING
  TODAY            0                         0      0        0
  MONTH TO DATE    0                         0      0        0
  SINCE JUN 1      0                         5     -5        5
  SINCE JUL 1      0                         0      0        0

 COOLING
  TODAY           14                        13      1       11
  MONTH TO DATE  111                       113     -2       96
  SINCE JUN 1    461                       379     82      411
  SINCE JAN 1    554                       501     53      533
..................................................................


WIND (MPH)
  HIGHEST WIND SPEED    10   HIGHEST WIND DIRECTION    SW (240)
  HIGHEST GUST SPEED    16   HIGHEST GUST DIRECTION     W (250)


SKY COVER
  AVERAGE SKY COVER 0.2


WEATHER CONDITIONS
 THE FOLLOWING WEATHER WAS RECORDED TODAY.
  NO SIGNIFICANT WEATHER WAS OBSERVED.


RELATIVE HUMIDITY (PERCENT)
 HIGHEST    90           300 AM
 LOWEST     48           300 PM
 AVERAGE    69

..........................................................


THE WEST PLAINS MO CLIMATE NORMALS FOR TOMORROW
                         NORMAL    RECORD    YEAR
 MAXIMUM TEMPERATURE (F)   89       102      1966
 MINIMUM TEMPERATURE (F)   67        51      1961


SUNRISE AND SUNSET
JULY  9 2016..........SUNRISE   557 AM CDT   SUNSET   829 PM CDT
JULY 10 2016..........SUNRISE   557 AM CDT   SUNSET   829 PM CDT


-  INDICATES NEGATIVE NUMBERS.
R  INDICATES RECORD WAS SET OR TIED.
MM INDICATES DATA IS MISSING.
T  INDICATES TRACE AMOUNT.




$$
