000
CDUS43 KSGF 252143
CLIUNO


CLIMATE REPORT
NATIONAL WEATHER SERVICE SPRINGFIELD MO
443 PM CDT THU JUN 25 2015


...................................

...THE WEST PLAINS MO CLIMATE SUMMARY FOR JUNE 25 2015...
VALID AS OF 0400 PM LOCAL TIME.

CLIMATE NORMAL PERIOD 1981 TO 2010
CLIMATE RECORD PERIOD 1947 TO 2015


WEATHER ITEM   OBSERVED TIME   RECORD YEAR NORMAL DEPARTURE LAST
                VALUE   (LST)  VALUE       VALUE  FROM      YEAR
                                                  NORMAL
..................................................................
TEMPERATURE (F)
 TODAY
  MAXIMUM         90    258 PM 101    2012  87      3       84
  MINIMUM         73    437 AM  48    1974  66      7       63
  AVERAGE         82                        76      6       74

PRECIPITATION (IN)
  TODAY            0.00          2.04 1958   0.12  -0.12     0.00
  MONTH TO DATE    4.59                      3.35   1.24     3.64
  SINCE JUN 1      4.59                      3.35   1.24     3.64
  SINCE JAN 1     22.20                     22.62  -0.42    15.62

DEGREE DAYS
 HEATING
  TODAY            0                         0      0        0
  MONTH TO DATE    5                         4      1        2
  SINCE JUN 1      5                         4      1        2
  SINCE JUL 1   4642                      4346    296     4859

 COOLING
  TODAY           17                        11      6        9
  MONTH TO DATE  272                       209     63      207
  SINCE JUN 1    272                       209     63      207
  SINCE JAN 1    394                       331     63      357
..................................................................


WIND (MPH)
  HIGHEST WIND SPEED    16   HIGHEST WIND DIRECTION     W (280)
  HIGHEST GUST SPEED    22   HIGHEST GUST DIRECTION     W (280)


SKY COVER
  AVERAGE SKY COVER 0.0


WEATHER CONDITIONS
 THE FOLLOWING WEATHER WAS RECORDED TODAY.
  NO SIGNIFICANT WEATHER WAS OBSERVED.


RELATIVE HUMIDITY (PERCENT)
 HIGHEST    93           300 AM
 LOWEST     52           200 PM
 AVERAGE    73

..........................................................


THE WEST PLAINS MO CLIMATE NORMALS FOR TOMORROW
                         NORMAL    RECORD    YEAR
 MAXIMUM TEMPERATURE (F)   87       102      1954
 MINIMUM TEMPERATURE (F)   66        48      1974


SUNRISE AND SUNSET
JUNE 25 2015..........SUNRISE   550 AM CDT   SUNSET   831 PM CDT
JUNE 26 2015..........SUNRISE   550 AM CDT   SUNSET   831 PM CDT


-  INDICATES NEGATIVE NUMBERS.
R  INDICATES RECORD WAS SET OR TIED.
MM INDICATES DATA IS MISSING.
T  INDICATES TRACE AMOUNT.




$$
