000
CDUS43 KSGF 152226
CLIUNO


CLIMATE REPORT
NATIONAL WEATHER SERVICE SPRINGFIELD MO
526 PM CDT FRI MAY 15 2015


...................................

...THE WEST PLAINS MO CLIMATE SUMMARY FOR MAY 15 2015...
VALID TODAY AS OF 0500 PM LOCAL TIME.

CLIMATE NORMAL PERIOD 1981 TO 2010
CLIMATE RECORD PERIOD 1947 TO 2015


WEATHER ITEM   OBSERVED TIME   RECORD YEAR NORMAL DEPARTURE LAST
                VALUE   (LST)  VALUE       VALUE  FROM      YEAR
                                                  NORMAL
..................................................................
TEMPERATURE (F)
 TODAY
  MAXIMUM         78    359 PM  87    1957  76      2       65
  MINIMUM         58    357 AM  35    1959  54      4       39
  AVERAGE         68                        65      3       52

PRECIPITATION (IN)
  TODAY            0.20          1.61 1956   0.15   0.05      T
  MONTH TO DATE    3.20                      2.80   0.40     2.64
  SINCE MAR 1      8.56                     11.57  -3.01     9.96
  SINCE JAN 1     13.24                     17.13  -3.89    11.81

DEGREE DAYS
 COOLING
  TODAY            3                         3      0        0
  MONTH TO DATE   38                        29      9       57
  SINCE MAR 1     54                        57     -3       66
  SINCE JAN 1     54                        57     -3       66
..................................................................


WIND (MPH)
  HIGHEST WIND SPEED    26   HIGHEST WIND DIRECTION     S (170)
  HIGHEST GUST SPEED    36   HIGHEST GUST DIRECTION     S (190)


SKY COVER
  AVERAGE SKY COVER 0.2


WEATHER CONDITIONS
 THE FOLLOWING WEATHER WAS RECORDED TODAY.
  THUNDERSTORM
  HEAVY RAIN
  RAIN
  LIGHT RAIN
  FOG


RELATIVE HUMIDITY (PERCENT)
 HIGHEST    93           400 AM
 LOWEST     62           300 PM
 AVERAGE    78

..........................................................


THE WEST PLAINS MO CLIMATE NORMALS FOR TOMORROW
                         NORMAL    RECORD    YEAR
 MAXIMUM TEMPERATURE (F)   77        88      2012
 MINIMUM TEMPERATURE (F)   54        34      1997


SUNRISE AND SUNSET
MAY 15 2015...........SUNRISE   600 AM CDT   SUNSET   808 PM CDT
MAY 16 2015...........SUNRISE   559 AM CDT   SUNSET   809 PM CDT


-  INDICATES NEGATIVE NUMBERS.
R  INDICATES RECORD WAS SET OR TIED.
MM INDICATES DATA IS MISSING.
T  INDICATES TRACE AMOUNT.




$$
