000
CDUS43 KSGF 090645
CLIUNO


CLIMATE REPORT
NATIONAL WEATHER SERVICE SPRINGFIELD MO
145 AM CDT FRI JUN 9 2017


...................................

...THE WEST PLAINS MO CLIMATE SUMMARY FOR JUNE 8 2017...

CLIMATE NORMAL PERIOD 1981 TO 2010
CLIMATE RECORD PERIOD 1947 TO 2017


WEATHER ITEM   OBSERVED TIME   RECORD YEAR NORMAL DEPARTURE LAST
                VALUE   (LST)  VALUE       VALUE  FROM      YEAR
                                                  NORMAL
..................................................................
TEMPERATURE (F)
 YESTERDAY
  MAXIMUM         79    300 PM  95    1953  82     -3       81
  MINIMUM         51    456 AM  46    2000  61    -10       53
  AVERAGE         65                        72     -7       67

PRECIPITATION (IN)
  YESTERDAY        0.00          1.63 1998   0.13  -0.13     0.00
  MONTH TO DATE    0.37                      1.03  -0.66     2.03
  SINCE JUN 1      0.37                      1.03  -0.66     2.03
  SINCE JAN 1     35.78                     20.30  15.48    16.77

DEGREE DAYS
 HEATING
  YESTERDAY        0                         0      0        0
  MONTH TO DATE    0                         4     -4        0
  SINCE JUN 1      0                         4     -4        0
  SINCE JUL 1   3324                      4346  -1022     3525

 COOLING
  YESTERDAY        0                         7     -7        2
  MONTH TO DATE   42                        51     -9       39
  SINCE JUN 1     42                        51     -9       39
  SINCE JAN 1    164                       173     -9      132
..................................................................


WIND (MPH)
  HIGHEST WIND SPEED    10   HIGHEST WIND DIRECTION    SE (120)
  HIGHEST GUST SPEED    14   HIGHEST GUST DIRECTION     S (160)
  AVERAGE WIND SPEED     2.0


SKY COVER
  AVERAGE SKY COVER 0.0


WEATHER CONDITIONS
 THE FOLLOWING WEATHER WAS RECORDED YESTERDAY.
  NO SIGNIFICANT WEATHER WAS OBSERVED.


RELATIVE HUMIDITY (PERCENT)
 HIGHEST    89           500 AM
 LOWEST     32           400 PM
 AVERAGE    61

..........................................................


THE WEST PLAINS MO CLIMATE NORMALS FOR TODAY
                         NORMAL    RECORD    YEAR
 MAXIMUM TEMPERATURE (F)   83        98      1953
 MINIMUM TEMPERATURE (F)   62        46      2003


SUNRISE AND SUNSET
JUNE  9 2017..........SUNRISE   548 AM CDT   SUNSET   826 PM CDT
JUNE 10 2017..........SUNRISE   548 AM CDT   SUNSET   827 PM CDT


-  INDICATES NEGATIVE NUMBERS.
R  INDICATES RECORD WAS SET OR TIED.
MM INDICATES DATA IS MISSING.
T  INDICATES TRACE AMOUNT.




$$
