000
CDUS43 KSGF 050640
CLIUNO


CLIMATE REPORT
NATIONAL WEATHER SERVICE SPRINGFIELD MO
1238 AM CST SUN FEB 5 2017


...................................

...THE WEST PLAINS MO CLIMATE SUMMARY FOR FEBRUARY 4 2017...

CLIMATE NORMAL PERIOD 1981 TO 2010
CLIMATE RECORD PERIOD 1947 TO 2017


WEATHER ITEM   OBSERVED TIME   RECORD YEAR NORMAL DEPARTURE LAST
                VALUE   (LST)  VALUE       VALUE  FROM      YEAR
                                                  NORMAL
..................................................................
TEMPERATURE (F)
 YESTERDAY
  MAXIMUM         36    828 PM  78    1962  47    -11       44
  MINIMUM         20    654 AM  -5    1996  24     -4       20
  AVERAGE         28                        35     -7       32

PRECIPITATION (IN)
  YESTERDAY        0.00          1.10 1960   0.09  -0.09     0.00
  MONTH TO DATE    0.00                      0.35  -0.35     0.42
  SINCE DEC 1      3.06                      6.71  -3.65    10.39
  SINCE JAN 1      2.04                      3.07  -1.03     1.35

DEGREE DAYS
 HEATING
  YESTERDAY       37                        30      7       33
  MONTH TO DATE  121                       120      1       87
  SINCE DEC 1   1780                      1972   -192     1621
  SINCE JUL 1   2300                      2824   -524     2256

 COOLING
  YESTERDAY        0                         0      0        0
  MONTH TO DATE    0                         0      0        0
  SINCE DEC 1      0                         0      0        0
  SINCE JAN 1      0                         0      0        0
..................................................................


WIND (MPH)
  HIGHEST WIND SPEED    16   HIGHEST WIND DIRECTION     S (170)
  HIGHEST GUST SPEED    22   HIGHEST GUST DIRECTION     S (170)
  AVERAGE WIND SPEED     8.1


SKY COVER
  AVERAGE SKY COVER 0.4


WEATHER CONDITIONS
 THE FOLLOWING WEATHER WAS RECORDED YESTERDAY.
  NO SIGNIFICANT WEATHER WAS OBSERVED.


RELATIVE HUMIDITY (PERCENT)
 HIGHEST    67           700 AM
 LOWEST     32           100 PM
 AVERAGE    50

..........................................................


THE WEST PLAINS MO CLIMATE NORMALS FOR TODAY
                         NORMAL    RECORD    YEAR
 MAXIMUM TEMPERATURE (F)   47        71      1967
 MINIMUM TEMPERATURE (F)   25        -9      1996


SUNRISE AND SUNSET
FEBRUARY  5 2017......SUNRISE   706 AM CST   SUNSET   538 PM CST
FEBRUARY  6 2017......SUNRISE   705 AM CST   SUNSET   539 PM CST


-  INDICATES NEGATIVE NUMBERS.
R  INDICATES RECORD WAS SET OR TIED.
MM INDICATES DATA IS MISSING.
T  INDICATES TRACE AMOUNT.




$$
