000
CDUS43 KSGF 070638
CLIUNO


CLIMATE REPORT
NATIONAL WEATHER SERVICE SPRINGFIELD MO
137 AM CDT SUN MAY 7 2017


...................................

...THE WEST PLAINS MO CLIMATE SUMMARY FOR MAY 6 2017...

CLIMATE NORMAL PERIOD 1981 TO 2010
CLIMATE RECORD PERIOD 1947 TO 2017


WEATHER ITEM   OBSERVED TIME   RECORD YEAR NORMAL DEPARTURE LAST
                VALUE   (LST)  VALUE       VALUE  FROM      YEAR
                                                  NORMAL
..................................................................
TEMPERATURE (F)
 YESTERDAY
  MAXIMUM         79    259 PM  89    1949  75      4       79
  MINIMUM         48    535 AM  37    1957  51     -3       40
                                      1991
                                      1992
  AVERAGE         64                        63      1       60

PRECIPITATION (IN)
  YESTERDAY        0.00          2.42 1996   0.22  -0.22     0.00
  MONTH TO DATE    2.89                      1.27   1.62     0.00
  SINCE MAR 1     27.11                     10.04  17.07     5.23
  SINCE JAN 1     31.74                     15.60  16.14     7.87

DEGREE DAYS
 HEATING
  YESTERDAY        1                         4     -3        5
  MONTH TO DATE   55                        25     30       36
  SINCE MAR 1    646                       823   -177      616
  SINCE JUL 1   3295                      4287   -992     3449

 COOLING
  YESTERDAY        0                         2     -2        0
  MONTH TO DATE    0                         8     -8        0
  SINCE MAR 1     28                        36     -8       16
  SINCE JAN 1     29                        36     -7       16
..................................................................


WIND (MPH)
  HIGHEST WIND SPEED    22   HIGHEST WIND DIRECTION    NW (310)
  HIGHEST GUST SPEED    31   HIGHEST GUST DIRECTION    NW (310)
  AVERAGE WIND SPEED     9.8


SKY COVER
  AVERAGE SKY COVER 0.0


WEATHER CONDITIONS
 THE FOLLOWING WEATHER WAS RECORDED YESTERDAY.
  NO SIGNIFICANT WEATHER WAS OBSERVED.


RELATIVE HUMIDITY (PERCENT)
 HIGHEST    80           200 AM
 LOWEST     33           600 PM
 AVERAGE    57

..........................................................


THE WEST PLAINS MO CLIMATE NORMALS FOR TODAY
                         NORMAL    RECORD    YEAR
 MAXIMUM TEMPERATURE (F)   75        89      1952
 MINIMUM TEMPERATURE (F)   52        33      1992


SUNRISE AND SUNSET
MAY  7 2017...........SUNRISE   607 AM CDT   SUNSET   802 PM CDT
MAY  8 2017...........SUNRISE   606 AM CDT   SUNSET   803 PM CDT


-  INDICATES NEGATIVE NUMBERS.
R  INDICATES RECORD WAS SET OR TIED.
MM INDICATES DATA IS MISSING.
T  INDICATES TRACE AMOUNT.




$$
