000
CDUS43 KSGF 140639
CLIUNO


CLIMATE REPORT
NATIONAL WEATHER SERVICE SPRINGFIELD MO
139 AM CDT SAT MAY 14 2016


...................................

...THE WEST PLAINS MO CLIMATE SUMMARY FOR MAY 13 2016...

CLIMATE NORMAL PERIOD 1981 TO 2010
CLIMATE RECORD PERIOD 1947 TO 2016


WEATHER ITEM   OBSERVED TIME   RECORD YEAR NORMAL DEPARTURE LAST
                VALUE   (LST)  VALUE       VALUE  FROM      YEAR
                                                  NORMAL
..................................................................
TEMPERATURE (F)
 YESTERDAY
  MAXIMUM         77    326 PM  90    1984  76      1       73
  MINIMUM         46    512 AM  33    1960  53     -7       42
  AVERAGE         62                        65     -3       58

PRECIPITATION (IN)
  YESTERDAY        0.00          1.47 1981   0.16  -0.16     0.00
  MONTH TO DATE    2.44                      2.50  -0.06     2.91
  SINCE MAR 1      7.67                     11.27  -3.60     8.27
  SINCE JAN 1     10.31                     16.83  -6.52    12.95

DEGREE DAYS
 HEATING
  YESTERDAY        3                         3      0        7
  MONTH TO DATE   42                        48     -6       37
  SINCE MAR 1    622                       846   -224      805
  SINCE JUL 1   3455                      4310   -855     4602

 COOLING
  YESTERDAY        0                         3     -3        0
  MONTH TO DATE   23                        23      0       35
  SINCE MAR 1     39                        51    -12       51
  SINCE JAN 1     39                        51    -12       51
..................................................................


WIND (MPH)
  HIGHEST WIND SPEED    13   HIGHEST WIND DIRECTION    SW (230)
  HIGHEST GUST SPEED    18   HIGHEST GUST DIRECTION    SW (220)
  AVERAGE WIND SPEED     5.3


SKY COVER
  AVERAGE SKY COVER 0.0


WEATHER CONDITIONS
 THE FOLLOWING WEATHER WAS RECORDED YESTERDAY.
  NO SIGNIFICANT WEATHER WAS OBSERVED.


RELATIVE HUMIDITY (PERCENT)
 HIGHEST    80           100 AM
 LOWEST     36           100 PM
 AVERAGE    58

..........................................................


THE WEST PLAINS MO CLIMATE NORMALS FOR TODAY
                         NORMAL    RECORD    YEAR
 MAXIMUM TEMPERATURE (F)   76        90      2013
 MINIMUM TEMPERATURE (F)   54        38      2000


SUNRISE AND SUNSET
MAY 14 2016...........SUNRISE   600 AM CDT   SUNSET   808 PM CDT
MAY 15 2016...........SUNRISE   559 AM CDT   SUNSET   809 PM CDT


-  INDICATES NEGATIVE NUMBERS.
R  INDICATES RECORD WAS SET OR TIED.
MM INDICATES DATA IS MISSING.
T  INDICATES TRACE AMOUNT.




$$
