470
CDUS43 KSGF 142236
CLIUNO


CLIMATE REPORT
NATIONAL WEATHER SERVICE SPRINGFIELD MO
435 PM CST SAT JAN 14 2017


...................................

...THE WEST PLAINS MO CLIMATE SUMMARY FOR JANUARY 14 2017...
VALID AS OF 0400 PM LOCAL TIME.

CLIMATE NORMAL PERIOD 1981 TO 2010
CLIMATE RECORD PERIOD 1947 TO 2017


WEATHER ITEM   OBSERVED TIME   RECORD YEAR NORMAL DEPARTURE LAST
                VALUE   (LST)  VALUE       VALUE  FROM      YEAR
                                                  NORMAL
..................................................................
TEMPERATURE (F)
 TODAY
  MAXIMUM         40    330 PM  69    1996  44     -4       63
  MINIMUM         33    246 AM  -3    1979  23     10       34
  AVERAGE         37                        34      3       49

PRECIPITATION (IN)
  TODAY            0.90          1.56 1995   0.06   0.84     0.00
  MONTH TO DATE    1.22                      0.89   0.33     0.80
  SINCE DEC 1      2.24                      4.53  -2.29     9.84
  SINCE JAN 1      1.22                      0.89   0.33     0.80

DEGREE DAYS
 HEATING
  TODAY           28                        31     -3       16
  MONTH TO DATE  429                       434     -5      412
  SINCE DEC 1   1299                      1327    -28     1022
  SINCE JUL 1   1819                      2179   -360     1657

 COOLING
  TODAY            0                         0      0        0
  MONTH TO DATE    0                         0      0        0
  SINCE DEC 1      0                         0      0        0
  SINCE JAN 1      0                         0      0        0
..................................................................


WIND (MPH)
  HIGHEST WIND SPEED     8   HIGHEST WIND DIRECTION     N (10)
  HIGHEST GUST SPEED     9   HIGHEST GUST DIRECTION     N (360)


SKY COVER
  AVERAGE SKY COVER 1.0


WEATHER CONDITIONS
 THE FOLLOWING WEATHER WAS RECORDED TODAY.
  HEAVY RAIN
  RAIN
  LIGHT RAIN
  LIGHT SNOW
  FOG


RELATIVE HUMIDITY (PERCENT)
 HIGHEST   100          1200 AM
 LOWEST     92           600 AM
 AVERAGE    96

..........................................................


THE WEST PLAINS MO CLIMATE NORMALS FOR TOMORROW
                         NORMAL    RECORD    YEAR
 MAXIMUM TEMPERATURE (F)   44        71      1996
 MINIMUM TEMPERATURE (F)   23        -5      1979


SUNRISE AND SUNSET
JANUARY 14 2017.......SUNRISE   720 AM CST   SUNSET   514 PM CST
JANUARY 15 2017.......SUNRISE   719 AM CST   SUNSET   515 PM CST


-  INDICATES NEGATIVE NUMBERS.
R  INDICATES RECORD WAS SET OR TIED.
MM INDICATES DATA IS MISSING.
T  INDICATES TRACE AMOUNT.




$$
