164
CDUS43 KSGF 230626
CLIUNO


CLIMATE REPORT
NATIONAL WEATHER SERVICE SPRINGFIELD MO
126 AM CDT SAT APR 23 2016


...................................

...THE WEST PLAINS MO CLIMATE SUMMARY FOR APRIL 22 2016...

CLIMATE NORMAL PERIOD 1981 TO 2010
CLIMATE RECORD PERIOD 1947 TO 2016


WEATHER ITEM   OBSERVED TIME   RECORD YEAR NORMAL DEPARTURE LAST
                VALUE   (LST)  VALUE       VALUE  FROM      YEAR
                                                  NORMAL
..................................................................
TEMPERATURE (F)
 YESTERDAY
  MAXIMUM         75    417 PM  91    1955  72      3       63
  MINIMUM         52    554 AM  29    1993  47      5       43
  AVERAGE         64                        59      5       53

PRECIPITATION (IN)
  YESTERDAY        0.00          4.35 1973   0.16  -0.16     0.21
  MONTH TO DATE    0.99                      3.17  -2.18     1.26
  SINCE MAR 1      4.92                      7.46  -2.54     5.29
  SINCE JAN 1      7.56                     13.02  -5.46     9.97

DEGREE DAYS
 HEATING
  YESTERDAY        1                         7     -6       12
  MONTH TO DATE  173                       208    -35      135
  SINCE MAR 1    567                       754   -187      694
  SINCE JUL 1   3400                      4218   -818     4491

 COOLING
  YESTERDAY        0                         1     -1        0
  MONTH TO DATE    0                        17    -17       15
  SINCE MAR 1      4                        21    -17       15
  SINCE JAN 1      4                        21    -17       15
..................................................................


WIND (MPH)
  HIGHEST WIND SPEED    16   HIGHEST WIND DIRECTION     N (360)
  HIGHEST GUST SPEED    22   HIGHEST GUST DIRECTION    NW (320)
  AVERAGE WIND SPEED     7.2


SKY COVER
  AVERAGE SKY COVER 0.1


WEATHER CONDITIONS
 THE FOLLOWING WEATHER WAS RECORDED YESTERDAY.
  NO SIGNIFICANT WEATHER WAS OBSERVED.


RELATIVE HUMIDITY (PERCENT)
 HIGHEST    83           600 AM
 LOWEST     38           600 PM
 AVERAGE    61

..........................................................


THE WEST PLAINS MO CLIMATE NORMALS FOR TODAY
                         NORMAL    RECORD    YEAR
 MAXIMUM TEMPERATURE (F)   72        90      1965
 MINIMUM TEMPERATURE (F)   47        28      1993


SUNRISE AND SUNSET
APRIL 23 2016.........SUNRISE   622 AM CDT   SUNSET   750 PM CDT
APRIL 24 2016.........SUNRISE   621 AM CDT   SUNSET   751 PM CDT


-  INDICATES NEGATIVE NUMBERS.
R  INDICATES RECORD WAS SET OR TIED.
MM INDICATES DATA IS MISSING.
T  INDICATES TRACE AMOUNT.




$$
