672
CDUS43 KSGF 200627
CLIUNO


CLIMATE REPORT
NATIONAL WEATHER SERVICE SPRINGFIELD MO
1227 AM CST MON FEB 20 2017


...................................

...THE WEST PLAINS MO CLIMATE SUMMARY FOR FEBRUARY 19 2017...

CLIMATE NORMAL PERIOD 1981 TO 2010
CLIMATE RECORD PERIOD 1947 TO 2017


WEATHER ITEM   OBSERVED TIME   RECORD YEAR NORMAL DEPARTURE LAST
                VALUE   (LST)  VALUE       VALUE  FROM      YEAR
                                                  NORMAL
..................................................................
TEMPERATURE (F)
 YESTERDAY
  MAXIMUM         67    520 PM  73    1981  50     17       71
  MINIMUM         39    627 AM  -6    1993  27     12       50
  AVERAGE         53                        39     14       61

PRECIPITATION (IN)
  YESTERDAY        0.00          2.24 1955   0.11  -0.11     0.00
  MONTH TO DATE    0.61                      1.91  -1.30     0.72
  SINCE DEC 1      3.67                      8.27  -4.60    10.69
  SINCE JAN 1      2.65                      4.63  -1.98     1.65

DEGREE DAYS
 HEATING
  YESTERDAY       12                        26    -14        4
  MONTH TO DATE  367                       538   -171      490
  SINCE DEC 1   2026                      2390   -364     2024
  SINCE JUL 1   2546                      3242   -696     2659

 COOLING
  YESTERDAY        0                         0      0        0
  MONTH TO DATE    0                         0      0        0
  SINCE DEC 1      0                         0      0        0
  SINCE JAN 1      0                         0      0        0
..................................................................


WIND (MPH)
  HIGHEST WIND SPEED    13   HIGHEST WIND DIRECTION     S (160)
  HIGHEST GUST SPEED    16   HIGHEST GUST DIRECTION     S (170)
  AVERAGE WIND SPEED     5.0


SKY COVER
  AVERAGE SKY COVER 0.6


WEATHER CONDITIONS
 THE FOLLOWING WEATHER WAS RECORDED YESTERDAY.
  FOG
  FOG W/VISIBILITY <= 1/4 MILE


RELATIVE HUMIDITY (PERCENT)
 HIGHEST   100          1200 AM
 LOWEST     68           500 PM
 AVERAGE    84

..........................................................


THE WEST PLAINS MO CLIMATE NORMALS FOR TODAY
                         NORMAL    RECORD    YEAR
 MAXIMUM TEMPERATURE (F)   51        76      2016
 MINIMUM TEMPERATURE (F)   28         8      1958


SUNRISE AND SUNSET
FEBRUARY 20 2017......SUNRISE   650 AM CST   SUNSET   553 PM CST
FEBRUARY 21 2017......SUNRISE   648 AM CST   SUNSET   554 PM CST


-  INDICATES NEGATIVE NUMBERS.
R  INDICATES RECORD WAS SET OR TIED.
MM INDICATES DATA IS MISSING.
T  INDICATES TRACE AMOUNT.




$$
