000
CDUS43 KSGF 270625
CLIUNO


CLIMATE REPORT
NATIONAL WEATHER SERVICE SPRINGFIELD MO
125 AM CDT WED AUG 27 2014


...................................

...THE WEST PLAINS MO CLIMATE SUMMARY FOR AUGUST 26 2014...

CLIMATE NORMAL PERIOD 1981 TO 2010
CLIMATE RECORD PERIOD 1947 TO 2014


WEATHER ITEM   OBSERVED TIME   RECORD YEAR NORMAL DEPARTURE LAST
                VALUE   (LST)  VALUE       VALUE  FROM      YEAR
                                                  NORMAL
..................................................................
TEMPERATURE (F)
 YESTERDAY
  MAXIMUM         94    444 PM 103    1983  88      6       88
  MINIMUM         67    556 AM  50    1958  64      3       71
  AVERAGE         81                        76      5       80

PRECIPITATION (IN)
  YESTERDAY        0.00          1.47 2006   0.11  -0.11     0.00
  MONTH TO DATE    2.75                      2.70   0.05    10.62
  SINCE JUN 1      9.61                     10.27  -0.66    20.41
  SINCE JAN 1     21.59                     29.54  -7.95    42.23

DEGREE DAYS
 HEATING
  YESTERDAY        0                         0      0        0
  MONTH TO DATE    0                         0      0        4
  SINCE JUN 1      4                         5     -1       13
  SINCE JUL 1      2                         0      2        4

 COOLING
  YESTERDAY       16                        11      5       15
  MONTH TO DATE  336                       326     10      224
  SINCE JUN 1    835                       997   -162      646
  SINCE JAN 1    985                      1119   -134      758
..................................................................


WIND (MPH)
  HIGHEST WIND SPEED    12   HIGHEST WIND DIRECTION     E (100)
  HIGHEST GUST SPEED    16   HIGHEST GUST DIRECTION     E (110)
  AVERAGE WIND SPEED     2.6


SKY COVER
  AVERAGE SKY COVER 0.0


WEATHER CONDITIONS
 THE FOLLOWING WEATHER WAS RECORDED YESTERDAY.
  NO SIGNIFICANT WEATHER WAS OBSERVED.


RELATIVE HUMIDITY (PERCENT)
 HIGHEST    93           600 AM
 LOWEST     36           500 PM
 AVERAGE    65

..........................................................


THE WEST PLAINS MO CLIMATE NORMALS FOR TODAY
                         NORMAL    RECORD    YEAR
 MAXIMUM TEMPERATURE (F)   88       103      1954
 MINIMUM TEMPERATURE (F)   64        52      2010
                                             1967


SUNRISE AND SUNSET
AUGUST 27 2014........SUNRISE   635 AM CDT   SUNSET   743 PM CDT
AUGUST 28 2014........SUNRISE   635 AM CDT   SUNSET   742 PM CDT


-  INDICATES NEGATIVE NUMBERS.
R  INDICATES RECORD WAS SET OR TIED.
MM INDICATES DATA IS MISSING.
T  INDICATES TRACE AMOUNT.




$$
