000
CDUS43 KSGF 050627
CLIUNO


CLIMATE REPORT
NATIONAL WEATHER SERVICE SPRINGFIELD MO
1227 AM CST THU MAR 5 2015


...................................

...THE WEST PLAINS MO CLIMATE SUMMARY FOR MARCH 4 2015...

CLIMATE NORMAL PERIOD 1981 TO 2010
CLIMATE RECORD PERIOD 1947 TO 2015


WEATHER ITEM   OBSERVED TIME   RECORD YEAR NORMAL DEPARTURE LAST
                VALUE   (LST)  VALUE       VALUE  FROM      YEAR
                                                  NORMAL
..................................................................
TEMPERATURE (F)
 YESTERDAY
  MAXIMUM         42   1217 AM  80    1955  55    -13       35
  MINIMUM         19    731 PM   4    2014  31    -12        4
  AVERAGE         31                        43    -12       20

PRECIPITATION (IN)
  YESTERDAY        0.45          2.05 1963   0.13   0.32     0.00
  MONTH TO DATE    0.81                      0.42   0.39     1.08
  SINCE MAR 1      0.81                      0.42   0.39     1.08
  SINCE JAN 1      5.49                      5.98  -0.49     2.93

DEGREE DAYS
 HEATING
  YESTERDAY       34                        22     12       45
  MONTH TO DATE  126                        90     36      157
  SINCE MAR 1    126                        90     36      157
  SINCE JUL 1   3923                      3554    369     3955

 COOLING
  YESTERDAY        0                         0      0        0
  MONTH TO DATE    0                         0      0        0
  SINCE MAR 1      0                         0      0        0
  SINCE JAN 1      0                         0      0        0
..................................................................


WIND (MPH)
  HIGHEST WIND SPEED    24   HIGHEST WIND DIRECTION     N (20)
  HIGHEST GUST SPEED    33   HIGHEST GUST DIRECTION     N (20)
  AVERAGE WIND SPEED    12.4


SKY COVER
  AVERAGE SKY COVER 0.9


WEATHER CONDITIONS
 THE FOLLOWING WEATHER WAS RECORDED YESTERDAY.
  RAIN
  LIGHT RAIN
  FREEZING RAIN
  LT FREEZING RAIN
  SNOW
  LIGHT SNOW
  FOG


RELATIVE HUMIDITY (PERCENT)
 HIGHEST    93           200 AM
 LOWEST     62          1100 PM
 AVERAGE    78

..........................................................


THE WEST PLAINS MO CLIMATE NORMALS FOR TODAY
                         NORMAL    RECORD    YEAR
 MAXIMUM TEMPERATURE (F)   55        80      1956
 MINIMUM TEMPERATURE (F)   32        -3      1960


SUNRISE AND SUNSET
MARCH  5 2015.........SUNRISE   633 AM CST   SUNSET   606 PM CST
MARCH  6 2015.........SUNRISE   632 AM CST   SUNSET   607 PM CST


-  INDICATES NEGATIVE NUMBERS.
R  INDICATES RECORD WAS SET OR TIED.
MM INDICATES DATA IS MISSING.
T  INDICATES TRACE AMOUNT.




$$
