000
CDUS43 KSGF 312230
CLIUNO


CLIMATE REPORT
NATIONAL WEATHER SERVICE SPRINGFIELD MO
429 PM CST SAT JAN 31 2015


...................................

...THE WEST PLAINS MO CLIMATE SUMMARY FOR JANUARY 31 2015...
VALID AS OF 0400 PM LOCAL TIME.

CLIMATE NORMAL PERIOD 1981 TO 2010
CLIMATE RECORD PERIOD 1947 TO 2015


WEATHER ITEM   OBSERVED TIME   RECORD YEAR NORMAL DEPARTURE LAST
                VALUE   (LST)  VALUE       VALUE  FROM      YEAR
                                                  NORMAL
..................................................................
TEMPERATURE (F)
 TODAY
  MAXIMUM         44    359 PM  73    1989  46     -2       34
  MINIMUM         33    636 AM   1    1977  24      9       23
  AVERAGE         39                        35      4       29

PRECIPITATION (IN)
  TODAY            T             2.55 2002   0.15  -0.15     0.03
  MONTH TO DATE    2.02                      2.72  -0.70     1.60
  SINCE DEC 1      4.99                      6.36  -1.37     3.91
  SINCE JAN 1      2.02                      2.72  -0.70     1.60

DEGREE DAYS
 HEATING
  TODAY           26                        30     -4       36
  MONTH TO DATE  940                       957    -17     1103
  SINCE DEC 1   1770                      1852    -82     1948
  SINCE JUL 1   2782                      2704     78     2860

 COOLING
  TODAY            0                         0      0        0
  MONTH TO DATE    0                         0      0        0
  SINCE DEC 1      0                         0      0        0
  SINCE JAN 1      0                         0      0        0
..................................................................


WIND (MPH)
  HIGHEST WIND SPEED    12   HIGHEST WIND DIRECTION    SE (140)
  HIGHEST GUST SPEED    16   HIGHEST GUST DIRECTION    SE (130)


SKY COVER
  AVERAGE SKY COVER 0.7


WEATHER CONDITIONS
 THE FOLLOWING WEATHER WAS RECORDED TODAY.
  NO SIGNIFICANT WEATHER WAS OBSERVED.


RELATIVE HUMIDITY (PERCENT)
 HIGHEST    69           300 AM
 LOWEST     33           200 PM
 AVERAGE    51

..........................................................


THE WEST PLAINS MO CLIMATE NORMALS FOR TOMORROW
                         NORMAL    RECORD    YEAR
 MAXIMUM TEMPERATURE (F)   46        74      1974
 MINIMUM TEMPERATURE (F)   24       -13      1951


SUNRISE AND SUNSET
JANUARY 31 2015.......SUNRISE   711 AM CST   SUNSET   532 PM CST
FEBRUARY  1 2015......SUNRISE   710 AM CST   SUNSET   533 PM CST


-  INDICATES NEGATIVE NUMBERS.
R  INDICATES RECORD WAS SET OR TIED.
MM INDICATES DATA IS MISSING.
T  INDICATES TRACE AMOUNT.




$$
