000
CDUS43 KSGF 292135
CLIUNO


CLIMATE REPORT
NATIONAL WEATHER SERVICE SPRINGFIELD MO
435 PM CDT SAT AUG 29 2015


...................................

...THE WEST PLAINS MO CLIMATE SUMMARY FOR AUGUST 29 2015...
VALID AS OF 0400 PM LOCAL TIME.

CLIMATE NORMAL PERIOD 1981 TO 2010
CLIMATE RECORD PERIOD 1947 TO 2015


WEATHER ITEM   OBSERVED TIME   RECORD YEAR NORMAL DEPARTURE LAST
                VALUE   (LST)  VALUE       VALUE  FROM      YEAR
                                                  NORMAL
..................................................................
TEMPERATURE (F)
 TODAY
  MAXIMUM         75    259 PM 104    1954  87    -12       90
  MINIMUM         65    853 AM  40    1986  64      1       64
  AVERAGE         70                        75     -5       77

PRECIPITATION (IN)
  TODAY            0.17          3.21 1970   0.10   0.07     0.02
                                      1978
  MONTH TO DATE    4.52                      3.01   1.51     2.77
  SINCE JUN 1     18.10                     10.58   7.52     9.63
  SINCE JAN 1     35.71                     29.85   5.86    21.61

DEGREE DAYS
 HEATING
  TODAY            0                         0      0        0
  MONTH TO DATE    0                         0      0        0
  SINCE JUN 1      5                         5      0        4
  SINCE JUL 1      0                         0      0        2

 COOLING
  TODAY            5                        10     -5       12
  MONTH TO DATE  251                       358   -107      379
  SINCE JUN 1   1010                      1029    -19      878
  SINCE JAN 1   1132                      1151    -19     1028
..................................................................


WIND (MPH)
  HIGHEST WIND SPEED    12   HIGHEST WIND DIRECTION     S (180)
  HIGHEST GUST SPEED    15   HIGHEST GUST DIRECTION     S (180)


SKY COVER
  AVERAGE SKY COVER 0.6


WEATHER CONDITIONS
 THE FOLLOWING WEATHER WAS RECORDED TODAY.
  THUNDERSTORM
  HEAVY RAIN
  RAIN
  LIGHT RAIN
  FOG


RELATIVE HUMIDITY (PERCENT)
 HIGHEST    93           900 AM
 LOWEST     68           300 AM
 AVERAGE    81

..........................................................


THE WEST PLAINS MO CLIMATE NORMALS FOR TOMORROW
                         NORMAL    RECORD    YEAR
 MAXIMUM TEMPERATURE (F)   87       105      2000
 MINIMUM TEMPERATURE (F)   63        45      1986


SUNRISE AND SUNSET
AUGUST 29 2015........SUNRISE   636 AM CDT   SUNSET   741 PM CDT
AUGUST 30 2015........SUNRISE   637 AM CDT   SUNSET   739 PM CDT


-  INDICATES NEGATIVE NUMBERS.
R  INDICATES RECORD WAS SET OR TIED.
MM INDICATES DATA IS MISSING.
T  INDICATES TRACE AMOUNT.




$$
