731
CDUS43 KSGF 212126
CLIUNO


CLIMATE REPORT
NATIONAL WEATHER SERVICE SPRINGFIELD MO
426 PM CDT THU APR 21 2016


...................................

...THE WEST PLAINS MO CLIMATE SUMMARY FOR APRIL 21 2016...
VALID AS OF 0400 PM LOCAL TIME.

CLIMATE NORMAL PERIOD 1981 TO 2010
CLIMATE RECORD PERIOD 1947 TO 2016


WEATHER ITEM   OBSERVED TIME   RECORD YEAR NORMAL DEPARTURE LAST
                VALUE   (LST)  VALUE       VALUE  FROM      YEAR
                                                  NORMAL
..................................................................
TEMPERATURE (F)
 TODAY
  MAXIMUM         75    228 PM  91    1963  71      4       71
  MINIMUM         53    605 AM  29    1953  47      6       40
  AVERAGE         64                        59      5       56

PRECIPITATION (IN)
  TODAY            0.00          3.98 1974   0.16  -0.16     0.41
  MONTH TO DATE    0.99                      3.01  -2.02     1.05
  SINCE MAR 1      4.92                      7.30  -2.38     5.08
  SINCE JAN 1      7.56                     12.86  -5.30     9.76

DEGREE DAYS
 HEATING
  TODAY            1                         7     -6        9
  MONTH TO DATE  172                       201    -29      123
  SINCE MAR 1    566                       747   -181      682
  SINCE JUL 1   3399                      4211   -812     4479

 COOLING
  TODAY            0                         1     -1        0
  MONTH TO DATE    0                        16    -16       15
  SINCE MAR 1      4                        20    -16       15
  SINCE JAN 1      4                        20    -16       15
..................................................................


WIND (MPH)
  HIGHEST WIND SPEED    20   HIGHEST WIND DIRECTION    SW (230)
  HIGHEST GUST SPEED    25   HIGHEST GUST DIRECTION    SW (230)


SKY COVER
  AVERAGE SKY COVER 0.7


WEATHER CONDITIONS
 THE FOLLOWING WEATHER WAS RECORDED TODAY.
  FOG
  FOG W/VISIBILITY <= 1/4 MILE


RELATIVE HUMIDITY (PERCENT)
 HIGHEST    93          1200 AM
 LOWEST     38           200 PM
 AVERAGE    66

..........................................................


THE WEST PLAINS MO CLIMATE NORMALS FOR TOMORROW
                         NORMAL    RECORD    YEAR
 MAXIMUM TEMPERATURE (F)   72        91      1955
 MINIMUM TEMPERATURE (F)   47        29      1993


SUNRISE AND SUNSET
APRIL 21 2016.........SUNRISE   625 AM CDT   SUNSET   748 PM CDT
APRIL 22 2016.........SUNRISE   624 AM CDT   SUNSET   749 PM CDT


-  INDICATES NEGATIVE NUMBERS.
R  INDICATES RECORD WAS SET OR TIED.
MM INDICATES DATA IS MISSING.
T  INDICATES TRACE AMOUNT.




$$
