000
CDUS43 KSGF 200627
CLIUNO


CLIMATE REPORT
NATIONAL WEATHER SERVICE SPRINGFIELD MO
126 AM CDT SUN JUL 20 2014


...................................

...THE WEST PLAINS MO CLIMATE SUMMARY FOR JULY 19 2014...

CLIMATE NORMAL PERIOD 1981 TO 2010
CLIMATE RECORD PERIOD 1947 TO 2014


WEATHER ITEM   OBSERVED TIME   RECORD YEAR NORMAL DEPARTURE LAST
                VALUE   (LST)  VALUE       VALUE  FROM      YEAR
                                                  NORMAL
..................................................................
TEMPERATURE (F)
 YESTERDAY
  MAXIMUM         81    433 PM 105    2012  90     -9       93
  MINIMUM         54R   449 AM  54    2009  67    -13       MM
  AVERAGE         68                        78    -10       MM

PRECIPITATION (IN)
  YESTERDAY        0.00          1.12 2002   0.11  -0.11     0.00
  MONTH TO DATE    1.54                      2.28  -0.74     0.13
  SINCE JUN 1      6.77                      6.30   0.47     3.80
  SINCE JAN 1     18.75                     25.57  -6.82    25.62

DEGREE DAYS
 HEATING
  YESTERDAY        0                         0      0       MM
  MONTH TO DATE    2                         0      2        0
  SINCE JUN 1      4                         5     -1        9
  SINCE JUL 1      2                         0      2        0

 COOLING
  YESTERDAY        3                        13    -10       MM
  MONTH TO DATE  133                       243   -110      166
  SINCE JUN 1    398                       509   -111      314
  SINCE JAN 1    548                       631    -83      426
..................................................................


WIND (MPH)
  HIGHEST WIND SPEED    10   HIGHEST WIND DIRECTION     E (90)
  HIGHEST GUST SPEED    15   HIGHEST GUST DIRECTION     E (80)
  AVERAGE WIND SPEED     2.1


SKY COVER
  AVERAGE SKY COVER 0.1


WEATHER CONDITIONS
 THE FOLLOWING WEATHER WAS RECORDED YESTERDAY.
  NO SIGNIFICANT WEATHER WAS OBSERVED.


RELATIVE HUMIDITY (PERCENT)
 HIGHEST    93          1200 AM
 LOWEST     45           300 PM
 AVERAGE    69

..........................................................


THE WEST PLAINS MO CLIMATE NORMALS FOR TODAY
                         NORMAL    RECORD    YEAR
 MAXIMUM TEMPERATURE (F)   90       101      1964
 MINIMUM TEMPERATURE (F)   67        57      2009
                                             1971


SUNRISE AND SUNSET
JULY 20 2014..........SUNRISE   604 AM CDT   SUNSET   824 PM CDT
JULY 21 2014..........SUNRISE   604 AM CDT   SUNSET   823 PM CDT


-  INDICATES NEGATIVE NUMBERS.
R  INDICATES RECORD WAS SET OR TIED.
MM INDICATES DATA IS MISSING.
T  INDICATES TRACE AMOUNT.




$$
