000
CDUS43 KSGF 082126
CLIUNO


CLIMATE REPORT
NATIONAL WEATHER SERVICE SPRINGFIELD MO
426 PM CDT TUE APR 8 2014


...................................

...THE WEST PLAINS MO CLIMATE SUMMARY FOR APRIL 8 2014...
VALID AS OF 0400 PM LOCAL TIME.

CLIMATE NORMAL PERIOD 1981 TO 2010
CLIMATE RECORD PERIOD 1947 TO 2014


WEATHER ITEM   OBSERVED TIME   RECORD YEAR NORMAL DEPARTURE LAST
                VALUE   (LST)  VALUE       VALUE  FROM      YEAR
                                                  NORMAL
..................................................................
TEMPERATURE (F)
 TODAY
  MAXIMUM         61    219 PM  85    2011  68     -7       75
  MINIMUM         39    129 AM  20    2007  43     -4       58
  AVERAGE         50                        55     -5       67

PRECIPITATION (IN)
  TODAY            T             2.76 2002   0.13  -0.13     0.02
  MONTH TO DATE    1.80                      1.05   0.75     0.08
  SINCE MAR 1      5.02                      5.34  -0.32     3.83
  SINCE JAN 1      6.87                     10.90  -4.03    11.15

DEGREE DAYS
 HEATING
  TODAY           15                        10      5        0
  MONTH TO DATE   95                        90      5       96
  SINCE MAR 1    797                       636    161      830
  SINCE JUL 1   4595                      4100    495     4142

 COOLING
  TODAY            0                         1     -1        2
  MONTH TO DATE    1                         3     -2        2
  SINCE MAR 1      1                         7     -6        2
  SINCE JAN 1      1                         7     -6        2
..................................................................


WIND (MPH)
  HIGHEST WIND SPEED    25   HIGHEST WIND DIRECTION     N (350)
  HIGHEST GUST SPEED    35   HIGHEST GUST DIRECTION     N (350)


SKY COVER
  AVERAGE SKY COVER 0.8


WEATHER CONDITIONS
 THE FOLLOWING WEATHER WAS RECORDED TODAY.
  LIGHT RAIN


RELATIVE HUMIDITY (PERCENT)
 HIGHEST    85           100 AM
 LOWEST     29           300 PM
 AVERAGE    57

..........................................................


THE WEST PLAINS MO CLIMATE NORMALS FOR TOMORROW
                         NORMAL    RECORD    YEAR
 MAXIMUM TEMPERATURE (F)   68        87      2011
 MINIMUM TEMPERATURE (F)   43        23      2007


SUNRISE AND SUNSET
APRIL  8 2014.........SUNRISE   643 AM CDT   SUNSET   736 PM CDT
APRIL  9 2014.........SUNRISE   642 AM CDT   SUNSET   737 PM CDT


-  INDICATES NEGATIVE NUMBERS.
R  INDICATES RECORD WAS SET OR TIED.
MM INDICATES DATA IS MISSING.
T  INDICATES TRACE AMOUNT.




$$
