023
CDUS43 KSGF 270640
CLIUNO


CLIMATE REPORT
NATIONAL WEATHER SERVICE SPRINGFIELD MO
140 AM CDT THU APR 27 2017


...................................

...THE WEST PLAINS MO CLIMATE SUMMARY FOR APRIL 26 2017...

CLIMATE NORMAL PERIOD 1981 TO 2010
CLIMATE RECORD PERIOD 1947 TO 2017


WEATHER ITEM   OBSERVED TIME   RECORD YEAR NORMAL DEPARTURE LAST
                VALUE   (LST)  VALUE       VALUE  FROM      YEAR
                                                  NORMAL
..................................................................
TEMPERATURE (F)
 YESTERDAY
  MAXIMUM         67   1236 AM  89    1987  72     -5       79
  MINIMUM         46   1159 PM  30    1976  48     -2       60
  AVERAGE         57                        60     -3       70

PRECIPITATION (IN)
  YESTERDAY        2.16R         1.15 1982   0.17   1.99     0.07
  MONTH TO DATE    8.73                      3.84   4.89     1.06
  SINCE MAR 1     15.02                      8.13   6.89     4.99
  SINCE JAN 1     19.65                     13.69   5.96     7.63

DEGREE DAYS
 HEATING
  YESTERDAY        8                         6      2        0
  MONTH TO DATE  143                       232    -89      176
  SINCE MAR 1    572                       778   -206      570
  SINCE JUL 1   3221                      4242  -1021     3403

 COOLING
  YESTERDAY        0                         1     -1        5
  MONTH TO DATE   20                        21     -1        8
  SINCE MAR 1     24                        25     -1       12
  SINCE JAN 1     25                        25      0       12
..................................................................


WIND (MPH)
  HIGHEST WIND SPEED    20   HIGHEST WIND DIRECTION     W (280)
  HIGHEST GUST SPEED    29   HIGHEST GUST DIRECTION     W (260)
  AVERAGE WIND SPEED     7.5


SKY COVER
  AVERAGE SKY COVER 1.0


WEATHER CONDITIONS
 THE FOLLOWING WEATHER WAS RECORDED YESTERDAY.
  THUNDERSTORM
  HEAVY RAIN
  RAIN
  LIGHT RAIN
  FOG


RELATIVE HUMIDITY (PERCENT)
 HIGHEST    96           700 PM
 LOWEST     63          1200 AM
 AVERAGE    80

..........................................................


THE WEST PLAINS MO CLIMATE NORMALS FOR TODAY
                         NORMAL    RECORD    YEAR
 MAXIMUM TEMPERATURE (F)   73        87      1989
 MINIMUM TEMPERATURE (F)   49        33      1953
                                             1992


SUNRISE AND SUNSET
APRIL 27 2017.........SUNRISE   618 AM CDT   SUNSET   753 PM CDT
APRIL 28 2017.........SUNRISE   617 AM CDT   SUNSET   754 PM CDT


-  INDICATES NEGATIVE NUMBERS.
R  INDICATES RECORD WAS SET OR TIED.
MM INDICATES DATA IS MISSING.
T  INDICATES TRACE AMOUNT.




$$
