000
CDUS43 KSGF 270632
CLIUNO


CLIMATE REPORT
NATIONAL WEATHER SERVICE SPRINGFIELD MO
132 AM CDT FRI MAY 27 2016


...................................

...THE WEST PLAINS MO CLIMATE SUMMARY FOR MAY 26 2016...

CLIMATE NORMAL PERIOD 1981 TO 2010
CLIMATE RECORD PERIOD 1947 TO 2016


WEATHER ITEM   OBSERVED TIME   RECORD YEAR NORMAL DEPARTURE LAST
                VALUE   (LST)  VALUE       VALUE  FROM      YEAR
                                                  NORMAL
..................................................................
TEMPERATURE (F)
 YESTERDAY
  MAXIMUM         85    207 PM  95    2012  79      6       76
                                      1953
  MINIMUM         68   1159 PM  38    1988  57     11       61
  AVERAGE         77                        68      9       69

PRECIPITATION (IN)
  YESTERDAY        0.03          1.62 1963   0.12  -0.09     0.01
  MONTH TO DATE    4.94                      4.25   0.69     5.25
  SINCE MAR 1     10.17                     13.02  -2.85    10.61
  SINCE JAN 1     12.81                     18.58  -5.77    15.29

DEGREE DAYS
 HEATING
  YESTERDAY        0                         1     -1        0
  MONTH TO DATE  112                        76     36       71
  SINCE MAR 1    692                       874   -182      839
  SINCE JUL 1   3525                      4338   -813     4636

 COOLING
  YESTERDAY       12                         4      8        4
  MONTH TO DATE   40                        69    -29       75
  SINCE MAR 1     56                        97    -41       91
  SINCE JAN 1     56                        97    -41       91
..................................................................


WIND (MPH)
  HIGHEST WIND SPEED    22   HIGHEST WIND DIRECTION     S (180)
  HIGHEST GUST SPEED    31   HIGHEST GUST DIRECTION     S (180)
  AVERAGE WIND SPEED    10.1


SKY COVER
  AVERAGE SKY COVER 0.6


WEATHER CONDITIONS
 THE FOLLOWING WEATHER WAS RECORDED YESTERDAY.
  FOG
  HAZE


RELATIVE HUMIDITY (PERCENT)
 HIGHEST    93           100 AM
 LOWEST     61           200 PM
 AVERAGE    77

..........................................................


THE WEST PLAINS MO CLIMATE NORMALS FOR TODAY
                         NORMAL    RECORD    YEAR
 MAXIMUM TEMPERATURE (F)   79        92      2012
 MINIMUM TEMPERATURE (F)   58        33      1961


SUNRISE AND SUNSET
MAY 27 2016...........SUNRISE   552 AM CDT   SUNSET   818 PM CDT
MAY 28 2016...........SUNRISE   551 AM CDT   SUNSET   819 PM CDT


-  INDICATES NEGATIVE NUMBERS.
R  INDICATES RECORD WAS SET OR TIED.
MM INDICATES DATA IS MISSING.
T  INDICATES TRACE AMOUNT.




$$
