336
CDUS43 KSGF 310627
CLIUNO


CLIMATE REPORT
NATIONAL WEATHER SERVICE SPRINGFIELD MO
126 AM CDT TUE MAY 31 2016


...................................

...THE WEST PLAINS MO CLIMATE SUMMARY FOR MAY 30 2016...

CLIMATE NORMAL PERIOD 1981 TO 2010
CLIMATE RECORD PERIOD 1947 TO 2016


WEATHER ITEM   OBSERVED TIME   RECORD YEAR NORMAL DEPARTURE LAST
                VALUE   (LST)  VALUE       VALUE  FROM      YEAR
                                                  NORMAL
..................................................................
TEMPERATURE (F)
 YESTERDAY
  MAXIMUM         83   1228 PM  94    1977  80      3       79
  MINIMUM         59    430 AM  39    1984  59      0       63
  AVERAGE         71                        69      2       71

PRECIPITATION (IN)
  YESTERDAY        0.21          2.01 2013   0.14   0.07     0.42
  MONTH TO DATE    6.72                      4.79   1.93     7.57
  SINCE MAR 1     11.95                     13.56  -1.61    12.93
  SINCE JAN 1     14.59                     19.12  -4.53    17.61

DEGREE DAYS
 HEATING
  YESTERDAY        0                         1     -1        0
  MONTH TO DATE  112                        80     32       71
  SINCE MAR 1    692                       878   -186      839
  SINCE JUL 1   3525                      4342   -817     4636

 COOLING
  YESTERDAY        6                         5      1        6
  MONTH TO DATE   70                        89    -19      106
  SINCE MAR 1     86                       117    -31      122
  SINCE JAN 1     86                       117    -31      122
..................................................................


WIND (MPH)
  HIGHEST WIND SPEED    18   HIGHEST WIND DIRECTION    SW (220)
  HIGHEST GUST SPEED    29   HIGHEST GUST DIRECTION     S (200)
  AVERAGE WIND SPEED     2.6


SKY COVER
  AVERAGE SKY COVER 0.3


WEATHER CONDITIONS
 THE FOLLOWING WEATHER WAS RECORDED YESTERDAY.
  THUNDERSTORM
  RAIN
  LIGHT RAIN
  FOG


RELATIVE HUMIDITY (PERCENT)
 HIGHEST    93           900 PM
 LOWEST     47          1200 PM
 AVERAGE    70

..........................................................


THE WEST PLAINS MO CLIMATE NORMALS FOR TODAY
                         NORMAL    RECORD    YEAR
 MAXIMUM TEMPERATURE (F)   80        94      1953
 MINIMUM TEMPERATURE (F)   59        39      1984


SUNRISE AND SUNSET
MAY 31 2016...........SUNRISE   550 AM CDT   SUNSET   821 PM CDT
JUNE  1 2016..........SUNRISE   550 AM CDT   SUNSET   822 PM CDT


-  INDICATES NEGATIVE NUMBERS.
R  INDICATES RECORD WAS SET OR TIED.
MM INDICATES DATA IS MISSING.
T  INDICATES TRACE AMOUNT.




$$
