000
CDUS43 KSGF 240626
CLIUNO


CLIMATE REPORT
NATIONAL WEATHER SERVICE SPRINGFIELD MO
1226 AM CST WED DEC 24 2014


...................................

...THE WEST PLAINS MO CLIMATE SUMMARY FOR DECEMBER 23 2014...

CLIMATE NORMAL PERIOD 1981 TO 2010
CLIMATE RECORD PERIOD 1947 TO 2014


WEATHER ITEM   OBSERVED TIME   RECORD YEAR NORMAL DEPARTURE LAST
                VALUE   (LST)  VALUE       VALUE  FROM      YEAR
                                                  NORMAL
..................................................................
TEMPERATURE (F)
 YESTERDAY
  MAXIMUM         50    306 PM  68    1996  45      5       33
  MINIMUM         38    650 AM -12    1989  24     14       19
  AVERAGE         44                        35      9       26

PRECIPITATION (IN)
  YESTERDAY        0.00          2.20 1979   0.10  -0.10      T
  MONTH TO DATE    2.51                      3.02  -0.51     2.31
  SINCE DEC 1      2.51                      3.02  -0.51     2.31
  SINCE JAN 1     35.94                     45.60  -9.66    54.20

DEGREE DAYS
 HEATING
  YESTERDAY       21                        30     -9       39
  MONTH TO DATE  581                       647    -66      581
  SINCE DEC 1    581                       647    -66      581
  SINCE JUL 1   1593                      1499     94     1493

 COOLING
  YESTERDAY        0                         0      0        0
  MONTH TO DATE    0                         0      0        0
  SINCE DEC 1      0                         0      0        0
  SINCE JAN 1   1231                      1354   -123     1073
..................................................................


WIND (MPH)
  HIGHEST WIND SPEED    12   HIGHEST WIND DIRECTION    NW (320)
  HIGHEST GUST SPEED    16   HIGHEST GUST DIRECTION     N (350)
  AVERAGE WIND SPEED     4.3


SKY COVER
  AVERAGE SKY COVER 0.5


WEATHER CONDITIONS
 THE FOLLOWING WEATHER WAS RECORDED YESTERDAY.
  FOG


RELATIVE HUMIDITY (PERCENT)
 HIGHEST    93           300 AM
 LOWEST     66           200 PM
 AVERAGE    80

..........................................................


THE WEST PLAINS MO CLIMATE NORMALS FOR TODAY
                         NORMAL    RECORD    YEAR
 MAXIMUM TEMPERATURE (F)   45        74      1955
 MINIMUM TEMPERATURE (F)   24       -13      1989


SUNRISE AND SUNSET
DECEMBER 24 2014......SUNRISE   718 AM CST   SUNSET   456 PM CST
DECEMBER 25 2014......SUNRISE   719 AM CST   SUNSET   457 PM CST


-  INDICATES NEGATIVE NUMBERS.
R  INDICATES RECORD WAS SET OR TIED.
MM INDICATES DATA IS MISSING.
T  INDICATES TRACE AMOUNT.




$$
