000
CDUS43 KSGF 280629
CLIUNO


CLIMATE REPORT
NATIONAL WEATHER SERVICE SPRINGFIELD MO
128 AM CDT THU MAY 28 2015


...................................

...THE WEST PLAINS MO CLIMATE SUMMARY FOR MAY 27 2015...

CLIMATE NORMAL PERIOD 1981 TO 2010
CLIMATE RECORD PERIOD 1947 TO 2015


WEATHER ITEM   OBSERVED TIME   RECORD YEAR NORMAL DEPARTURE LAST
                VALUE   (LST)  VALUE       VALUE  FROM      YEAR
                                                  NORMAL
..................................................................
TEMPERATURE (F)
 YESTERDAY
  MAXIMUM         83    239 PM  92    2012  79      4       81
  MINIMUM         65    737 AM  33    1961  58      7       64
  AVERAGE         74                        68      6       73

PRECIPITATION (IN)
  YESTERDAY        1.36R         1.27 1976   0.14   1.22     0.03
  MONTH TO DATE    6.61                      4.39   2.22     2.81
  SINCE MAR 1     11.97                     13.16  -1.19    10.13
  SINCE JAN 1     16.65                     18.72  -2.07    11.98

DEGREE DAYS
 HEATING
  YESTERDAY        0                         1     -1        0
  MONTH TO DATE   71                        77     -6      105
  SINCE MAR 1    839                       875    -36     1059
  SINCE JUL 1   4636                      4339    297     4857

 COOLING
  YESTERDAY        9                         5      4        8
  MONTH TO DATE   84                        74     10      112
  SINCE MAR 1    100                       102     -2      121
  SINCE JAN 1    100                       102     -2      121
..................................................................


WIND (MPH)
  HIGHEST WIND SPEED    12   HIGHEST WIND DIRECTION    NE (40)
  HIGHEST GUST SPEED    15   HIGHEST GUST DIRECTION    NE (30)
  AVERAGE WIND SPEED     3.6


SKY COVER
  AVERAGE SKY COVER 0.5


WEATHER CONDITIONS
 THE FOLLOWING WEATHER WAS RECORDED YESTERDAY.
  THUNDERSTORM
  HEAVY RAIN
  RAIN
  LIGHT RAIN
  FOG


RELATIVE HUMIDITY (PERCENT)
 HIGHEST    93           400 AM
 LOWEST     54           200 PM
 AVERAGE    74

..........................................................


THE WEST PLAINS MO CLIMATE NORMALS FOR TODAY
                         NORMAL    RECORD    YEAR
 MAXIMUM TEMPERATURE (F)   79        94      2012
 MINIMUM TEMPERATURE (F)   58        38      1961


SUNRISE AND SUNSET
MAY 28 2015...........SUNRISE   552 AM CDT   SUNSET   819 PM CDT
MAY 29 2015...........SUNRISE   551 AM CDT   SUNSET   819 PM CDT


-  INDICATES NEGATIVE NUMBERS.
R  INDICATES RECORD WAS SET OR TIED.
MM INDICATES DATA IS MISSING.
T  INDICATES TRACE AMOUNT.




$$
