000
CDUS43 KSGF 142326
CLIUNO


CLIMATE REPORT
NATIONAL WEATHER SERVICE SPRINGFIELD MO
526 PM CST WED FEB 14 2018


...................................

...THE WEST PLAINS MO CLIMATE SUMMARY FOR FEBRUARY 14 2018...
VALID TODAY AS OF 0500 PM LOCAL TIME.

CLIMATE NORMAL PERIOD 1981 TO 2010
CLIMATE RECORD PERIOD 1947 TO 2018


WEATHER ITEM   OBSERVED TIME   RECORD YEAR NORMAL DEPARTURE LAST
                VALUE   (LST)  VALUE       VALUE  FROM      YEAR
                                                  NORMAL
..................................................................
TEMPERATURE (F)
 TODAY
  MAXIMUM         67    455 PM  72    1954  49     18       46
  MINIMUM         45    130 AM  12    1960  26     19       38
  AVERAGE         56                        37     19       42

PRECIPITATION (IN)
  TODAY            0.02          1.46 1949   0.11  -0.09     0.47
  MONTH TO DATE    0.09                      1.41  -1.32     0.49
  SINCE DEC 1      4.14                      7.77  -3.63     3.55
  SINCE JAN 1      2.11                      4.13  -2.02     2.53

DEGREE DAYS
 COOLING
  TODAY            0                         0      0        0
  MONTH TO DATE    0                         0      0        0
  SINCE DEC 1      0                         0      0        0
  SINCE JAN 1      0                         0      0        0
..................................................................


WIND (MPH)
  HIGHEST WIND SPEED    16   HIGHEST WIND DIRECTION    SW (210)
  HIGHEST GUST SPEED    23   HIGHEST GUST DIRECTION    SW (210)


SKY COVER
  AVERAGE SKY COVER 1.0


WEATHER CONDITIONS
 THE FOLLOWING WEATHER WAS RECORDED TODAY.
  LIGHT RAIN
  FOG


RELATIVE HUMIDITY (PERCENT)
 HIGHEST    96           900 AM
 LOWEST     68           400 PM
 AVERAGE    82

..........................................................


THE WEST PLAINS MO CLIMATE NORMALS FOR TOMORROW
                         NORMAL    RECORD    YEAR
 MAXIMUM TEMPERATURE (F)   49        75      2005
 MINIMUM TEMPERATURE (F)   26         6      1958


SUNRISE AND SUNSET
FEBRUARY 14 2018......SUNRISE   657 AM CST   SUNSET   547 PM CST
FEBRUARY 15 2018......SUNRISE   656 AM CST   SUNSET   548 PM CST


-  INDICATES NEGATIVE NUMBERS.
R  INDICATES RECORD WAS SET OR TIED.
MM INDICATES DATA IS MISSING.
T  INDICATES TRACE AMOUNT.




$$
