000
CDUS43 KSGF 200637
CLIUNO


CLIMATE REPORT
NATIONAL WEATHER SERVICE SPRINGFIELD MO
137 AM CDT MON MAR 20 2017


...................................

...THE WEST PLAINS MO CLIMATE SUMMARY FOR MARCH 19 2017...

CLIMATE NORMAL PERIOD 1981 TO 2010
CLIMATE RECORD PERIOD 1947 TO 2017


WEATHER ITEM   OBSERVED TIME   RECORD YEAR NORMAL DEPARTURE LAST
                VALUE   (LST)  VALUE       VALUE  FROM      YEAR
                                                  NORMAL
..................................................................
TEMPERATURE (F)
 YESTERDAY
  MAXIMUM         64    349 PM  81    1969  61      3       52
  MINIMUM         40    207 AM  12    1965  37      3       35
  AVERAGE         52                        49      3       44

PRECIPITATION (IN)
  YESTERDAY        0.00          2.71 2002   0.14  -0.14     0.00
  MONTH TO DATE    2.56                      2.46   0.10     2.38
  SINCE MAR 1      2.56                      2.46   0.10     2.38
  SINCE JAN 1      7.19                      8.02  -0.83     5.02

DEGREE DAYS
 HEATING
  YESTERDAY       13                        16     -3       21
  MONTH TO DATE  355                       375    -20      230
  SINCE MAR 1    355                       375    -20      230
  SINCE JUL 1   3004                      3839   -835     3063

 COOLING
  YESTERDAY        0                         0      0        0
  MONTH TO DATE    0                         0      0        4
  SINCE MAR 1      0                         0      0        4
  SINCE JAN 1      1                         0      1        4
..................................................................


WIND (MPH)
  HIGHEST WIND SPEED    16   HIGHEST WIND DIRECTION    SE (150)
  HIGHEST GUST SPEED    21   HIGHEST GUST DIRECTION    SE (150)
  AVERAGE WIND SPEED     7.9


SKY COVER
  AVERAGE SKY COVER 0.5


WEATHER CONDITIONS
 THE FOLLOWING WEATHER WAS RECORDED YESTERDAY.
  NO SIGNIFICANT WEATHER WAS OBSERVED.


RELATIVE HUMIDITY (PERCENT)
 HIGHEST    71          1100 PM
 LOWEST     37          1200 AM
 AVERAGE    54

..........................................................


THE WEST PLAINS MO CLIMATE NORMALS FOR TODAY
                         NORMAL    RECORD    YEAR
 MAXIMUM TEMPERATURE (F)   61        83      1952
 MINIMUM TEMPERATURE (F)   37        10      1965


SUNRISE AND SUNSET
MARCH 20 2017.........SUNRISE   711 AM CDT   SUNSET   720 PM CDT
MARCH 21 2017.........SUNRISE   709 AM CDT   SUNSET   721 PM CDT


-  INDICATES NEGATIVE NUMBERS.
R  INDICATES RECORD WAS SET OR TIED.
MM INDICATES DATA IS MISSING.
T  INDICATES TRACE AMOUNT.




$$
