000
CDUS43 KSGF 220627
CLIUNO


CLIMATE REPORT
NATIONAL WEATHER SERVICE SPRINGFIELD MO
127 AM CDT MON SEP 22 2014


...................................

...THE WEST PLAINS MO CLIMATE SUMMARY FOR SEPTEMBER 21 2014...

CLIMATE NORMAL PERIOD 1981 TO 2010
CLIMATE RECORD PERIOD 1947 TO 2014


WEATHER ITEM   OBSERVED TIME   RECORD YEAR NORMAL DEPARTURE LAST
                VALUE   (LST)  VALUE       VALUE  FROM      YEAR
                                                  NORMAL
..................................................................
TEMPERATURE (F)
 YESTERDAY
  MAXIMUM         81    118 PM  95    1955  79      2       74
  MINIMUM         57   1159 PM  35    1991  55      2       50
  AVERAGE         69                        67      2       62

PRECIPITATION (IN)
  YESTERDAY        0.08          1.55 1965   0.12  -0.04     0.00
  MONTH TO DATE    2.20                      2.88  -0.68     1.41
  SINCE SEP 1      2.20                      2.88  -0.68     1.41
  SINCE JAN 1     23.82                     32.95  -9.13    43.64

DEGREE DAYS
 HEATING
  YESTERDAY        0                         2     -2        3
  MONTH TO DATE   29                        11     18        7
  SINCE SEP 1     29                        11     18        7
  SINCE JUL 1     31                        12     19       11

 COOLING
  YESTERDAY        4                         3      1        0
  MONTH TO DATE  118                       134    -16      177
  SINCE SEP 1    118                       134    -16      177
  SINCE JAN 1   1173                      1306   -133     1019
..................................................................


WIND (MPH)
  HIGHEST WIND SPEED    16   HIGHEST WIND DIRECTION     N (10)
  HIGHEST GUST SPEED    23   HIGHEST GUST DIRECTION     N (20)
  AVERAGE WIND SPEED     7.4


SKY COVER
  AVERAGE SKY COVER 0.2


WEATHER CONDITIONS
 THE FOLLOWING WEATHER WAS RECORDED YESTERDAY.
  LIGHT RAIN
  FOG


RELATIVE HUMIDITY (PERCENT)
 HIGHEST    93           500 AM
 LOWEST     28           200 PM
 AVERAGE    61

..........................................................


THE WEST PLAINS MO CLIMATE NORMALS FOR TODAY
                         NORMAL    RECORD    YEAR
 MAXIMUM TEMPERATURE (F)   78        92      1948
 MINIMUM TEMPERATURE (F)   54        36      1983


SUNRISE AND SUNSET
SEPTEMBER 22 2014.....SUNRISE   655 AM CDT   SUNSET   704 PM CDT
SEPTEMBER 23 2014.....SUNRISE   656 AM CDT   SUNSET   703 PM CDT


-  INDICATES NEGATIVE NUMBERS.
R  INDICATES RECORD WAS SET OR TIED.
MM INDICATES DATA IS MISSING.
T  INDICATES TRACE AMOUNT.




$$
