000
CDUS43 KSGF 080639
CLIUNO


CLIMATE REPORT
NATIONAL WEATHER SERVICE SPRINGFIELD MO
1239 AM CST THU DEC 8 2016


...................................

...THE WEST PLAINS MO CLIMATE SUMMARY FOR DECEMBER 7 2016...

CLIMATE NORMAL PERIOD 1981 TO 2010
CLIMATE RECORD PERIOD 1947 TO 2016


WEATHER ITEM   OBSERVED TIME   RECORD YEAR NORMAL DEPARTURE LAST
                VALUE   (LST)  VALUE       VALUE  FROM      YEAR
                                                  NORMAL
..................................................................
TEMPERATURE (F)
 YESTERDAY
  MAXIMUM         39    148 PM  73    1966  48     -9       59
  MINIMUM         25    729 AM   0    1950  28     -3       27
  AVERAGE         32                        38     -6       43

PRECIPITATION (IN)
  YESTERDAY        0.00          1.05 1987   0.15  -0.15     0.00
  MONTH TO DATE    0.24                      1.10  -0.86     0.00
  SINCE DEC 1      0.24                      1.10  -0.86     0.00
  SINCE JAN 1     36.48                     43.68  -7.20    48.81

DEGREE DAYS
 HEATING
  YESTERDAY       33                        27      6       22
  MONTH TO DATE  185                       182      3      171
  SINCE DEC 1    185                       182      3      171
  SINCE JUL 1    705                      1034   -329      806

 COOLING
  YESTERDAY        0                         0      0        0
  MONTH TO DATE    0                         0      0        0
  SINCE DEC 1      0                         0      0        0
  SINCE JAN 1   1604                      1354    250     1366
..................................................................


WIND (MPH)
  HIGHEST WIND SPEED    15   HIGHEST WIND DIRECTION    NW (330)
  HIGHEST GUST SPEED    21   HIGHEST GUST DIRECTION     N (340)
  AVERAGE WIND SPEED     6.5


SKY COVER
  AVERAGE SKY COVER 0.7


WEATHER CONDITIONS
 THE FOLLOWING WEATHER WAS RECORDED YESTERDAY.
  NO SIGNIFICANT WEATHER WAS OBSERVED.


RELATIVE HUMIDITY (PERCENT)
 HIGHEST    78          1100 PM
 LOWEST     37          1200 PM
 AVERAGE    58

..........................................................


THE WEST PLAINS MO CLIMATE NORMALS FOR TODAY
                         NORMAL    RECORD    YEAR
 MAXIMUM TEMPERATURE (F)   48        68      1952
 MINIMUM TEMPERATURE (F)   28         2      1950


SUNRISE AND SUNSET
DECEMBER  8 2016......SUNRISE   708 AM CST   SUNSET   451 PM CST
DECEMBER  9 2016......SUNRISE   709 AM CST   SUNSET   451 PM CST


-  INDICATES NEGATIVE NUMBERS.
R  INDICATES RECORD WAS SET OR TIED.
MM INDICATES DATA IS MISSING.
T  INDICATES TRACE AMOUNT.




$$
