000
CDUS43 KSGF 060626
CLIUNO


CLIMATE REPORT
NATIONAL WEATHER SERVICE SPRINGFIELD MO
1226 AM CST SAT FEB 6 2016


...................................

...THE WEST PLAINS MO CLIMATE SUMMARY FOR FEBRUARY 5 2016...

CLIMATE NORMAL PERIOD 1981 TO 2010
CLIMATE RECORD PERIOD 1947 TO 2016


WEATHER ITEM   OBSERVED TIME   RECORD YEAR NORMAL DEPARTURE LAST
                VALUE   (LST)  VALUE       VALUE  FROM      YEAR
                                                  NORMAL
..................................................................
TEMPERATURE (F)
 YESTERDAY
  MAXIMUM         52    346 PM  71    1967  47      5       32
  MINIMUM         24    502 AM  -9    1996  25     -1        9
  AVERAGE         38                        36      2       21

PRECIPITATION (IN)
  YESTERDAY        0.00          1.60 1964   0.09  -0.09     0.00
  MONTH TO DATE    0.42                      0.44  -0.02     0.50
  SINCE DEC 1     10.39                      6.80   3.59     5.49
  SINCE JAN 1      1.35                      3.16  -1.81     2.52

DEGREE DAYS
 HEATING
  YESTERDAY       27                        29     -2       44
  MONTH TO DATE  114                       149    -35      171
  SINCE DEC 1   1648                      2001   -353     1941
  SINCE JUL 1   2283                      2853   -570     2953

 COOLING
  YESTERDAY        0                         0      0        0
  MONTH TO DATE    0                         0      0        0
  SINCE DEC 1      0                         0      0        0
  SINCE JAN 1      0                         0      0        0
..................................................................


WIND (MPH)
  HIGHEST WIND SPEED    16   HIGHEST WIND DIRECTION     W (260)
  HIGHEST GUST SPEED    23   HIGHEST GUST DIRECTION     W (290)
  AVERAGE WIND SPEED     5.7


SKY COVER
  AVERAGE SKY COVER 0.0


WEATHER CONDITIONS
 THE FOLLOWING WEATHER WAS RECORDED YESTERDAY.
  NO SIGNIFICANT WEATHER WAS OBSERVED.


RELATIVE HUMIDITY (PERCENT)
 HIGHEST    68           500 AM
 LOWEST     22           400 PM
 AVERAGE    45

..........................................................


THE WEST PLAINS MO CLIMATE NORMALS FOR TODAY
                         NORMAL    RECORD    YEAR
 MAXIMUM TEMPERATURE (F)   47        66      2007
 MINIMUM TEMPERATURE (F)   25        -3      1959


SUNRISE AND SUNSET
FEBRUARY  6 2016......SUNRISE   706 AM CST   SUNSET   538 PM CST
FEBRUARY  7 2016......SUNRISE   705 AM CST   SUNSET   539 PM CST


-  INDICATES NEGATIVE NUMBERS.
R  INDICATES RECORD WAS SET OR TIED.
MM INDICATES DATA IS MISSING.
T  INDICATES TRACE AMOUNT.




$$
