000
CDUS43 KSGF 030626
CLIUNO


CLIMATE REPORT
NATIONAL WEATHER SERVICE SPRINGFIELD MO
126 AM CDT WED SEP 3 2014


...................................

...THE WEST PLAINS MO CLIMATE SUMMARY FOR SEPTEMBER 2 2014...

CLIMATE NORMAL PERIOD 1981 TO 2010
CLIMATE RECORD PERIOD 1947 TO 2014


WEATHER ITEM   OBSERVED TIME   RECORD YEAR NORMAL DEPARTURE LAST
                VALUE   (LST)  VALUE       VALUE  FROM      YEAR
                                                  NORMAL
..................................................................
TEMPERATURE (F)
 YESTERDAY
  MAXIMUM         79    448 PM 101    2000  86     -7       87
  MINIMUM         65    941 PM  42    1949  62      3       66
  AVERAGE         72                        74     -2       77

PRECIPITATION (IN)
  YESTERDAY        0.33          1.82 1994   0.15   0.18     0.00
  MONTH TO DATE    0.46                      0.29   0.17     0.08
  SINCE SEP 1      0.46                      0.29   0.17     0.08
  SINCE JAN 1     22.08                     30.36  -8.28    42.31

DEGREE DAYS
 HEATING
  YESTERDAY        0                         0      0        0
  MONTH TO DATE    0                         0      0        0
  SINCE SEP 1      0                         0      0        0
  SINCE JUL 1      2                         1      1        4

 COOLING
  YESTERDAY        7                         9     -2       12
  MONTH TO DATE   18                        19     -1       26
  SINCE SEP 1     18                        19     -1       26
  SINCE JAN 1   1073                      1191   -118      868
..................................................................


WIND (MPH)
  HIGHEST WIND SPEED    20   HIGHEST WIND DIRECTION     W (260)
  HIGHEST GUST SPEED    26   HIGHEST GUST DIRECTION    SW (240)
  AVERAGE WIND SPEED     6.4


SKY COVER
  AVERAGE SKY COVER 0.2


WEATHER CONDITIONS
 THE FOLLOWING WEATHER WAS RECORDED YESTERDAY.
  THUNDERSTORM
  LIGHT RAIN
  FOG


RELATIVE HUMIDITY (PERCENT)
 HIGHEST    93           700 AM
 LOWEST     62           300 PM
 AVERAGE    78

..........................................................


THE WEST PLAINS MO CLIMATE NORMALS FOR TODAY
                         NORMAL    RECORD    YEAR
 MAXIMUM TEMPERATURE (F)   86       103      1954
 MINIMUM TEMPERATURE (F)   62        44      1952


SUNRISE AND SUNSET
SEPTEMBER  3 2014.....SUNRISE   640 AM CDT   SUNSET   733 PM CDT
SEPTEMBER  4 2014.....SUNRISE   641 AM CDT   SUNSET   732 PM CDT


-  INDICATES NEGATIVE NUMBERS.
R  INDICATES RECORD WAS SET OR TIED.
MM INDICATES DATA IS MISSING.
T  INDICATES TRACE AMOUNT.




$$
