000
CDUS43 KSGF 010630
CLIUNO


CLIMATE REPORT
NATIONAL WEATHER SERVICE SPRINGFIELD MO
129 AM CDT FRI AUG 1 2014


...................................

...THE WEST PLAINS MO CLIMATE SUMMARY FOR JULY 31 2014...

CLIMATE NORMAL PERIOD 1981 TO 2010
CLIMATE RECORD PERIOD 1947 TO 2014


WEATHER ITEM   OBSERVED TIME   RECORD YEAR NORMAL DEPARTURE LAST
                VALUE   (LST)  VALUE       VALUE  FROM      YEAR
                                                  NORMAL
..................................................................
TEMPERATURE (F)
 YESTERDAY
  MAXIMUM         77    321 PM 102    1953  91    -14       88
  MINIMUM         60   1159 PM  47    1971  66     -6       69
  AVERAGE         69                        78     -9       79

PRECIPITATION (IN)
  YESTERDAY        T             1.41 1979   0.09  -0.09     0.09
  MONTH TO DATE    1.63                      3.55  -1.92     6.12
  SINCE JUN 1      6.86                      7.57  -0.71     9.79
  SINCE JAN 1     18.84                     26.84  -8.00    31.61

DEGREE DAYS
 HEATING
  YESTERDAY        0                         0      0        0
  MONTH TO DATE    2                         0      2        0
  SINCE JUN 1      4                         5     -1        9
  SINCE JUL 1      2                         0      2        0

 COOLING
  YESTERDAY        4                        13     -9       14
  MONTH TO DATE  234                       405   -171      274
  SINCE JUN 1    499                       671   -172      422
  SINCE JAN 1    649                       793   -144      534
..................................................................


WIND (MPH)
  HIGHEST WIND SPEED     9   HIGHEST WIND DIRECTION    SW (210)
  HIGHEST GUST SPEED    12   HIGHEST GUST DIRECTION    SE (150)
  AVERAGE WIND SPEED     3.5


SKY COVER
  AVERAGE SKY COVER 0.6


WEATHER CONDITIONS
 THE FOLLOWING WEATHER WAS RECORDED YESTERDAY.
  LIGHT RAIN
  FOG
  FOG W/VISIBILITY <= 1/4 MILE


RELATIVE HUMIDITY (PERCENT)
 HIGHEST    93          1200 AM
 LOWEST     64          1200 PM
 AVERAGE    79

..........................................................


THE WEST PLAINS MO CLIMATE NORMALS FOR TODAY
                         NORMAL    RECORD    YEAR
 MAXIMUM TEMPERATURE (F)   91       100      2012
                                             1953
 MINIMUM TEMPERATURE (F)   66        50      1971


SUNRISE AND SUNSET
AUGUST  1 2014........SUNRISE   613 AM CDT   SUNSET   814 PM CDT
AUGUST  2 2014........SUNRISE   614 AM CDT   SUNSET   813 PM CDT


-  INDICATES NEGATIVE NUMBERS.
R  INDICATES RECORD WAS SET OR TIED.
MM INDICATES DATA IS MISSING.
T  INDICATES TRACE AMOUNT.




$$
