000
CDUS43 KSGF 270651
CLIUNO


CLIMATE REPORT
NATIONAL WEATHER SERVICE SPRINGFIELD MO
149 AM CDT SAT MAY 27 2017


...................................

...THE WEST PLAINS MO CLIMATE SUMMARY FOR MAY 26 2017...

CLIMATE NORMAL PERIOD 1981 TO 2010
CLIMATE RECORD PERIOD 1947 TO 2017


WEATHER ITEM   OBSERVED TIME   RECORD YEAR NORMAL DEPARTURE LAST
                VALUE   (LST)  VALUE       VALUE  FROM      YEAR
                                                  NORMAL
..................................................................
TEMPERATURE (F)
 YESTERDAY
  MAXIMUM         77    418 PM  95    2012  79     -2       85
                                      1953
  MINIMUM         62    346 AM  38    1988  57      5       68
  AVERAGE         70                        68      2       77

PRECIPITATION (IN)
  YESTERDAY        0.00          1.62 1963   0.12  -0.12     0.03
  MONTH TO DATE    5.09                      4.25   0.84     4.94
  SINCE MAR 1     29.31                     13.02  16.29    10.17
  SINCE JAN 1     33.94                     18.58  15.36    12.81

DEGREE DAYS
 HEATING
  YESTERDAY        0                         1     -1        0
  MONTH TO DATE   84                        76      8      112
  SINCE MAR 1    675                       874   -199      692
  SINCE JUL 1   3324                      4338  -1014     3525

 COOLING
  YESTERDAY        5                         4      1       12
  MONTH TO DATE   65                        69     -4       40
  SINCE MAR 1     93                        97     -4       56
  SINCE JAN 1     94                        97     -3       56
..................................................................


WIND (MPH)
  HIGHEST WIND SPEED    16   HIGHEST WIND DIRECTION     S (200)
  HIGHEST GUST SPEED    23   HIGHEST GUST DIRECTION    SW (220)
  AVERAGE WIND SPEED     7.6


SKY COVER
  AVERAGE SKY COVER 0.6


WEATHER CONDITIONS
 THE FOLLOWING WEATHER WAS RECORDED YESTERDAY.
  THUNDERSTORM


RELATIVE HUMIDITY (PERCENT)
 HIGHEST    90           500 AM
 LOWEST     68          1000 AM
 AVERAGE    79

..........................................................


THE WEST PLAINS MO CLIMATE NORMALS FOR TODAY
                         NORMAL    RECORD    YEAR
 MAXIMUM TEMPERATURE (F)   79        92      2012
 MINIMUM TEMPERATURE (F)   58        33      1961


SUNRISE AND SUNSET
MAY 27 2017...........SUNRISE   552 AM CDT   SUNSET   818 PM CDT
MAY 28 2017...........SUNRISE   551 AM CDT   SUNSET   819 PM CDT


-  INDICATES NEGATIVE NUMBERS.
R  INDICATES RECORD WAS SET OR TIED.
MM INDICATES DATA IS MISSING.
T  INDICATES TRACE AMOUNT.




$$
