000
CDUS43 KSGF 270626
CLIUNO


CLIMATE REPORT
NATIONAL WEATHER SERVICE SPRINGFIELD MO
126 AM CDT WED MAY 27 2015


...................................

...THE WEST PLAINS MO CLIMATE SUMMARY FOR MAY 26 2015...

CLIMATE NORMAL PERIOD 1981 TO 2010
CLIMATE RECORD PERIOD 1947 TO 2015


WEATHER ITEM   OBSERVED TIME   RECORD YEAR NORMAL DEPARTURE LAST
                VALUE   (LST)  VALUE       VALUE  FROM      YEAR
                                                  NORMAL
..................................................................
TEMPERATURE (F)
 YESTERDAY
  MAXIMUM         76    459 PM  95    2012  79     -3       83
                                      1953
  MINIMUM         61    554 AM  38    1988  57      4       62
  AVERAGE         69                        68      1       73

PRECIPITATION (IN)
  YESTERDAY        0.01          1.62 1963   0.12  -0.11      T
  MONTH TO DATE    5.25                      4.25   1.00     2.78
  SINCE MAR 1     10.61                     13.02  -2.41    10.10
  SINCE JAN 1     15.29                     18.58  -3.29    11.95

DEGREE DAYS
 HEATING
  YESTERDAY        0                         1     -1        0
  MONTH TO DATE   71                        76     -5      105
  SINCE MAR 1    839                       874    -35     1059
  SINCE JUL 1   4636                      4338    298     4857

 COOLING
  YESTERDAY        4                         4      0        8
  MONTH TO DATE   75                        69      6      104
  SINCE MAR 1     91                        97     -6      113
  SINCE JAN 1     91                        97     -6      113
..................................................................


WIND (MPH)
  HIGHEST WIND SPEED    15   HIGHEST WIND DIRECTION    SW (230)
  HIGHEST GUST SPEED    23   HIGHEST GUST DIRECTION    SW (240)
  AVERAGE WIND SPEED     8.1


SKY COVER
  AVERAGE SKY COVER 0.4


WEATHER CONDITIONS
 THE FOLLOWING WEATHER WAS RECORDED YESTERDAY.
  LIGHT RAIN


RELATIVE HUMIDITY (PERCENT)
 HIGHEST    97           500 AM
 LOWEST     60           400 PM
 AVERAGE    79

..........................................................


THE WEST PLAINS MO CLIMATE NORMALS FOR TODAY
                         NORMAL    RECORD    YEAR
 MAXIMUM TEMPERATURE (F)   79        92      2012
 MINIMUM TEMPERATURE (F)   58        33      1961


SUNRISE AND SUNSET
MAY 27 2015...........SUNRISE   552 AM CDT   SUNSET   818 PM CDT
MAY 28 2015...........SUNRISE   552 AM CDT   SUNSET   819 PM CDT


-  INDICATES NEGATIVE NUMBERS.
R  INDICATES RECORD WAS SET OR TIED.
MM INDICATES DATA IS MISSING.
T  INDICATES TRACE AMOUNT.




$$
