000
CDUS43 KSGF 250645
CLIUNO


CLIMATE REPORT
NATIONAL WEATHER SERVICE SPRINGFIELD MO
1244 AM CST SAT FEB 25 2017


...................................

...THE WEST PLAINS MO CLIMATE SUMMARY FOR FEBRUARY 24 2017...

CLIMATE NORMAL PERIOD 1981 TO 2010
CLIMATE RECORD PERIOD 1947 TO 2017


WEATHER ITEM   OBSERVED TIME   RECORD YEAR NORMAL DEPARTURE LAST
                VALUE   (LST)  VALUE       VALUE  FROM      YEAR
                                                  NORMAL
..................................................................
TEMPERATURE (F)
 YESTERDAY
  MAXIMUM         63    206 AM  82    1996  52     11       42
  MINIMUM         34   1159 PM  10    1964  29      5       32
                                      1989
  AVERAGE         49                        40      9       37

PRECIPITATION (IN)
  YESTERDAY        0.00          1.77 2011   0.10  -0.10     0.50
  MONTH TO DATE    2.58                      2.43   0.15     1.71
  SINCE DEC 1      5.64                      8.79  -3.15    11.68
  SINCE JAN 1      4.62                      5.15  -0.53     2.64

DEGREE DAYS
 HEATING
  YESTERDAY       16                        25     -9       28
  MONTH TO DATE  396                       665   -269      569
  SINCE DEC 1   2055                      2517   -462     2103
  SINCE JUL 1   2575                      3369   -794     2738

 COOLING
  YESTERDAY        0                         0      0        0
  MONTH TO DATE    0                         0      0        0
  SINCE DEC 1      0                         0      0        0
  SINCE JAN 1      0                         0      0        0
..................................................................


WIND (MPH)
  HIGHEST WIND SPEED    23   HIGHEST WIND DIRECTION     W (290)
  HIGHEST GUST SPEED    32   HIGHEST GUST DIRECTION     W (290)
  AVERAGE WIND SPEED    11.9


SKY COVER
  AVERAGE SKY COVER 0.2


WEATHER CONDITIONS
 THE FOLLOWING WEATHER WAS RECORDED YESTERDAY.
  NO SIGNIFICANT WEATHER WAS OBSERVED.


RELATIVE HUMIDITY (PERCENT)
 HIGHEST    83          1100 AM
 LOWEST     48           400 PM
 AVERAGE    66

..........................................................


THE WEST PLAINS MO CLIMATE NORMALS FOR TODAY
                         NORMAL    RECORD    YEAR
 MAXIMUM TEMPERATURE (F)   52        78      1981
 MINIMUM TEMPERATURE (F)   29         5      1967


SUNRISE AND SUNSET
FEBRUARY 25 2017......SUNRISE   643 AM CST   SUNSET   558 PM CST
FEBRUARY 26 2017......SUNRISE   642 AM CST   SUNSET   559 PM CST


-  INDICATES NEGATIVE NUMBERS.
R  INDICATES RECORD WAS SET OR TIED.
MM INDICATES DATA IS MISSING.
T  INDICATES TRACE AMOUNT.




$$
