000
CDUS43 KSGF 202227
CLIUNO


CLIMATE REPORT
NATIONAL WEATHER SERVICE SPRINGFIELD MO
527 PM CDT FRI OCT 20 2017


...................................

...THE WEST PLAINS MO CLIMATE SUMMARY FOR OCTOBER 20 2017...
VALID TODAY AS OF 0500 PM LOCAL TIME.

CLIMATE NORMAL PERIOD 1981 TO 2010
CLIMATE RECORD PERIOD 1947 TO 2017


WEATHER ITEM   OBSERVED TIME   RECORD YEAR NORMAL DEPARTURE LAST
                VALUE   (LST)  VALUE       VALUE  FROM      YEAR
                                                  NORMAL
..................................................................
TEMPERATURE (F)
 TODAY
  MAXIMUM         74    132 PM  85    1963  68      6       67
  MINIMUM         45    653 AM  23    1972  44      1       47
  AVERAGE         60                        56      4       57

PRECIPITATION (IN)
  TODAY            0.00          2.20 1984   0.14  -0.14     0.34
  MONTH TO DATE    0.86                      2.48  -1.62     2.06
  SINCE SEP 1      1.37                      6.57  -5.20     3.41
  SINCE JAN 1     43.56                     36.64   6.92    35.53

DEGREE DAYS
 HEATING
  TODAY            5                         9     -4        8
  MONTH TO DATE   58                       140    -82       68
  SINCE SEP 1     63                       181   -118       78
  SINCE JUL 1     64                       182   -118       78

 COOLING
  TODAY            0                         0      0        0
  MONTH TO DATE   70                        20     50       56
  SINCE SEP 1    279                       176    103      282
  SINCE JAN 1   1380                      1348     32     1571
..................................................................


WIND (MPH)
  HIGHEST WIND SPEED    14   HIGHEST WIND DIRECTION     S (180)
  HIGHEST GUST SPEED    18   HIGHEST GUST DIRECTION    SW (220)


SKY COVER
  AVERAGE SKY COVER 0.0


WEATHER CONDITIONS
 THE FOLLOWING WEATHER WAS RECORDED TODAY.
  FOG


RELATIVE HUMIDITY (PERCENT)
 HIGHEST   100           600 AM
 LOWEST     49           200 PM
 AVERAGE    75

..........................................................


THE WEST PLAINS MO CLIMATE NORMALS FOR TOMORROW
                         NORMAL    RECORD    YEAR
 MAXIMUM TEMPERATURE (F)   68        87      1978
 MINIMUM TEMPERATURE (F)   44        22      1952


SUNRISE AND SUNSET
OCTOBER 20 2017.......SUNRISE   720 AM CDT   SUNSET   624 PM CDT
OCTOBER 21 2017.......SUNRISE   721 AM CDT   SUNSET   623 PM CDT


-  INDICATES NEGATIVE NUMBERS.
R  INDICATES RECORD WAS SET OR TIED.
MM INDICATES DATA IS MISSING.
T  INDICATES TRACE AMOUNT.




$$
