000
CDUS43 KSGF 262326
CLIUNO


CLIMATE REPORT
NATIONAL WEATHER SERVICE SPRINGFIELD MO
525 PM CST WED NOV 26 2014


...................................

...THE WEST PLAINS MO CLIMATE SUMMARY FOR NOVEMBER 26 2014...
VALID TODAY AS OF 0500 PM LOCAL TIME.

CLIMATE NORMAL PERIOD 1981 TO 2010
CLIMATE RECORD PERIOD 1947 TO 2014


WEATHER ITEM   OBSERVED TIME   RECORD YEAR NORMAL DEPARTURE LAST
                VALUE   (LST)  VALUE       VALUE  FROM      YEAR
                                                  NORMAL
..................................................................
TEMPERATURE (F)
 TODAY
  MAXIMUM         47    145 PM  77    1965  52     -5       47
  MINIMUM         23   1249 AM  11    1977  33    -10       24
  AVERAGE         35                        42     -7       36

PRECIPITATION (IN)
  TODAY            0.08          2.14 1984   0.16  -0.08      T
  MONTH TO DATE    2.32                      3.96  -1.64     4.50
  SINCE SEP 1     11.81                     11.89  -0.08     9.66
  SINCE JAN 1     33.43                     41.96  -8.53    51.89

DEGREE DAYS
 HEATING
  TODAY           30                        23      7       29
  MONTH TO DATE  671                       455    216      525
  SINCE SEP 1    941                       757    184      794
  SINCE JUL 1    943                       758    185      798

 COOLING
  TODAY            0                         0      0        0
  MONTH TO DATE    0                         0      0        0
  SINCE SEP 1    176                       180     -4      231
  SINCE JAN 1   1231                      1352   -121     1073
..................................................................


WIND (MPH)
  HIGHEST WIND SPEED    22   HIGHEST WIND DIRECTION    NW (330)
  HIGHEST GUST SPEED    30   HIGHEST GUST DIRECTION     W (280)


SKY COVER
  AVERAGE SKY COVER 0.6


WEATHER CONDITIONS
 THE FOLLOWING WEATHER WAS RECORDED TODAY.
  LIGHT RAIN
  SNOW
  LIGHT SNOW
  FOG


RELATIVE HUMIDITY (PERCENT)
 HIGHEST    89          1100 AM
 LOWEST     56           500 AM
 AVERAGE    73

..........................................................


THE WEST PLAINS MO CLIMATE NORMALS FOR TOMORROW
                         NORMAL    RECORD    YEAR
 MAXIMUM TEMPERATURE (F)   52        74      1960
 MINIMUM TEMPERATURE (F)   32         8      1975


SUNRISE AND SUNSET
NOVEMBER 26 2014......SUNRISE   657 AM CST   SUNSET   453 PM CST
NOVEMBER 27 2014......SUNRISE   658 AM CST   SUNSET   452 PM CST


-  INDICATES NEGATIVE NUMBERS.
R  INDICATES RECORD WAS SET OR TIED.
MM INDICATES DATA IS MISSING.
T  INDICATES TRACE AMOUNT.




$$
