845
CDUS43 KSGF 300630
CLIUNO


CLIMATE REPORT
NATIONAL WEATHER SERVICE SPRINGFIELD MO
130 AM CDT FRI SEP 30 2016


...................................

...THE WEST PLAINS MO CLIMATE SUMMARY FOR SEPTEMBER 29 2016...

CLIMATE NORMAL PERIOD 1981 TO 2010
CLIMATE RECORD PERIOD 1947 TO 2016


WEATHER ITEM   OBSERVED TIME   RECORD YEAR NORMAL DEPARTURE LAST
                VALUE   (LST)  VALUE       VALUE  FROM      YEAR
                                                  NORMAL
..................................................................
TEMPERATURE (F)
 YESTERDAY
  MAXIMUM         75    244 PM 101    1953  76     -1       82
  MINIMUM         50    601 AM  33    1967  51     -1       66
  AVERAGE         63                        63      0       74

PRECIPITATION (IN)
  YESTERDAY        0.00          0.98 1977   0.14  -0.14      T
  MONTH TO DATE    1.35                      3.95  -2.60     0.97
  SINCE SEP 1      1.35                      3.95  -2.60     0.97
  SINCE JAN 1     33.47                     34.02  -0.55    36.68

DEGREE DAYS
 HEATING
  YESTERDAY        2                         4     -2        0
  MONTH TO DATE    8                        35    -27       17
  SINCE SEP 1      8                        35    -27       17
  SINCE JUL 1      8                        36    -28       17

 COOLING
  YESTERDAY        0                         2     -2        9
  MONTH TO DATE  226                       154     72      192
  SINCE SEP 1    226                       154     72      192
  SINCE JAN 1   1515                      1326    189     1349
..................................................................


WIND (MPH)
  HIGHEST WIND SPEED    18   HIGHEST WIND DIRECTION    NW (330)
  HIGHEST GUST SPEED    26   HIGHEST GUST DIRECTION    NW (330)
  AVERAGE WIND SPEED     9.3


SKY COVER
  AVERAGE SKY COVER 0.0


WEATHER CONDITIONS
 THE FOLLOWING WEATHER WAS RECORDED YESTERDAY.
  NO SIGNIFICANT WEATHER WAS OBSERVED.


RELATIVE HUMIDITY (PERCENT)
 HIGHEST    86           600 AM
 LOWEST     38           200 PM
 AVERAGE    62

..........................................................


THE WEST PLAINS MO CLIMATE NORMALS FOR TODAY
                         NORMAL    RECORD    YEAR
 MAXIMUM TEMPERATURE (F)   75        92      1952
 MINIMUM TEMPERATURE (F)   50        31      1949


SUNRISE AND SUNSET
SEPTEMBER 30 2016.....SUNRISE   703 AM CDT   SUNSET   652 PM CDT
OCTOBER  1 2016.......SUNRISE   703 AM CDT   SUNSET   650 PM CDT


-  INDICATES NEGATIVE NUMBERS.
R  INDICATES RECORD WAS SET OR TIED.
MM INDICATES DATA IS MISSING.
T  INDICATES TRACE AMOUNT.




$$
