680
CDUS43 KSGF 100628
CLIUNO


CLIMATE REPORT
NATIONAL WEATHER SERVICE SPRINGFIELD MO
1228 AM CST WED FEB 10 2016


...................................

...THE WEST PLAINS MO CLIMATE SUMMARY FOR FEBRUARY 9 2016...

CLIMATE NORMAL PERIOD 1981 TO 2010
CLIMATE RECORD PERIOD 1947 TO 2016


WEATHER ITEM   OBSERVED TIME   RECORD YEAR NORMAL DEPARTURE LAST
                VALUE   (LST)  VALUE       VALUE  FROM      YEAR
                                                  NORMAL
..................................................................
TEMPERATURE (F)
 YESTERDAY
  MAXIMUM         33    355 PM  73    1954  48    -15       50
  MINIMUM         22   1159 PM  -4    1979  25     -3       32
  AVERAGE         28                        36     -8       41

PRECIPITATION (IN)
  YESTERDAY        0.00          5.14 1966   0.11  -0.11     0.00
  MONTH TO DATE    0.42                      0.86  -0.44     0.50
  SINCE DEC 1     10.39                      7.22   3.17     5.49
  SINCE JAN 1      1.35                      3.58  -2.23     2.52

DEGREE DAYS
 HEATING
  YESTERDAY       37                        29      8       24
  MONTH TO DATE  225                       265    -40      251
  SINCE DEC 1   1759                      2117   -358     2021
  SINCE JUL 1   2394                      2969   -575     3033

 COOLING
  YESTERDAY        0                         0      0        0
  MONTH TO DATE    0                         0      0        0
  SINCE DEC 1      0                         0      0        0
  SINCE JAN 1      0                         0      0        0
..................................................................


WIND (MPH)
  HIGHEST WIND SPEED    26   HIGHEST WIND DIRECTION    NW (320)
  HIGHEST GUST SPEED    38   HIGHEST GUST DIRECTION    NW (320)
  AVERAGE WIND SPEED    15.4


SKY COVER
  AVERAGE SKY COVER 0.4


WEATHER CONDITIONS
 THE FOLLOWING WEATHER WAS RECORDED YESTERDAY.
  NO SIGNIFICANT WEATHER WAS OBSERVED.


RELATIVE HUMIDITY (PERCENT)
 HIGHEST    63          1200 AM
 LOWEST     32           400 PM
 AVERAGE    48

..........................................................


THE WEST PLAINS MO CLIMATE NORMALS FOR TODAY
                         NORMAL    RECORD    YEAR
 MAXIMUM TEMPERATURE (F)   48        76      1976
 MINIMUM TEMPERATURE (F)   25        -2      2011


SUNRISE AND SUNSET
FEBRUARY 10 2016......SUNRISE   702 AM CST   SUNSET   542 PM CST
FEBRUARY 11 2016......SUNRISE   701 AM CST   SUNSET   543 PM CST


-  INDICATES NEGATIVE NUMBERS.
R  INDICATES RECORD WAS SET OR TIED.
MM INDICATES DATA IS MISSING.
T  INDICATES TRACE AMOUNT.




$$
