000
CDUS43 KSGF 280640
CLIUNO


CLIMATE REPORT
NATIONAL WEATHER SERVICE SPRINGFIELD MO
138 AM CDT SUN JUN 28 2015


...................................

...THE WEST PLAINS MO CLIMATE SUMMARY FOR JUNE 27 2015...

CLIMATE NORMAL PERIOD 1981 TO 2010
CLIMATE RECORD PERIOD 1947 TO 2015


WEATHER ITEM   OBSERVED TIME   RECORD YEAR NORMAL DEPARTURE LAST
                VALUE   (LST)  VALUE       VALUE  FROM      YEAR
                                                  NORMAL
..................................................................
TEMPERATURE (F)
 YESTERDAY
  MAXIMUM         80    445 PM 101    1952  87     -7       82
  MINIMUM         62   1159 PM  49    2003  66     -4       69
                                      1958
  AVERAGE         71                        76     -5       76

PRECIPITATION (IN)
  YESTERDAY        0.00          1.51 1960   0.13  -0.13     0.00
  MONTH TO DATE    4.69                      3.62   1.07     3.64
  SINCE JUN 1      4.69                      3.62   1.07     3.64
  SINCE JAN 1     22.30                     22.89  -0.59    15.62

DEGREE DAYS
 HEATING
  YESTERDAY        0                         0      0        0
  MONTH TO DATE    5                         4      1        2
  SINCE JUN 1      5                         4      1        2
  SINCE JUL 1   4642                      4346    296     4859

 COOLING
  YESTERDAY        6                        11     -5       11
  MONTH TO DATE  288                       231     57      228
  SINCE JUN 1    288                       231     57      228
  SINCE JAN 1    410                       353     57      378
..................................................................


WIND (MPH)
  HIGHEST WIND SPEED    16   HIGHEST WIND DIRECTION     N (10)
  HIGHEST GUST SPEED    20   HIGHEST GUST DIRECTION     N (360)
  AVERAGE WIND SPEED     6.8


SKY COVER
  AVERAGE SKY COVER 0.4


WEATHER CONDITIONS
 THE FOLLOWING WEATHER WAS RECORDED YESTERDAY.
  NO SIGNIFICANT WEATHER WAS OBSERVED.


RELATIVE HUMIDITY (PERCENT)
 HIGHEST    93           400 AM
 LOWEST     49           400 PM
 AVERAGE    71

..........................................................


THE WEST PLAINS MO CLIMATE NORMALS FOR TODAY
                         NORMAL    RECORD    YEAR
 MAXIMUM TEMPERATURE (F)   87       106      2012
 MINIMUM TEMPERATURE (F)   66        49      2003


SUNRISE AND SUNSET
JUNE 28 2015..........SUNRISE   551 AM CDT   SUNSET   831 PM CDT
JUNE 29 2015..........SUNRISE   551 AM CDT   SUNSET   831 PM CDT


-  INDICATES NEGATIVE NUMBERS.
R  INDICATES RECORD WAS SET OR TIED.
MM INDICATES DATA IS MISSING.
T  INDICATES TRACE AMOUNT.




$$
