000
CDUS43 KSGF 270631
CLIUNO


CLIMATE REPORT
NATIONAL WEATHER SERVICE SPRINGFIELD MO
131 AM CDT FRI MAR 27 2015


...................................

...THE WEST PLAINS MO CLIMATE SUMMARY FOR MARCH 26 2015...

CLIMATE NORMAL PERIOD 1981 TO 2010
CLIMATE RECORD PERIOD 1947 TO 2015


WEATHER ITEM   OBSERVED TIME   RECORD YEAR NORMAL DEPARTURE LAST
                VALUE   (LST)  VALUE       VALUE  FROM      YEAR
                                                  NORMAL
..................................................................
TEMPERATURE (F)
 YESTERDAY
  MAXIMUM         53        MM  82    1956  63    -10       51
  MINIMUM         34        MM   7    1955  39     -5       20
  AVERAGE         44                        51     -7       36

PRECIPITATION (IN)
  YESTERDAY        0.36          0.88 2002   0.15   0.21     0.06
  MONTH TO DATE    3.95                      3.46   0.49     2.74
  SINCE MAR 1      3.95                      3.46   0.49     2.74
  SINCE JAN 1      8.63                      9.02  -0.39     4.59

DEGREE DAYS
 HEATING
  YESTERDAY       21                        14      7       29
  MONTH TO DATE  476                       480     -4      626
  SINCE MAR 1    476                       480     -4      626
  SINCE JUL 1   4273                      3944    329     4424

 COOLING
  YESTERDAY        0                         0      0        0
  MONTH TO DATE    0                         0      0        0
  SINCE MAR 1      0                         0      0        0
  SINCE JAN 1      0                         0      0        0
..................................................................


WIND (MPH)
  HIGHEST WIND SPEED    MM   HIGHEST WIND DIRECTION    MM
  HIGHEST GUST SPEED    MM   HIGHEST GUST DIRECTION    MM
  AVERAGE WIND SPEED    MM


SKY COVER
  AVERAGE SKY COVER 0.5


WEATHER CONDITIONS
 THE FOLLOWING WEATHER WAS RECORDED YESTERDAY.
  THUNDERSTORM
  RAIN
  LIGHT RAIN
  FOG


RELATIVE HUMIDITY (PERCENT)
 HIGHEST    96           100 AM
 LOWEST     36           600 PM
 AVERAGE    66

..........................................................


THE WEST PLAINS MO CLIMATE NORMALS FOR TODAY
                         NORMAL    RECORD    YEAR
 MAXIMUM TEMPERATURE (F)   64        81      1991
 MINIMUM TEMPERATURE (F)   39        14      1955


SUNRISE AND SUNSET
MARCH 27 2015.........SUNRISE   701 AM CDT   SUNSET   725 PM CDT
MARCH 28 2015.........SUNRISE   700 AM CDT   SUNSET   726 PM CDT


-  INDICATES NEGATIVE NUMBERS.
R  INDICATES RECORD WAS SET OR TIED.
MM INDICATES DATA IS MISSING.
T  INDICATES TRACE AMOUNT.




$$
