000
CDUS43 KSGF 200633
CLIUNO


CLIMATE REPORT
NATIONAL WEATHER SERVICE SPRINGFIELD MO
1232 AM CST MON NOV 20 2017


...................................

...THE WEST PLAINS MO CLIMATE SUMMARY FOR NOVEMBER 19 2017...

CLIMATE NORMAL PERIOD 1981 TO 2010
CLIMATE RECORD PERIOD 1947 TO 2017


WEATHER ITEM   OBSERVED TIME   RECORD YEAR NORMAL DEPARTURE LAST
                VALUE   (LST)  VALUE       VALUE  FROM      YEAR
                                                  NORMAL
..................................................................
TEMPERATURE (F)
 YESTERDAY
  MAXIMUM         51    226 PM  77    1979  55     -4       51
  MINIMUM         29    849 PM  14    1951  35     -6       31
  AVERAGE         40                        45     -5       41

PRECIPITATION (IN)
  YESTERDAY        0.00          4.01 1985   0.16  -0.16     0.00
  MONTH TO DATE    0.45                      2.85  -2.40     0.40
  SINCE SEP 1      2.66                     10.78  -8.12     3.81
  SINCE JAN 1     44.85                     40.85   4.00    35.93

DEGREE DAYS
 HEATING
  YESTERDAY       25                        20      5       24
  MONTH TO DATE  268                       305    -37      183
  SINCE SEP 1    495                       607   -112      295
  SINCE JUL 1    496                       608   -112      295

 COOLING
  YESTERDAY        0                         0      0        0
  MONTH TO DATE    6                         0      6       16
  SINCE SEP 1    288                       180    108      315
  SINCE JAN 1   1389                      1352     37     1604
..................................................................


WIND (MPH)
  HIGHEST WIND SPEED    20   HIGHEST WIND DIRECTION    NW (320)
  HIGHEST GUST SPEED    26   HIGHEST GUST DIRECTION     N (340)
  AVERAGE WIND SPEED     7.7


SKY COVER
  AVERAGE SKY COVER 0.0


WEATHER CONDITIONS
 THE FOLLOWING WEATHER WAS RECORDED YESTERDAY.
  NO SIGNIFICANT WEATHER WAS OBSERVED.


RELATIVE HUMIDITY (PERCENT)
 HIGHEST    69           900 PM
 LOWEST     26           200 PM
 AVERAGE    48

..........................................................


THE WEST PLAINS MO CLIMATE NORMALS FOR TODAY
                         NORMAL    RECORD    YEAR
 MAXIMUM TEMPERATURE (F)   55        75      1982
 MINIMUM TEMPERATURE (F)   35        16      1951


SUNRISE AND SUNSET
NOVEMBER 20 2017......SUNRISE   651 AM CST   SUNSET   455 PM CST
NOVEMBER 21 2017......SUNRISE   652 AM CST   SUNSET   454 PM CST


-  INDICATES NEGATIVE NUMBERS.
R  INDICATES RECORD WAS SET OR TIED.
MM INDICATES DATA IS MISSING.
T  INDICATES TRACE AMOUNT.




$$
