000
CDUS43 KSGF 010629
CLIUNO


CLIMATE REPORT
NATIONAL WEATHER SERVICE SPRINGFIELD MO
1229 AM CST SUN MAR 1 2015


...................................

...THE WEST PLAINS MO CLIMATE SUMMARY FOR FEBRUARY 28 2015...

CLIMATE NORMAL PERIOD 1981 TO 2010
CLIMATE RECORD PERIOD 1947 TO 2015


WEATHER ITEM   OBSERVED TIME   RECORD YEAR NORMAL DEPARTURE LAST
                VALUE   (LST)  VALUE       VALUE  FROM      YEAR
                                                  NORMAL
..................................................................
TEMPERATURE (F)
 YESTERDAY
  MAXIMUM         27   1159 PM  77    1955  53    -26       47
  MINIMUM         18    807 AM  12    2002  30    -12       21
  AVERAGE         23                        42    -19       34

PRECIPITATION (IN)
  YESTERDAY        0.30          0.70 1963   0.10   0.20      T
  MONTH TO DATE    2.66                      2.84  -0.18     0.25
  SINCE DEC 1      7.65                      9.20  -1.55     4.16
  SINCE JAN 1      4.68                      5.56  -0.88     1.85

DEGREE DAYS
 HEATING
  YESTERDAY       42                        23     19       31
  MONTH TO DATE 1015                       760    255      938
  SINCE DEC 1   2785                      2612    173     2886
  SINCE JUL 1   3797                      3464    333     3798

 COOLING
  YESTERDAY        0                         0      0        0
  MONTH TO DATE    0                         0      0        0
  SINCE DEC 1      0                         0      0        0
  SINCE JAN 1      0                         0      0        0
..................................................................


WIND (MPH)
  HIGHEST WIND SPEED    12   HIGHEST WIND DIRECTION    SE (120)
  HIGHEST GUST SPEED    14   HIGHEST GUST DIRECTION    SE (130)
  AVERAGE WIND SPEED     6.5


SKY COVER
  AVERAGE SKY COVER 1.0


WEATHER CONDITIONS
 THE FOLLOWING WEATHER WAS RECORDED YESTERDAY.
  FREEZING RAIN
  LT FREEZING RAIN
  SNOW
  LIGHT SNOW
  FOG


RELATIVE HUMIDITY (PERCENT)
 HIGHEST    88           200 PM
 LOWEST     56           300 AM
 AVERAGE    72

..........................................................


THE WEST PLAINS MO CLIMATE NORMALS FOR TODAY
                         NORMAL    RECORD    YEAR
 MAXIMUM TEMPERATURE (F)   54        77      2006
 MINIMUM TEMPERATURE (F)   30         9      1962


SUNRISE AND SUNSET
MARCH  1 2015.........SUNRISE   639 AM CST   SUNSET   602 PM CST
MARCH  2 2015.........SUNRISE   637 AM CST   SUNSET   603 PM CST


-  INDICATES NEGATIVE NUMBERS.
R  INDICATES RECORD WAS SET OR TIED.
MM INDICATES DATA IS MISSING.
T  INDICATES TRACE AMOUNT.




$$
