000
CDUS43 KSGF 312135
CLIUNO


CLIMATE REPORT
NATIONAL WEATHER SERVICE SPRINGFIELD MO
435 PM CDT SUN MAY 31 2015


...................................

...THE WEST PLAINS MO CLIMATE SUMMARY FOR MAY 31 2015...
VALID AS OF 0400 PM LOCAL TIME.

CLIMATE NORMAL PERIOD 1981 TO 2010
CLIMATE RECORD PERIOD 1947 TO 2015


WEATHER ITEM   OBSERVED TIME   RECORD YEAR NORMAL DEPARTURE LAST
                VALUE   (LST)  VALUE       VALUE  FROM      YEAR
                                                  NORMAL
..................................................................
TEMPERATURE (F)
 TODAY
  MAXIMUM         70    151 PM  94    1953  80    -10       82
  MINIMUM         61    624 AM  39    1984  59      2       64
  AVERAGE         66                        70     -4       73

PRECIPITATION (IN)
  TODAY            T             1.59 1980   0.15  -0.15     0.00
  MONTH TO DATE    7.57                      4.94   2.63     2.81
  SINCE MAR 1     12.93                     13.71  -0.78    10.13
  SINCE JAN 1     17.61                     19.27  -1.66    11.98

DEGREE DAYS
 HEATING
  TODAY            0                         1     -1        0
  MONTH TO DATE   71                        81    -10      105
  SINCE MAR 1    839                       878    -39     1059
  SINCE JUL 1   4636                      4342    294     4857

 COOLING
  TODAY            1                         5     -4        8
  MONTH TO DATE  107                        94     13      141
  SINCE MAR 1    123                       122      1      150
  SINCE JAN 1    123                       122      1      150
..................................................................


WIND (MPH)
  HIGHEST WIND SPEED    10   HIGHEST WIND DIRECTION     N (20)
  HIGHEST GUST SPEED    12   HIGHEST GUST DIRECTION    NE (30)


SKY COVER
  AVERAGE SKY COVER 1.0


WEATHER CONDITIONS
 THE FOLLOWING WEATHER WAS RECORDED TODAY.
  LIGHT RAIN
  FOG


RELATIVE HUMIDITY (PERCENT)
 HIGHEST    90          1200 AM
 LOWEST     70           200 PM
 AVERAGE    80

..........................................................


THE WEST PLAINS MO CLIMATE NORMALS FOR TOMORROW
                         NORMAL    RECORD    YEAR
 MAXIMUM TEMPERATURE (F)   81        94      1951
 MINIMUM TEMPERATURE (F)   59        39      1972


SUNRISE AND SUNSET
MAY 31 2015...........SUNRISE   550 AM CDT   SUNSET   821 PM CDT
JUNE  1 2015..........SUNRISE   550 AM CDT   SUNSET   821 PM CDT


-  INDICATES NEGATIVE NUMBERS.
R  INDICATES RECORD WAS SET OR TIED.
MM INDICATES DATA IS MISSING.
T  INDICATES TRACE AMOUNT.




$$
