000
CDUS43 KSGF 172128
CLIUNO


CLIMATE REPORT
NATIONAL WEATHER SERVICE SPRINGFIELD MO
428 PM CDT MON JUL 17 2017


...................................

...THE WEST PLAINS MO CLIMATE SUMMARY FOR JULY 17 2017...
VALID AS OF 0400 PM LOCAL TIME.

CLIMATE NORMAL PERIOD 1981 TO 2010
CLIMATE RECORD PERIOD 1947 TO 2017


WEATHER ITEM   OBSERVED TIME   RECORD YEAR NORMAL DEPARTURE LAST
                VALUE   (LST)  VALUE       VALUE  FROM      YEAR
                                                  NORMAL
..................................................................
TEMPERATURE (F)
 TODAY
  MAXIMUM         93   1249 PM 103    1980  90      3       91
  MINIMUM         64    504 AM  53    2014  67     -3       72
  AVERAGE         79                        78      1       82

PRECIPITATION (IN)
  TODAY            0.00          2.22 2007   0.11  -0.11     0.00
  MONTH TO DATE    2.13                      2.05   0.08     2.93
  SINCE JUN 1      3.80                      6.07  -2.27     7.34
  SINCE JAN 1     39.21                     25.34  13.87    22.08

DEGREE DAYS
 HEATING
  TODAY            0                         0      0        0
  MONTH TO DATE    0                         0      0        0
  SINCE JUN 1      0                         5     -5        0
  SINCE JUL 1      0                         0      0        0

 COOLING
  TODAY           14                        13      1       17
  MONTH TO DATE  226                       217      9      221
  SINCE JUN 1    480                       483     -3      571
  SINCE JAN 1    602                       605     -3      664
..................................................................


WIND (MPH)
  HIGHEST WIND SPEED     8   HIGHEST WIND DIRECTION     S (190)
  HIGHEST GUST SPEED    12   HIGHEST GUST DIRECTION     S (190)


SKY COVER
  AVERAGE SKY COVER 0.1


WEATHER CONDITIONS
 THE FOLLOWING WEATHER WAS RECORDED TODAY.
  NO SIGNIFICANT WEATHER WAS OBSERVED.


RELATIVE HUMIDITY (PERCENT)
 HIGHEST    93           500 AM
 LOWEST     44          1200 PM
 AVERAGE    69

..........................................................


THE WEST PLAINS MO CLIMATE NORMALS FOR TOMORROW
                         NORMAL    RECORD    YEAR
 MAXIMUM TEMPERATURE (F)   90       102      1980
 MINIMUM TEMPERATURE (F)   67        54      2009
                                             1985


SUNRISE AND SUNSET
JULY 17 2017..........SUNRISE   602 AM CDT   SUNSET   826 PM CDT
JULY 18 2017..........SUNRISE   602 AM CDT   SUNSET   825 PM CDT


-  INDICATES NEGATIVE NUMBERS.
R  INDICATES RECORD WAS SET OR TIED.
MM INDICATES DATA IS MISSING.
T  INDICATES TRACE AMOUNT.




$$
