000
CDUS43 KSGF 040632
CLIUNO


CLIMATE REPORT
NATIONAL WEATHER SERVICE SPRINGFIELD MO
1228 AM CST WED MAR 4 2015


...................................

...THE WEST PLAINS MO CLIMATE SUMMARY FOR MARCH 3 2015...

CLIMATE NORMAL PERIOD 1981 TO 2010
CLIMATE RECORD PERIOD 1947 TO 2015


WEATHER ITEM   OBSERVED TIME   RECORD YEAR NORMAL DEPARTURE LAST
                VALUE   (LST)  VALUE       VALUE  FROM      YEAR
                                                  NORMAL
..................................................................
TEMPERATURE (F)
 YESTERDAY
  MAXIMUM         52    246 PM  81    1974  55     -3       26
  MINIMUM         30    318 AM   2    2014  31     -1        2
  AVERAGE         41                        43     -2       14

PRECIPITATION (IN)
  YESTERDAY        0.22          2.43 2008   0.10   0.12     0.33
  MONTH TO DATE    0.36                      0.29   0.07     1.08
  SINCE MAR 1      0.36                      0.29   0.07     1.08
  SINCE JAN 1      5.04                      5.85  -0.81     2.93

DEGREE DAYS
 HEATING
  YESTERDAY       24                        22      2       51
  MONTH TO DATE   92                        68     24      112
  SINCE MAR 1     92                        68     24      112
  SINCE JUL 1   3889                      3532    357     3910

 COOLING
  YESTERDAY        0                         0      0        0
  MONTH TO DATE    0                         0      0        0
  SINCE MAR 1      0                         0      0        0
  SINCE JAN 1      0                         0      0        0
..................................................................


WIND (MPH)
  HIGHEST WIND SPEED    15   HIGHEST WIND DIRECTION    SW (210)
  HIGHEST GUST SPEED    22   HIGHEST GUST DIRECTION     S (200)
  AVERAGE WIND SPEED     6.3


SKY COVER
  AVERAGE SKY COVER 1.0


WEATHER CONDITIONS
 THE FOLLOWING WEATHER WAS RECORDED YESTERDAY.
  RAIN
  LIGHT RAIN
  FOG
  FOG W/VISIBILITY <= 1/4 MILE
  HAZE


RELATIVE HUMIDITY (PERCENT)
 HIGHEST   100           800 AM
 LOWEST     72          1200 AM
 AVERAGE    86

..........................................................


THE WEST PLAINS MO CLIMATE NORMALS FOR TODAY
                         NORMAL    RECORD    YEAR
 MAXIMUM TEMPERATURE (F)   55        80      1955
 MINIMUM TEMPERATURE (F)   31         4      2014


SUNRISE AND SUNSET
MARCH  4 2015.........SUNRISE   635 AM CST   SUNSET   605 PM CST
MARCH  5 2015.........SUNRISE   633 AM CST   SUNSET   606 PM CST


-  INDICATES NEGATIVE NUMBERS.
R  INDICATES RECORD WAS SET OR TIED.
MM INDICATES DATA IS MISSING.
T  INDICATES TRACE AMOUNT.




$$
