000
CDUS43 KSGF 140626
CLIUNO


CLIMATE REPORT
NATIONAL WEATHER SERVICE SPRINGFIELD MO
126 AM CDT THU SEP 14 2017


...................................

...THE WEST PLAINS MO CLIMATE SUMMARY FOR SEPTEMBER 13 2017...

CLIMATE NORMAL PERIOD 1981 TO 2010
CLIMATE RECORD PERIOD 1947 TO 2017


WEATHER ITEM   OBSERVED TIME   RECORD YEAR NORMAL DEPARTURE LAST
                VALUE   (LST)  VALUE       VALUE  FROM      YEAR
                                                  NORMAL
..................................................................
TEMPERATURE (F)
 YESTERDAY
  MAXIMUM         86    300 PM  96    1980  82      4       87
  MINIMUM         57   1159 PM  42    1955  58     -1       60
                                      1960
                                      1964
  AVERAGE         72                        70      2       74

PRECIPITATION (IN)
  YESTERDAY        0.00          1.16 1978   0.14  -0.14     0.00
  MONTH TO DATE    0.06                      1.92  -1.86     1.26
  SINCE SEP 1      0.06                      1.92  -1.86     1.26
  SINCE JAN 1     42.25                     31.99  10.26    33.38

DEGREE DAYS
 HEATING
  YESTERDAY        0                         1     -1        0
  MONTH TO DATE    5                         1      4        0
  SINCE SEP 1      5                         1      4        0
  SINCE JUL 1      6                         2      4        0

 COOLING
  YESTERDAY        7                         6      1        9
  MONTH TO DATE   55                       100    -45      112
  SINCE SEP 1     55                       100    -45      112
  SINCE JAN 1   1156                      1272   -116     1401
..................................................................


WIND (MPH)
  HIGHEST WIND SPEED    15   HIGHEST WIND DIRECTION    NW (320)
  HIGHEST GUST SPEED    18   HIGHEST GUST DIRECTION    NW (310)
  AVERAGE WIND SPEED     4.7


SKY COVER
  AVERAGE SKY COVER 0.4


WEATHER CONDITIONS
 THE FOLLOWING WEATHER WAS RECORDED YESTERDAY.
  NO SIGNIFICANT WEATHER WAS OBSERVED.


RELATIVE HUMIDITY (PERCENT)
 HIGHEST    93          1100 PM
 LOWEST     25           400 PM
 AVERAGE    59

..........................................................


THE WEST PLAINS MO CLIMATE NORMALS FOR TODAY
                         NORMAL    RECORD    YEAR
 MAXIMUM TEMPERATURE (F)   81        99      1954
 MINIMUM TEMPERATURE (F)   58        45      2014
                                             1999


SUNRISE AND SUNSET
SEPTEMBER 14 2017.....SUNRISE   649 AM CDT   SUNSET   716 PM CDT
SEPTEMBER 15 2017.....SUNRISE   650 AM CDT   SUNSET   715 PM CDT


-  INDICATES NEGATIVE NUMBERS.
R  INDICATES RECORD WAS SET OR TIED.
MM INDICATES DATA IS MISSING.
T  INDICATES TRACE AMOUNT.




$$
