069
CDUS43 KSGF 220627
CLIUNO


CLIMATE REPORT
NATIONAL WEATHER SERVICE SPRINGFIELD MO
1227 AM CST WED NOV 22 2017


...................................

...THE WEST PLAINS MO CLIMATE SUMMARY FOR NOVEMBER 21 2017...

CLIMATE NORMAL PERIOD 1981 TO 2010
CLIMATE RECORD PERIOD 1947 TO 2017


WEATHER ITEM   OBSERVED TIME   RECORD YEAR NORMAL DEPARTURE LAST
                VALUE   (LST)  VALUE       VALUE  FROM      YEAR
                                                  NORMAL
..................................................................
TEMPERATURE (F)
 YESTERDAY
  MAXIMUM         63    205 PM  77    1989  54      9       58
  MINIMUM         36   1159 PM  10    1964  35      1       28
  AVERAGE         50                        44      6       43

PRECIPITATION (IN)
  YESTERDAY        0.00          3.01 2013   0.15  -0.15     0.00
  MONTH TO DATE    0.45                      3.16  -2.71     0.40
  SINCE SEP 1      2.66                     11.09  -8.43     3.81
  SINCE JAN 1     44.85                     41.16   3.69    35.93

DEGREE DAYS
 HEATING
  YESTERDAY       15                        21     -6       22
  MONTH TO DATE  303                       346    -43      231
  SINCE SEP 1    530                       648   -118      343
  SINCE JUL 1    531                       649   -118      343

 COOLING
  YESTERDAY        0                         0      0        0
  MONTH TO DATE    6                         0      6       16
  SINCE SEP 1    288                       180    108      315
  SINCE JAN 1   1389                      1352     37     1604
..................................................................


WIND (MPH)
  HIGHEST WIND SPEED    17   HIGHEST WIND DIRECTION     N (10)
  HIGHEST GUST SPEED    24   HIGHEST GUST DIRECTION     N (360)
  AVERAGE WIND SPEED     8.1


SKY COVER
  AVERAGE SKY COVER 0.0


WEATHER CONDITIONS
 THE FOLLOWING WEATHER WAS RECORDED YESTERDAY.
  NO SIGNIFICANT WEATHER WAS OBSERVED.


RELATIVE HUMIDITY (PERCENT)
 HIGHEST    70           500 AM
 LOWEST     36           100 PM
 AVERAGE    53

..........................................................


THE WEST PLAINS MO CLIMATE NORMALS FOR TODAY
                         NORMAL    RECORD    YEAR
 MAXIMUM TEMPERATURE (F)   54        75      1973
 MINIMUM TEMPERATURE (F)   34         8      1964


SUNRISE AND SUNSET
NOVEMBER 22 2017......SUNRISE   653 AM CST   SUNSET   454 PM CST
NOVEMBER 23 2017......SUNRISE   654 AM CST   SUNSET   454 PM CST


-  INDICATES NEGATIVE NUMBERS.
R  INDICATES RECORD WAS SET OR TIED.
MM INDICATES DATA IS MISSING.
T  INDICATES TRACE AMOUNT.




$$
