000
CDUS43 KSGF 030630
CLIUNO


CLIMATE REPORT
NATIONAL WEATHER SERVICE SPRINGFIELD MO
128 AM CDT MON AUG 3 2015


...................................

...THE WEST PLAINS MO CLIMATE SUMMARY FOR AUGUST 2 2015...

CLIMATE NORMAL PERIOD 1981 TO 2010
CLIMATE RECORD PERIOD 1947 TO 2015


WEATHER ITEM   OBSERVED TIME   RECORD YEAR NORMAL DEPARTURE LAST
                VALUE   (LST)  VALUE       VALUE  FROM      YEAR
                                                  NORMAL
..................................................................
TEMPERATURE (F)
 YESTERDAY
  MAXIMUM         91    233 PM 104    2011  91      0       85
  MINIMUM         66    507 AM  55    1971  66      0       61
  AVERAGE         79                        78      1       73

PRECIPITATION (IN)
  YESTERDAY        0.00          1.59 1996   0.11  -0.11     0.03
  MONTH TO DATE    0.00                      0.24  -0.24     0.03
  SINCE JUN 1     13.58                      7.81   5.77     6.89
  SINCE JAN 1     31.19                     27.08   4.11    18.87

DEGREE DAYS
 HEATING
  YESTERDAY        0                         0      0        0
  MONTH TO DATE    0                         0      0        0
  SINCE JUN 1      5                         5      0        4
  SINCE JUL 1      0                         0      0        2

 COOLING
  YESTERDAY       14                        13      1        8
  MONTH TO DATE   27                        26      1       13
  SINCE JUN 1    786                       697     89      512
  SINCE JAN 1    908                       819     89      662
..................................................................


WIND (MPH)
  HIGHEST WIND SPEED    10   HIGHEST WIND DIRECTION     W (250)
  HIGHEST GUST SPEED    14   HIGHEST GUST DIRECTION     W (250)
  AVERAGE WIND SPEED     3.3


SKY COVER
  AVERAGE SKY COVER 0.0


WEATHER CONDITIONS
 THE FOLLOWING WEATHER WAS RECORDED YESTERDAY.
  NO SIGNIFICANT WEATHER WAS OBSERVED.


RELATIVE HUMIDITY (PERCENT)
 HIGHEST    93           500 AM
 LOWEST     44           100 PM
 AVERAGE    69

..........................................................


THE WEST PLAINS MO CLIMATE NORMALS FOR TODAY
                         NORMAL    RECORD    YEAR
 MAXIMUM TEMPERATURE (F)   91       108      2011
 MINIMUM TEMPERATURE (F)   66        51      1950


SUNRISE AND SUNSET
AUGUST  3 2015........SUNRISE   615 AM CDT   SUNSET   813 PM CDT
AUGUST  4 2015........SUNRISE   615 AM CDT   SUNSET   812 PM CDT


-  INDICATES NEGATIVE NUMBERS.
R  INDICATES RECORD WAS SET OR TIED.
MM INDICATES DATA IS MISSING.
T  INDICATES TRACE AMOUNT.




$$
