000
CDUS43 KSGF 290628
CLIUNO


CLIMATE REPORT
NATIONAL WEATHER SERVICE SPRINGFIELD MO
128 AM CDT SUN MAR 29 2015


...................................

...THE WEST PLAINS MO CLIMATE SUMMARY FOR MARCH 28 2015...

CLIMATE NORMAL PERIOD 1981 TO 2010
CLIMATE RECORD PERIOD 1947 TO 2015


WEATHER ITEM   OBSERVED TIME   RECORD YEAR NORMAL DEPARTURE LAST
                VALUE   (LST)  VALUE       VALUE  FROM      YEAR
                                                  NORMAL
..................................................................
TEMPERATURE (F)
 YESTERDAY
  MAXIMUM         38    544 PM  85    1985  64    -26       63
  MINIMUM         31   1159 PM  22    1966  40     -9       39
  AVERAGE         35                        52    -17       51

PRECIPITATION (IN)
  YESTERDAY        0.07          1.29 1975   0.16  -0.09     0.32
  MONTH TO DATE    4.03                      3.78   0.25     3.17
  SINCE MAR 1      4.03                      3.78   0.25     3.17
  SINCE JAN 1      8.71                      9.34  -0.63     5.02

DEGREE DAYS
 HEATING
  YESTERDAY       30                        13     17       14
  MONTH TO DATE  529                       507     22      654
  SINCE MAR 1    529                       507     22      654
  SINCE JUL 1   4326                      3971    355     4452

 COOLING
  YESTERDAY        0                         0      0        0
  MONTH TO DATE    0                         0      0        0
  SINCE MAR 1      0                         0      0        0
  SINCE JAN 1      0                         0      0        0
..................................................................


WIND (MPH)
  HIGHEST WIND SPEED    13   HIGHEST WIND DIRECTION    SE (120)
  HIGHEST GUST SPEED    15   HIGHEST GUST DIRECTION    SE (130)
  AVERAGE WIND SPEED     6.3


SKY COVER
  AVERAGE SKY COVER 1.0


WEATHER CONDITIONS
 THE FOLLOWING WEATHER WAS RECORDED YESTERDAY.
  LIGHT SNOW
  FOG


RELATIVE HUMIDITY (PERCENT)
 HIGHEST    92           800 AM
 LOWEST     52          1200 AM
 AVERAGE    72

..........................................................


THE WEST PLAINS MO CLIMATE NORMALS FOR TODAY
                         NORMAL    RECORD    YEAR
 MAXIMUM TEMPERATURE (F)   64        88      1968
 MINIMUM TEMPERATURE (F)   40        20      1955
                                             1964


SUNRISE AND SUNSET
MARCH 29 2015.........SUNRISE   658 AM CDT   SUNSET   727 PM CDT
MARCH 30 2015.........SUNRISE   657 AM CDT   SUNSET   728 PM CDT


-  INDICATES NEGATIVE NUMBERS.
R  INDICATES RECORD WAS SET OR TIED.
MM INDICATES DATA IS MISSING.
T  INDICATES TRACE AMOUNT.




$$
