000
CDUS43 KSGF 190625
CLIUNO


CLIMATE REPORT
NATIONAL WEATHER SERVICE SPRINGFIELD MO
125 AM CDT FRI SEP 19 2014


...................................

...THE WEST PLAINS MO CLIMATE SUMMARY FOR SEPTEMBER 18 2014...

CLIMATE NORMAL PERIOD 1981 TO 2010
CLIMATE RECORD PERIOD 1947 TO 2014


WEATHER ITEM   OBSERVED TIME   RECORD YEAR NORMAL DEPARTURE LAST
                VALUE   (LST)  VALUE       VALUE  FROM      YEAR
                                                  NORMAL
..................................................................
TEMPERATURE (F)
 YESTERDAY
  MAXIMUM         68    443 PM  96    1972  80    -12       84
  MINIMUM         56   1159 PM  41    1981  56      0       69
  AVERAGE         62                        68     -6       77

PRECIPITATION (IN)
  YESTERDAY        0.00          1.58 1949   0.12  -0.12     0.00
  MONTH TO DATE    2.12                      2.53  -0.41     0.29
  SINCE SEP 1      2.12                      2.53  -0.41     0.29
  SINCE JAN 1     23.74                     32.60  -8.86    42.52

DEGREE DAYS
 HEATING
  YESTERDAY        3                         1      2        0
  MONTH TO DATE   29                         6     23        4
  SINCE SEP 1     29                         6     23        4
  SINCE JUL 1     31                         7     24        8

 COOLING
  YESTERDAY        0                         4     -4       12
  MONTH TO DATE  106                       123    -17      162
  SINCE SEP 1    106                       123    -17      162
  SINCE JAN 1   1161                      1295   -134     1004
..................................................................


WIND (MPH)
  HIGHEST WIND SPEED    12   HIGHEST WIND DIRECTION     E (80)
  HIGHEST GUST SPEED    16   HIGHEST GUST DIRECTION     E (70)
  AVERAGE WIND SPEED     3.7


SKY COVER
  AVERAGE SKY COVER 0.9


WEATHER CONDITIONS
 THE FOLLOWING WEATHER WAS RECORDED YESTERDAY.
  FOG
  FOG W/VISIBILITY <= 1/4 MILE


RELATIVE HUMIDITY (PERCENT)
 HIGHEST    97          1200 AM
 LOWEST     81           200 PM
 AVERAGE    89

..........................................................


THE WEST PLAINS MO CLIMATE NORMALS FOR TODAY
                         NORMAL    RECORD    YEAR
 MAXIMUM TEMPERATURE (F)   79        97      1954
 MINIMUM TEMPERATURE (F)   56        40      1981


SUNRISE AND SUNSET
SEPTEMBER 19 2014.....SUNRISE   653 AM CDT   SUNSET   709 PM CDT
SEPTEMBER 20 2014.....SUNRISE   654 AM CDT   SUNSET   708 PM CDT


-  INDICATES NEGATIVE NUMBERS.
R  INDICATES RECORD WAS SET OR TIED.
MM INDICATES DATA IS MISSING.
T  INDICATES TRACE AMOUNT.




$$
