000
CDUS43 KSGF 250645
CLIUNO


CLIMATE REPORT
NATIONAL WEATHER SERVICE SPRINGFIELD MO
145 AM CDT MON SEP 25 2017


...................................

...THE WEST PLAINS MO CLIMATE SUMMARY FOR SEPTEMBER 24 2017...

CLIMATE NORMAL PERIOD 1981 TO 2010
CLIMATE RECORD PERIOD 1947 TO 2017


WEATHER ITEM   OBSERVED TIME   RECORD YEAR NORMAL DEPARTURE LAST
                VALUE   (LST)  VALUE       VALUE  FROM      YEAR
                                                  NORMAL
..................................................................
TEMPERATURE (F)
 YESTERDAY
  MAXIMUM         91R   209 PM  90    1961  77     14       88
  MINIMUM         63    625 AM  34    1989  53     10       63
                                      1995
  AVERAGE         77                        65     12       76

PRECIPITATION (IN)
  YESTERDAY        0.04          2.20 2000   0.12  -0.08     0.00
  MONTH TO DATE    0.51                      3.24  -2.73     1.29
  SINCE SEP 1      0.51                      3.24  -2.73     1.29
  SINCE JAN 1     42.70                     33.31   9.39    33.41

DEGREE DAYS
 HEATING
  YESTERDAY        0                         3     -3        0
  MONTH TO DATE    5                        18    -13        0
  SINCE SEP 1      5                        18    -13        0
  SINCE JUL 1      6                        19    -13        0

 COOLING
  YESTERDAY       12                         3      9       11
  MONTH TO DATE  176                       143     33      215
  SINCE SEP 1    176                       143     33      215
  SINCE JAN 1   1277                      1315    -38     1504
..................................................................


WIND (MPH)
  HIGHEST WIND SPEED    16   HIGHEST WIND DIRECTION    SW (230)
  HIGHEST GUST SPEED    24   HIGHEST GUST DIRECTION    SW (220)
  AVERAGE WIND SPEED     4.2


SKY COVER
  AVERAGE SKY COVER 0.2


WEATHER CONDITIONS
 THE FOLLOWING WEATHER WAS RECORDED YESTERDAY.
  THUNDERSTORM
  LIGHT RAIN
  FOG


RELATIVE HUMIDITY (PERCENT)
 HIGHEST    93           100 AM
 LOWEST     41           100 PM
 AVERAGE    67

..........................................................


THE WEST PLAINS MO CLIMATE NORMALS FOR TODAY
                         NORMAL    RECORD    YEAR
 MAXIMUM TEMPERATURE (F)   77        90      1954
 MINIMUM TEMPERATURE (F)   53        34      1950


SUNRISE AND SUNSET
SEPTEMBER 25 2017.....SUNRISE   658 AM CDT   SUNSET   700 PM CDT
SEPTEMBER 26 2017.....SUNRISE   659 AM CDT   SUNSET   658 PM CDT


-  INDICATES NEGATIVE NUMBERS.
R  INDICATES RECORD WAS SET OR TIED.
MM INDICATES DATA IS MISSING.
T  INDICATES TRACE AMOUNT.




$$
