000
CDUS43 KSGF 010626
CLIUNO


CLIMATE REPORT
NATIONAL WEATHER SERVICE SPRINGFIELD MO
126 AM CDT MON SEP 1 2014


...................................

...THE WEST PLAINS MO CLIMATE SUMMARY FOR AUGUST 31 2014...

CLIMATE NORMAL PERIOD 1981 TO 2010
CLIMATE RECORD PERIOD 1947 TO 2014


WEATHER ITEM   OBSERVED TIME   RECORD YEAR NORMAL DEPARTURE LAST
                VALUE   (LST)  VALUE       VALUE  FROM      YEAR
                                                  NORMAL
..................................................................
TEMPERATURE (F)
 YESTERDAY
  MAXIMUM         90    346 PM 104    2000  87      3       95
  MINIMUM         67    529 AM  50    2009  63      4       74
                                      1988
  AVERAGE         79                        75      4       85

PRECIPITATION (IN)
  YESTERDAY        0.00          2.12 2012   0.12  -0.12     0.00
  MONTH TO DATE    2.78                      3.23  -0.45    10.62
  SINCE JUN 1      9.64                     10.80  -1.16    20.41
  SINCE JAN 1     21.62                     30.07  -8.45    42.23

DEGREE DAYS
 HEATING
  YESTERDAY        0                         0      0        0
  MONTH TO DATE    0                         0      0        4
  SINCE JUN 1      4                         6     -2       13
  SINCE JUL 1      2                         1      1        4

 COOLING
  YESTERDAY       14                        10      4       20
  MONTH TO DATE  406                       379     27      308
  SINCE JUN 1    905                      1050   -145      730
  SINCE JAN 1   1055                      1172   -117      842
..................................................................


WIND (MPH)
  HIGHEST WIND SPEED    16   HIGHEST WIND DIRECTION     S (180)
  HIGHEST GUST SPEED    24   HIGHEST GUST DIRECTION     S (180)
  AVERAGE WIND SPEED     7.0


SKY COVER
  AVERAGE SKY COVER 0.4


WEATHER CONDITIONS
 THE FOLLOWING WEATHER WAS RECORDED YESTERDAY.
  FOG
  FOG W/VISIBILITY <= 1/4 MILE


RELATIVE HUMIDITY (PERCENT)
 HIGHEST   100           700 AM
 LOWEST     44           400 PM
 AVERAGE    72

..........................................................


THE WEST PLAINS MO CLIMATE NORMALS FOR TODAY
                         NORMAL    RECORD    YEAR
 MAXIMUM TEMPERATURE (F)   86       101      2000
 MINIMUM TEMPERATURE (F)   63        42      1949


SUNRISE AND SUNSET
SEPTEMBER  1 2014.....SUNRISE   639 AM CDT   SUNSET   736 PM CDT
SEPTEMBER  2 2014.....SUNRISE   639 AM CDT   SUNSET   734 PM CDT


-  INDICATES NEGATIVE NUMBERS.
R  INDICATES RECORD WAS SET OR TIED.
MM INDICATES DATA IS MISSING.
T  INDICATES TRACE AMOUNT.




$$
