574
CDUS43 KSGF 220655
CLIUNO


CLIMATE REPORT
NATIONAL WEATHER SERVICE SPRINGFIELD MO
154 AM CDT WED MAR 22 2017


...................................

...THE WEST PLAINS MO CLIMATE SUMMARY FOR MARCH 21 2017...

CLIMATE NORMAL PERIOD 1981 TO 2010
CLIMATE RECORD PERIOD 1947 TO 2017


WEATHER ITEM   OBSERVED TIME   RECORD YEAR NORMAL DEPARTURE LAST
                VALUE   (LST)  VALUE       VALUE  FROM      YEAR
                                                  NORMAL
..................................................................
TEMPERATURE (F)
 YESTERDAY
  MAXIMUM         68   1200 AM  79    2011  62      6       58
                                      1966
  MINIMUM         48   1159 PM  15    1960  37     11       25
                                      1965
  AVERAGE         58                        49      9       42

PRECIPITATION (IN)
  YESTERDAY        0.62          2.10 2012   0.13   0.49     0.00
  MONTH TO DATE    3.18                      2.73   0.45     2.38
  SINCE MAR 1      3.18                      2.73   0.45     2.38
  SINCE JAN 1      7.81                      8.29  -0.48     5.02

DEGREE DAYS
 HEATING
  YESTERDAY        7                        16     -9       23
  MONTH TO DATE  362                       407    -45      278
  SINCE MAR 1    362                       407    -45      278
  SINCE JUL 1   3011                      3871   -860     3111

 COOLING
  YESTERDAY        0                         0      0        0
  MONTH TO DATE    4                         0      4        4
  SINCE MAR 1      4                         0      4        4
  SINCE JAN 1      5                         0      5        4
..................................................................


WIND (MPH)
  HIGHEST WIND SPEED    23   HIGHEST WIND DIRECTION    NE (50)
  HIGHEST GUST SPEED    30   HIGHEST GUST DIRECTION    NE (50)
  AVERAGE WIND SPEED    10.3


SKY COVER
  AVERAGE SKY COVER 0.5


WEATHER CONDITIONS
 THE FOLLOWING WEATHER WAS RECORDED YESTERDAY.
  THUNDERSTORM
  HEAVY RAIN
  RAIN
  LIGHT RAIN
  FOG
  HAZE


RELATIVE HUMIDITY (PERCENT)
 HIGHEST    83           100 PM
 LOWEST     63          1200 AM
 AVERAGE    73

..........................................................


THE WEST PLAINS MO CLIMATE NORMALS FOR TODAY
                         NORMAL    RECORD    YEAR
 MAXIMUM TEMPERATURE (F)   62        85      1997
 MINIMUM TEMPERATURE (F)   38        17      1994


SUNRISE AND SUNSET
MARCH 22 2017.........SUNRISE   708 AM CDT   SUNSET   722 PM CDT
MARCH 23 2017.........SUNRISE   706 AM CDT   SUNSET   722 PM CDT


-  INDICATES NEGATIVE NUMBERS.
R  INDICATES RECORD WAS SET OR TIED.
MM INDICATES DATA IS MISSING.
T  INDICATES TRACE AMOUNT.




$$
