000
CDUS43 KSGF 240637
CLIUNO


CLIMATE REPORT
NATIONAL WEATHER SERVICE SPRINGFIELD MO
1237 AM CST TUE FEB 24 2015


...................................

...THE WEST PLAINS MO CLIMATE SUMMARY FOR FEBRUARY 23 2015...

CLIMATE NORMAL PERIOD 1981 TO 2010
CLIMATE RECORD PERIOD 1947 TO 2015


WEATHER ITEM   OBSERVED TIME   RECORD YEAR NORMAL DEPARTURE LAST
                VALUE   (LST)  VALUE       VALUE  FROM      YEAR
                                                  NORMAL
..................................................................
TEMPERATURE (F)
 YESTERDAY
  MAXIMUM         21    950 PM  82    1982  52    -31       50
  MINIMUM         12    817 AM   6    1989  28    -16       29
  AVERAGE         17                        40    -23       40

PRECIPITATION (IN)
  YESTERDAY        0.00          2.06 1985   0.11  -0.11     0.00
  MONTH TO DATE    2.36                      2.33   0.03     0.25
  SINCE DEC 1      7.35                      8.69  -1.34     4.16
  SINCE JAN 1      4.38                      5.05  -0.67     1.85

DEGREE DAYS
 HEATING
  YESTERDAY       48                        25     23       25
  MONTH TO DATE  811                       640    171      767
  SINCE DEC 1   2581                      2492     89     2715
  SINCE JUL 1   3593                      3344    249     3627

 COOLING
  YESTERDAY        0                         0      0        0
  MONTH TO DATE    0                         0      0        0
  SINCE DEC 1      0                         0      0        0
  SINCE JAN 1      0                         0      0        0
..................................................................


WIND (MPH)
  HIGHEST WIND SPEED    18   HIGHEST WIND DIRECTION     N (20)
  HIGHEST GUST SPEED    23   HIGHEST GUST DIRECTION     N (10)
  AVERAGE WIND SPEED     8.1


SKY COVER
  AVERAGE SKY COVER 0.8


WEATHER CONDITIONS
 THE FOLLOWING WEATHER WAS RECORDED YESTERDAY.
  NO SIGNIFICANT WEATHER WAS OBSERVED.


RELATIVE HUMIDITY (PERCENT)
 HIGHEST    64           600 AM
 LOWEST     43          1200 PM
 AVERAGE    54

..........................................................


THE WEST PLAINS MO CLIMATE NORMALS FOR TODAY
                         NORMAL    RECORD    YEAR
 MAXIMUM TEMPERATURE (F)   52        82      1996
 MINIMUM TEMPERATURE (F)   29        10      1964
                                             1989


SUNRISE AND SUNSET
FEBRUARY 24 2015......SUNRISE   645 AM CST   SUNSET   557 PM CST
FEBRUARY 25 2015......SUNRISE   644 AM CST   SUNSET   558 PM CST


-  INDICATES NEGATIVE NUMBERS.
R  INDICATES RECORD WAS SET OR TIED.
MM INDICATES DATA IS MISSING.
T  INDICATES TRACE AMOUNT.




$$
