000
CDUS43 KSGF 242225
CLIUNO


CLIMATE REPORT
NATIONAL WEATHER SERVICE SPRINGFIELD MO
525 PM CDT FRI OCT 24 2014


...................................

...THE WEST PLAINS MO CLIMATE SUMMARY FOR OCTOBER 24 2014...
VALID TODAY AS OF 0500 PM LOCAL TIME.

CLIMATE NORMAL PERIOD 1981 TO 2010
CLIMATE RECORD PERIOD 1947 TO 2014


WEATHER ITEM   OBSERVED TIME   RECORD YEAR NORMAL DEPARTURE LAST
                VALUE   (LST)  VALUE       VALUE  FROM      YEAR
                                                  NORMAL
..................................................................
TEMPERATURE (F)
 TODAY
  MAXIMUM         73    330 PM  84    1985  67      6       53
  MINIMUM         43    555 AM  21    1981  43      0       33
  AVERAGE         58                        55      3       43

PRECIPITATION (IN)
  TODAY            0.00          0.72 2001   0.14  -0.14     0.00
  MONTH TO DATE    7.08                      3.06   4.02     1.82
  SINCE SEP 1      9.28                      7.15   2.13     3.47
  SINCE JAN 1     30.90                     37.22  -6.32    45.70

DEGREE DAYS
 HEATING
  TODAY            7                        11     -4       22
  MONTH TO DATE  165                       181    -16      172
  SINCE SEP 1    209                       222    -13      188
  SINCE JUL 1    211                       223    -12      192

 COOLING
  TODAY            0                         0      0        0
  MONTH TO DATE   24                        20      4       34
  SINCE SEP 1    164                       176    -12      230
  SINCE JAN 1   1219                      1348   -129     1072
..................................................................


WIND (MPH)
  HIGHEST WIND SPEED     9   HIGHEST WIND DIRECTION    SW (220)
  HIGHEST GUST SPEED    12   HIGHEST GUST DIRECTION    SW (210)


SKY COVER
  AVERAGE SKY COVER 0.4


WEATHER CONDITIONS
 THE FOLLOWING WEATHER WAS RECORDED TODAY.
  FOG


RELATIVE HUMIDITY (PERCENT)
 HIGHEST   100           600 AM
 LOWEST     61           100 PM
 AVERAGE    81

..........................................................


THE WEST PLAINS MO CLIMATE NORMALS FOR TOMORROW
                         NORMAL    RECORD    YEAR
 MAXIMUM TEMPERATURE (F)   67        83      1952
 MINIMUM TEMPERATURE (F)   43        26      2013
                                             1965


SUNRISE AND SUNSET
OCTOBER 24 2014.......SUNRISE   724 AM CDT   SUNSET   619 PM CDT
OCTOBER 25 2014.......SUNRISE   725 AM CDT   SUNSET   618 PM CDT


-  INDICATES NEGATIVE NUMBERS.
R  INDICATES RECORD WAS SET OR TIED.
MM INDICATES DATA IS MISSING.
T  INDICATES TRACE AMOUNT.




$$
